{"id":11667,"date":"2015-03-25T03:31:15","date_gmt":"2015-03-25T03:31:15","guid":{"rendered":"http:\/\/billio.detheme.com\/?page_id=11667"},"modified":"2023-03-06T02:46:45","modified_gmt":"2023-03-06T02:46:45","slug":"gioi-thieu-2","status":"publish","type":"page","link":"https:\/\/demo8.thuythu.com\/anhnguyencontrols\/gioi-thieu-2\/","title":{"rendered":"Gi\u1edbi thi\u1ec7u"},"content":{"rendered":"<p><section id=\"ab_sec_1\" class=\"kc-elm kc-css-368490 kc_row\"><div class=\"kc-row-container  kc-container\"><div class=\"kc-wrap-columns\"><div class=\"kc-elm kc-css-520784 kc_col-sm-12 kc_column kc_col-sm-12\"><div class=\"kc-col-container\">\n<div class=\"kc-elm kc-css-559407 kc-title-wrap \">\n\n\t<h2 class=\"kc_title\">V\u1ec1 ch\u00fang t\u00f4i<\/h2>\n<\/div>\n<\/div><\/div><\/div><\/div><\/section><section class=\"kc-elm kc-css-132785 kc_row\"><div class=\"kc-row-container  kc-container\"><div class=\"kc-wrap-columns\"><div class=\"kc-elm kc-css-928267 kc_col-sm-6 kc_column kc_col-sm-6\"><div class=\"kc-col-container\"><div class=\"kc-elm kc-css-794684 kc_shortcode kc_single_image\">\n\n        <img src=\"https:\/\/demo8.thuythu.com\/anhnguyencontrols\/wp-content\/uploads\/2021\/07\/Construction-Team.jpeg\" class=\"\" alt=\"\" \/>    <\/div>\n<div class=\"kc-elm kc-css-420765 kc_text_block\"><\/p>\n<p><strong>Tri\u1ebft l\u00fd kinh doanh<\/strong><\/p>\n<p>Creative lu\u00f4n t\u1ef1 h\u00e0o trong vi\u1ec7c cung c\u1ea5p nh\u1eefng gi\u1ea3i ph\u00e1p ph\u00f9 h\u1ee3p cho t\u00f2a nh\u00e0 c\u1ee7a m\u1ecdi \u0111\u1ed1i t\u01b0\u1ee3ng kh\u00e1ch h\u00e0ng. Ch\u00fang t\u00f4i kh\u00f4ng ch\u1ec9 l\u00e0 nh\u00e0 cung c\u1ea5p gi\u1ea3i ph\u00e1p v\u00e0 t\u00edch h\u1ee3p h\u1ec7 th\u1ed1ng m\u00e0 c\u00f2n l\u00e0m vi\u1ec7c r\u1ea5t t\u1eadn t\u00e2m \u0111\u1ec3 tr\u1edf th\u00e0nh m\u1ed9t \u0111\u1ed1i t\u00e1c kinh doanh mang l\u1ea1i gi\u00e1 tr\u1ecb cho kh\u00e1ch h\u00e0ng. M\u1ed1i quan t\u00e2m c\u1ee7a ch\u00fang t\u00f4i l\u00e0 hi\u1ec3u nhu c\u1ea7u c\u1ee5 th\u1ec3 c\u1ee7a kh\u00e1ch h\u00e0ng, cung c\u1ea5p c\u00e1c gi\u1ea3i ph\u00e1p chuy\u00ean bi\u1ec7t ph\u00f9 h\u1ee3p cho t\u1eebng d\u1ef1 \u00e1n v\u00e0 x\u00e2y d\u1ef1ng m\u1ed1i quan h\u1ec7 l\u00e2u d\u00e0i d\u1ef1a tr\u00ean n\u1ec1n t\u1ea3ng s\u1ea3n ph\u1ea9m v\u00e0 d\u1ecbch v\u1ee5 t\u1ed1t nh\u1ea5t c\u0169ng nh\u01b0 s\u1ef1 tin t\u01b0\u1edfng l\u1eabn nhau.<\/p>\n<p>Tri\u1ebft l\u00fd n\u00e0y \u0111\u00e3 t\u1ea1o ra m\u1ed9t nguy\u00ean t\u1eafc l\u00e0m vi\u1ec7c \u0111\u01a1n gi\u1ea3n m\u00e0 ch\u00fang t\u00f4i \u0111\u00e3 v\u00e0 \u0111ang s\u1eed d\u1ee5ng: \u201cPh\u1ea3i l\u00e0m \u0111\u00fang\u201d<br \/>\u201cPh\u1ea3i l\u00e0m \u0111\u00fang\u201d, c\u00f3 ngh\u0129a l\u00e0:<br \/>Ch\u00fang t\u00f4i kh\u00f4ng bao gi\u1edd th\u1ecfa hi\u1ec7p v\u1edbi vi\u1ec7c l\u00e0m sai tr\u00e1i<br \/>Ch\u00fang t\u00f4i lu\u00f4n t\u00ecm ki\u1ebfm m\u1ed9t k\u1ebft qu\u1ea3 t\u1ed1t nh\u1ea5t trong t\u1ea5t c\u1ea3 c\u00e1c d\u1ef1 \u00e1n c\u1ee7a m\u00ecnh<br \/>M\u1ed1i quan h\u1ec7 l\u00e2u d\u00e0i c\u1ee7a ch\u00fang t\u00f4i v\u1edbi kh\u00e1ch h\u00e0ng l\u00e0 tr\u1ecdng t\u00e2m ch\u00ednh c\u1ee7a ch\u00fang t\u00f4i<br \/>Ch\u00fang t\u00f4i lu\u00f4n t\u00ecm ki\u1ebfm c\u01a1 h\u1ed9i \u0111\u1ec3 \u0111\u1ed5i m\u1edbi v\u00e0 cung c\u1ea5p c\u00e1c gi\u1ea3i ph\u00e1p t\u1ed1t h\u01a1n cho kh\u00e1ch h\u00e0ng<br \/>Ch\u00fang t\u00f4i hi\u1ec3u r\u1eb1ng v\u1edbi t\u01b0 c\u00e1ch l\u00e0 nh\u00e0 cung c\u1ea5p gi\u1ea3i ph\u00e1p v\u00e0 d\u1ecbch v\u1ee5, th\u00e0nh c\u00f4ng c\u1ee7a kh\u00e1ch h\u00e0ng ch\u00ednh l\u00e0 th\u00e0nh c\u00f4ng c\u1ee7a ch\u00fang t\u00f4i<\/p>\n<p>\n<\/div><\/div><\/div><div class=\"kc-elm kc-css-852362 kc_col-sm-6 kc_column kc_col-sm-6\"><div class=\"kc-col-container\"><div class=\"kc-elm kc-css-482835 kc_row kc_row_inner\"><div class=\"kc-elm kc-css-811452 kc_col-sm-6 kc_column_inner kc_col-sm-6\"><div class=\"kc_wrapper kc-col-inner-container\">\n<div class=\"kc-elm kc-css-188696 kc-title-wrap \">\n\n\t<h4 class=\"kc_title\">T\u1ea7m Nh\u00ecn\r\n<\/h4>\n<\/div>\n<div class=\"kc-elm kc-css-262249 kc_text_block\"><\/p>\n<p>L\u00e0 nh\u00e0 cung c\u1ea5p gi\u1ea3i ph\u00e1p t\u1ef1 \u0111\u1ed9ng h\u00f3a d\u1eabn \u0111\u1ea7u t\u1ea1i Vi\u1ec7t Nam. K\u1ebft n\u1ed1i con ng\u01b0\u1eddi v\u1edbi c\u00e1c t\u00f2a nh\u00e0 th\u00f4ng minh th\u00f4ng qua c\u00f4ng ngh\u1ec7 hi\u1ec7n \u0111\u1ea1i v\u00e0 d\u1ecbch v\u1ee5 ch\u1ea5t l\u01b0\u1ee3ng cao. H\u1ee3p t\u00e1c v\u1edbi kh\u00e1ch h\u00e0ng \u0111\u1ec3 cung c\u1ea5p c\u00e1c gi\u1ea3i ph\u00e1p s\u00e1ng t\u1ea1o c\u00f3 th\u1ec3 mang l\u1ea1i cho con ng\u01b0\u1eddi s\u1ee9c kh\u1ecfe t\u1ed1t h\u01a1n, kh\u00f4ng gian s\u1ed1ng v\u00e0 l\u00e0m vi\u1ec7c t\u1ed1t h\u01a1n, an to\u00e0n h\u01a1n v\u00e0 hi\u1ec7u qu\u1ea3 h\u01a1n.<\/p>\n<p>\n<\/div><\/div><\/div><div class=\"kc-elm kc-css-862464 kc_col-sm-6 kc_column_inner kc_col-sm-6\"><div class=\"kc_wrapper kc-col-inner-container\">\n<div class=\"kc-elm kc-css-956591 kc-title-wrap \">\n\n\t<h4 class=\"kc_title\">S\u1ee9 M\u1ec7nh<\/h4>\n<\/div>\n<div class=\"kc-elm kc-css-930540 kc_text_block\"><\/p>\n<p>Ph\u00e1t tri\u1ec3n c\u00e1c m\u1ed1i quan h\u1ec7 b\u1ec1n v\u1eefng, l\u00e2u d\u00e0i gi\u1eefa kh\u00e1ch h\u00e0ng v\u00e0 nh\u00e2n vi\u00ean c\u1ee7a ch\u00fang t\u00f4i b\u1eb1ng c\u00e1ch cung c\u1ea5p c\u00e1c s\u1ea3n ph\u1ea9m v\u00e0 d\u1ecbch v\u1ee5 ch\u1ea5t l\u01b0\u1ee3ng c\u00f9ng \u0111\u1ed9i ng\u0169 c\u00e1n b\u1ed9 k\u1ef9 thu\u1eadt c\u00f3 tr\u00ecnh \u0111\u1ed9 chuy\u00ean m\u00f4n cao v\u00e0 chuy\u00ean nghi\u1ec7p.<\/p>\n<p>\n<\/div><\/div><\/div><\/div><div class=\"kc-elm kc-css-976229 kc_row kc_row_inner\"><div class=\"kc-elm kc-css-247814 kc_col-sm-6 kc_column_inner kc_col-sm-6\"><div class=\"kc_wrapper kc-col-inner-container\">\n<div class=\"kc-elm kc-css-599445 kc-title-wrap \">\n\n\t<h4 class=\"kc_title\">Gi\u00e1 Tr\u1ecb<\/h4>\n<\/div>\n<div class=\"kc-elm kc-css-993241 kc_text_block\"><\/p>\n<p>Ch\u1ea5t l\u01b0\u1ee3ng, trung th\u1ef1c, ch\u00ednh tr\u1ef1c v\u00e0 chuy\u00ean nghi\u1ec7p trong m\u1ecdi vi\u1ec7c ch\u00fang t\u00f4i l\u00e0m<br \/>Tr\u00e0n \u0111\u1ea7y nhi\u1ec7t quy\u1ebft cho s\u1ef1 th\u00e0nh c\u00f4ng c\u1ee7a kh\u00e1ch h\u00e0ng v\u00e0 nh\u00e2n vi\u00ean c\u1ee7a ch\u00fang t\u00f4i<br \/>C\u1edfi m\u1edf, t\u00edch c\u1ef1c l\u1eafng nghe c\u00e1c \u00fd ki\u1ebfn \u0111\u00f3ng g\u00f3p v\u00e0 c\u00f3 nh\u1eefng \u0111i\u1ec1u ch\u1ec9nh ph\u00f9 h\u1ee3p<br \/>T\u00ednh b\u1ec1n v\u1eefng th\u00f4ng qua \u0111\u1ed5i m\u1edbi v\u00e0 s\u1ef1 nhanh nh\u1eb9n<\/p>\n<p>\n<\/div><\/div><\/div><div class=\"kc-elm kc-css-529727 kc_col-sm-6 kc_column_inner kc_col-sm-6\"><div class=\"kc_wrapper kc-col-inner-container\">\n<div class=\"kc-elm kc-css-998296 kc-title-wrap \">\n\n\t<h4 class=\"kc_title\">Ph\u00e1t Tri\u1ec3n<\/h4>\n<\/div>\n<div class=\"kc-elm kc-css-616855 kc_text_block\"><\/p>\n<p>Ch\u00fang t\u00f4i r\u1ea5t vinh d\u1ef1 \u0111\u01b0\u1ee3c l\u00e0 \u0111\u1ed1i t\u00e1c c\u1ee7a Qu\u00fd kh\u00e1ch h\u00e0ng v\u00e0 hy v\u1ecdng r\u1eb1ng ch\u00fang ta c\u00f3 nhi\u1ec1u c\u01a1 h\u1ed9i \u0111\u1ec3 h\u1ee3p t\u00e1c v\u00e0 c\u00f9ng ph\u00e1t tri\u1ec3n.<\/p>\n<p>\n<\/div><\/div><\/div><\/div><\/div><\/div><\/div><\/div><\/section><section class=\"kc-elm kc-css-88671 kc_row\"><div class=\"kc-row-container  kc-container\"><div class=\"kc-wrap-columns\"><div class=\"kc-elm kc-css-416090 kc_col-sm-12 kc_column kc_col-sm-12\"><div class=\"kc-col-container\"><div class=\"kc-elm kc-css-262587 kc_row kc_row_inner\"><div class=\"kc-elm kc-css-482209 kc_col-sm-4 kc_column_inner kc_col-sm-4\"><div class=\"kc_wrapper kc-col-inner-container\">\n<div class=\"kc-elm kc-css-799942 divider_line\">\n\t<div class=\"divider_inner divider_line1\">\n\t\t\t<\/div>\n<\/div>\n<\/div><\/div><div class=\"kc-elm kc-css-481458 kc_col-sm-4 kc_column_inner kc_col-sm-4\"><div class=\"kc_wrapper kc-col-inner-container\">\n<div class=\"kc-elm kc-css-342279 divider_line\">\n\t<div class=\"divider_inner divider_line1\">\n\t\t\t<\/div>\n<\/div>\n<\/div><\/div><div class=\"kc-elm kc-css-110889 kc_col-sm-4 kc_column_inner kc_col-sm-4\"><div class=\"kc_wrapper kc-col-inner-container\">\n<div class=\"kc-elm kc-css-633741 divider_line\">\n\t<div class=\"divider_inner divider_line1\">\n\t\t\t<\/div>\n<\/div>\n<\/div><\/div><\/div><\/div><\/div><\/div><\/div><\/section><section class=\"kc-elm kc-css-93754 kc_row\"><div class=\"kc-row-container  kc-container\"><div class=\"kc-wrap-columns\"><div class=\"kc-elm kc-css-393600 kc_col-sm-12 kc_column kc_col-sm-12\"><div class=\"kc-col-container\">\n<div class=\"kc-elm kc-css-237221 kc-title-wrap \">\n\n\t<h2 class=\"kc_title\">L\u1ecbch s\u1eed h\u00ecnh th\u00e0nh<\/h2>\n<\/div>\n<div class=\"kc-elm kc-css-666509 kc_row kc_row_inner\"><div class=\"kc-elm kc-css-972073 kc_col-sm-5 kc_column_inner kc_col-sm-5\"><div class=\"kc_wrapper kc-col-inner-container\"><div class=\"kc-elm kc-css-6989 kc_text_block\"><\/p>\n<p>\u0110\u01b0\u1ee3c th\u00e0nh l\u1eadp t\u1eeb th\u00e1ng 1 n\u0103m 2006 t\u1ea1i th\u00e0nh ph\u1ed1 H\u1ed3 Ch\u00ed Minh b\u1edfi nh\u00f3m c\u00e1c k\u1ef9 s\u01b0 c\u00f3 nhi\u1ec1u n\u0103m kinh nghi\u1ec7m th\u1ef1c thi nh\u1eefng d\u1ef1 \u00e1n t\u1ef1 \u0111\u1ed9ng h\u00f3a t\u00f2a nh\u00e0 \u0111\u01b0\u1ee3c l\u1eafp \u0111\u1eb7t \u0111\u1ea7u ti\u00ean t\u1ea1i Vi\u1ec7t Nam t\u1eeb nh\u1eefng n\u0103m 90 c\u1ee7a th\u1ebf k\u1ef7 tr\u01b0\u1edbc. \u00a0\u00a0\u00a0<\/p>\n<p>\n<\/div><\/div><\/div><div class=\"kc-elm kc-css-622235 kc_col-sm-1 kc_column_inner kc_col-sm-1\"><div class=\"kc_wrapper kc-col-inner-container\"><\/div><\/div><div class=\"kc-elm kc-css-831836 kc_col-sm-5 kc_column_inner kc_col-sm-5\"><div class=\"kc_wrapper kc-col-inner-container\"><div class=\"kc-elm kc-css-116895 kc_text_block\"><\/p>\n<p>Nh\u1eefng d\u1ef1 \u00e1n m\u00e0 ch\u00fang t\u00f4i th\u1ef1c hi\u1ec7n bao g\u1ed3m c\u00e1c cao \u1ed1c v\u0103n ph\u00f2ng, nh\u00e0 m\u00e1y \u0111\u1ebfn c\u00e1c khu ph\u1ee9c h\u1ee3p, c\u0103n h\u1ed9, kh\u00e1ch s\u1ea1n, khu ngh\u1ec9 d\u01b0\u1ee1ng cao c\u1ea5p, b\u1ec7nh vi\u1ec7n, nh\u00e0 ga h\u00e0nh kh\u00e1ch s\u00e2n bay v\u00e0 t\u00e0u \u0111i\u1ec7n.<\/p>\n<p>\n<\/div><\/div><\/div><\/div><div class=\"kc-elm kc-css-137879\" style=\"height: 48px; clear: both; width:100%;\"><\/div><\/div><\/div><\/div><\/div><\/section><section class=\"kc-elm kc-css-358078 kc_row\"><div class=\"kc-row-container  kc-container\"><div class=\"kc-wrap-columns\"><div class=\"kc-elm kc-css-542997 kc_col-sm-3 kc_column kc_col-sm-3\"><div class=\"kc-col-container\">\n<div class=\"kc-elm kc-css-255122 kc-animate-speed-1s kc_counter_box\">\n\t\t<span class=\"counterup\">781<\/span>\n\t<h4>D\u1ef1 \u00e1n th\u00e0nh c\u00f4ng<\/h4><\/div>\n<div class=\"kc-elm kc-css-557660 kc_text_block\"><\/p>\n<p style=\"text-align: center;\"><em>V\u01b0\u1ee3t tr\u00ean c\u1ea3 s\u1ef1 mong \u0111\u1ee3i ng\u00e0y c\u00e0ng gia t\u0103ng c\u1ee7a kh\u00e1ch h\u00e0ng<\/em><\/p>\n<p>\n<\/div><\/div><\/div><div class=\"kc-elm kc-css-488156 kc_col-sm-1 kc_column kc_col-sm-1\"><div class=\"kc-col-container\"><\/div><\/div><div class=\"kc-elm kc-css-19671 kc_col-sm-3 kc_column kc_col-sm-3\"><div class=\"kc-col-container\">\n<div class=\"kc-elm kc-css-918050 kc-animate-speed-1s kc_counter_box\">\n\t\t<span class=\"counterup\">86<\/span>\n\t<h4>\u0110\u1ed1i t\u00e1c - Kh\u00e1ch h\u00e0ng<\/h4><\/div>\n<div class=\"kc-elm kc-css-766420 kc_text_block\"><\/p>\n<p style=\"text-align: center;\"><em>Ch\u00fang t\u00f4i r\u1ea5t vinh d\u1ef1 \u0111\u01b0\u1ee3c l\u00e0 \u0111\u1ed1i t\u00e1c c\u1ee7a Qu\u00fd kh\u00e1ch h\u00e0ng<\/em><\/p>\n<p>\n<\/div><\/div><\/div><div class=\"kc-elm kc-css-61490 kc_col-sm-1 kc_column kc_col-sm-1\"><div class=\"kc-col-container\"><\/div><\/div><div class=\"kc-elm kc-css-634149 kc_col-sm-3 kc_column kc_col-sm-3\"><div class=\"kc-col-container\">\n<div class=\"kc-elm kc-css-273021 kc-animate-speed-1s kc_counter_box\">\n\t\t<span class=\"counterup\">10<\/span>\n\t<h4>Gi\u1ea3i th\u01b0\u1edfng<\/h4><\/div>\n<div class=\"kc-elm kc-css-822461 kc_text_block\"><\/p>\n<p class=\"p1\" style=\"text-align: center;\"><em>\u0110\u1ea1t \u0111\u01b0\u1ee3c nh\u1eefng th\u00e0nh t\u1ef1u, gi\u1ea3i th\u01b0\u1edfng trong l\u0129nh v\u1ef1c<\/em><\/p>\n<p>\n<\/div><\/div><\/div><\/div><\/div><\/section><section class=\"kc-elm kc-css-490570 kc_row\"><div class=\"kc-row-container  kc-container\"><div class=\"kc-wrap-columns\"><div class=\"kc-elm kc-css-315978 kc_col-sm-12 kc_column kc_col-sm-12\"><div class=\"kc-col-container\"><div class=\"kc-elm kc-css-26375 kc_row kc_row_inner\"><div class=\"kc-elm kc-css-375082 kc_col-sm-4 kc_column_inner kc_col-sm-4\"><div class=\"kc_wrapper kc-col-inner-container\">\n<div class=\"kc-elm kc-css-998820 divider_line\">\n\t<div class=\"divider_inner divider_line1\">\n\t\t\t<\/div>\n<\/div>\n<\/div><\/div><div class=\"kc-elm kc-css-556218 kc_col-sm-4 kc_column_inner kc_col-sm-4\"><div class=\"kc_wrapper kc-col-inner-container\">\n<div class=\"kc-elm kc-css-470217 divider_line\">\n\t<div class=\"divider_inner divider_line1\">\n\t\t\t<\/div>\n<\/div>\n<\/div><\/div><div class=\"kc-elm kc-css-348026 kc_col-sm-4 kc_column_inner kc_col-sm-4\"><div class=\"kc_wrapper kc-col-inner-container\">\n<div class=\"kc-elm kc-css-207589 divider_line\">\n\t<div class=\"divider_inner divider_line1\">\n\t\t\t<\/div>\n<\/div>\n<\/div><\/div><\/div><\/div><\/div><\/div><\/div><\/section><section class=\"kc-elm kc-css-821570 kc_row\"><div class=\"kc-row-container  kc-container\"><div class=\"kc-wrap-columns\"><div class=\"kc-elm kc-css-386448 kc_col-sm-12 kc_column kc_col-sm-12\"><div class=\"kc-col-container\">\n<div class=\"kc-elm kc-css-942867 kc-title-wrap \">\n\n\t<h2 class=\"kc_title\">\u0110\u1ed9i ng\u0169<\/h2>\n<\/div>\n<div class=\"kc-elm kc-css-267283 kc_text_block\"><\/p>\n<p>Ch\u00fang t\u00f4i lu\u00f4n coi tr\u1ecdng vi\u1ec7c \u0111\u1ea7u t\u01b0, ph\u00e1t tri\u1ec3n c\u00f4ng ngh\u1ec7 v\u00e0 ngu\u1ed3n nh\u00e2n l\u1ef1c, t\u1ea1o m\u00f4i tr\u01b0\u1eddng l\u00e0m vi\u1ec7c n\u0103ng \u0111\u1ed9ng, chuy\u00ean nghi\u1ec7p v\u1edbi \u0111\u1ed9i ng\u0169 c\u00e1n b\u1ed9 k\u1ef9 thu\u1eadt c\u00f3 tr\u00ecnh \u0111\u1ed9 chuy\u00ean m\u00f4n cao \u0111\u01b0\u1ee3c \u0111\u00e0o t\u1ea1o b\u00e0i b\u1ea3n v\u00e0 \u0111\u01b0\u1ee3c c\u1eadp nh\u1eadt ki\u1ebfn th\u1ee9c th\u01b0\u1eddng xuy\u00ean t\u1eeb ch\u00fang t\u00f4i c\u0169ng nh\u01b0 t\u1eeb t\u1eadp \u0111o\u00e0n Creative<\/p>\n<p>\n<\/div><div class=\"kc-elm kc-css-473369 kc_row kc_row_inner\"><div class=\"kc-elm kc-css-350666 kc_col-sm-4 kc_column_inner kc_col-sm-4\"><div class=\"kc_wrapper kc-col-inner-container\">\n<div class=\"kc-elm kc-css-412840 kc-team kc-team-1\">\n\n\t<figure class=\"content-image\"><img src=\"https:\/\/demo8.thuythu.com\/anhnguyencontrols\/wp-content\/uploads\/2021\/07\/Profile-team01-2.jpeg\" alt=\"\"><\/figure><div class=\"content-title\">Long Minh<\/div><div class=\"content-subtitle\">CEO\/Founder<\/div><div class=\"content-desc\">Ch\u00fang t\u00f4i lu\u00f4n coi tr\u1ecdng vi\u1ec7c \u0111\u1ea7u t\u01b0, ph\u00e1t tri\u1ec3n c\u00f4ng ngh\u1ec7 v\u00e0 ngu\u1ed3n nh\u00e2n l\u1ef1c.<\/div><div class=\"content-socials\"><a href=\"#\" target=\"_blank\"><i class=\"fab-facebook-f\"><\/i><\/a><a href=\"#\" target=\"_blank\"><i class=\"fab-twitter\"><\/i><\/a><a href=\"#\" target=\"_blank\"><i class=\"fab-google-plus-g\"><\/i><\/a><\/div>\n<\/div>\n<\/div><\/div><div class=\"kc-elm kc-css-987259 kc_col-sm-4 kc_column_inner kc_col-sm-4\"><div class=\"kc_wrapper kc-col-inner-container\">\n<div class=\"kc-elm kc-css-450945 kc-team kc-team-1\">\n\n\t<figure class=\"content-image\"><img src=\"https:\/\/demo8.thuythu.com\/anhnguyencontrols\/wp-content\/uploads\/2021\/07\/Profile-team03-2.jpeg\" alt=\"\"><\/figure><div class=\"content-title\">V\u00e2n Nguy\u1ec5n<\/div><div class=\"content-subtitle\">Manager<\/div><div class=\"content-desc\">Ch\u00fang t\u00f4i lu\u00f4n coi tr\u1ecdng vi\u1ec7c \u0111\u1ea7u t\u01b0, ph\u00e1t tri\u1ec3n c\u00f4ng ngh\u1ec7 v\u00e0 ngu\u1ed3n nh\u00e2n l\u1ef1c.<\/div><div class=\"content-socials\"><a href=\"#\" target=\"_blank\"><i class=\"fab-facebook-f\"><\/i><\/a><a href=\"#\" target=\"_blank\"><i class=\"fab-twitter\"><\/i><\/a><a href=\"#\" target=\"_blank\"><i class=\"fab-google-plus-g\"><\/i><\/a><\/div>\n<\/div>\n<\/div><\/div><div class=\"kc-elm kc-css-344245 kc_col-sm-4 kc_column_inner kc_col-sm-4\"><div class=\"kc_wrapper kc-col-inner-container\">\n<div class=\"kc-elm kc-css-228968 kc-team kc-team-1\">\n\n\t<figure class=\"content-image\"><img src=\"https:\/\/demo8.thuythu.com\/anhnguyencontrols\/wp-content\/uploads\/2021\/07\/Profile-team04-2.jpeg\" alt=\"\"><\/figure><div class=\"content-title\">Tr\u1ea7n Anh<\/div><div class=\"content-subtitle\">K\u1ef9 s\u01b0<\/div><div class=\"content-desc\">Ch\u00fang t\u00f4i lu\u00f4n coi tr\u1ecdng vi\u1ec7c \u0111\u1ea7u t\u01b0, ph\u00e1t tri\u1ec3n c\u00f4ng ngh\u1ec7 v\u00e0 ngu\u1ed3n nh\u00e2n l\u1ef1c.<\/div><div class=\"content-socials\"><a href=\"#\" target=\"_blank\"><i class=\"fab-facebook-f\"><\/i><\/a><a href=\"#\" target=\"_blank\"><i class=\"fab-twitter\"><\/i><\/a><a href=\"#\" target=\"_blank\"><i class=\"fab-google-plus-g\"><\/i><\/a><\/div>\n<\/div>\n<\/div><\/div><\/div><\/div><\/div><\/div><\/div><\/section><section id=\"show_desktop\" class=\"kc-elm kc-css-166102 kc_row\"><div class=\"kc-row-container  kc-container\"><div class=\"kc-wrap-columns\"><div class=\"kc-elm kc-css-375392 kc_col-sm-12 kc_column kc_col-sm-12\"><div class=\"kc-col-container\">\n<div class=\"kc-elm kc-css-864108 kc-title-wrap \">\n\n\t<h1 class=\"kc_title\">Ch\u1ee9ng nh\u1eadn<\/h1>\n<\/div>\n<div data-open-on-mouseover=\"\" data-tab-active=\"1\" data-effect-option=\"\" class=\"kc-elm kc-css-295682 kc_tabs group certificate-title kc_vertical_tabs\">\n\t<div class=\"kc_wrapper ui-tabs kc_clearfix\">\n\t\t<ul class=\" ui-tabs-nav kc_clearfix\">\n\t\t\t<li> <a href=\"#\" style=\"margin-bottom:6px;\">Ch\u1ee9ng nh\u1eadn \u0111\u1ea1i l\u00fd<\/a><\/li><li> <a href=\"#\" style=\"margin-bottom:6px;\">Ch\u1ee9ng ch\u1ec9 t\u1eadp hu\u1ea5n<\/a><\/li>\t\t<\/ul>\n\t\t<div id=\"chung-nhan-dai-ly\" class=\"kc-elm kc-css-409928 kc_tab ui-tabs-panel kc_ui-tabs-hide kc_clearfix \"><div class=\"kc_tab_content\">\n<div class=\"kc-elm kc-css-747258 kc-title-wrap \">\n\n\t<h3 class=\"kc_title\">Ch\u1ee9ng nh\u1eadn \u0111\u1ea1i l\u00fd<\/h3>\n<\/div>\n<div class=\"kc-elm kc-css-870153 kc_shortcode kc_single_image\">\n\n        <img src=\"https:\/\/demo8.thuythu.com\/anhnguyencontrols\/wp-content\/uploads\/2023\/03\/Picture1nnnn-1.png\" class=\"\" alt=\"\" \/>    <\/div>\n<div class=\"kc-elm kc-css-707817 kc_shortcode kc_single_image\">\n\n        <img src=\"https:\/\/demo8.thuythu.com\/anhnguyencontrols\/wp-content\/uploads\/2023\/03\/Picture1nnnn-1.png\" class=\"\" alt=\"\" \/>    <\/div>\n<\/div><\/div><div id=\"chung-chi-tap-huan\" class=\"kc-elm kc-css-507645 kc_tab ui-tabs-panel kc_ui-tabs-hide kc_clearfix \"><div class=\"kc_tab_content\">\n<div class=\"kc-elm kc-css-769215 kc-title-wrap \">\n\n\t<h3 class=\"kc_title\">Ch\u1ee9ng ch\u1ec9 t\u1eadp hu\u1ea5n<\/h3>\n<\/div>\n<div class=\"kc-elm kc-css-388735 kc_shortcode kc_single_image\">\n\n        <img src=\"https:\/\/demo8.thuythu.com\/anhnguyencontrols\/wp-content\/uploads\/2023\/03\/Picture435345341.png\" class=\"\" alt=\"\" \/>    <\/div>\n<div class=\"kc-elm kc-css-57430 kc_shortcode kc_single_image\">\n\n        <img src=\"https:\/\/demo8.thuythu.com\/anhnguyencontrols\/wp-content\/uploads\/2023\/03\/Picture435345341.png\" class=\"\" alt=\"\" \/>    <\/div>\n<div class=\"kc-elm kc-css-508758 kc_shortcode kc_single_image\">\n\n        <img src=\"https:\/\/demo8.thuythu.com\/anhnguyencontrols\/wp-content\/uploads\/2023\/03\/Picture435345341.png\" class=\"\" alt=\"\" \/>    <\/div>\n<div class=\"kc-elm kc-css-76389 kc_shortcode kc_single_image\">\n\n        <img src=\"https:\/\/demo8.thuythu.com\/anhnguyencontrols\/wp-content\/uploads\/2023\/03\/Picture435345341.png\" class=\"\" alt=\"\" \/>    <\/div>\n<div class=\"kc-elm kc-css-90862 kc_shortcode kc_single_image\">\n\n        <img src=\"https:\/\/demo8.thuythu.com\/anhnguyencontrols\/wp-content\/uploads\/2023\/03\/Picture435345341.png\" class=\"\" alt=\"\" \/>    <\/div>\n<\/div><\/div>\t<\/div>\n<\/div>\n\n\n<\/div><\/div><\/div><\/div><\/section><section class=\"kc-elm kc-css-501404 kc_row\"><div class=\"kc-row-container  kc-container\"><div class=\"kc-wrap-columns\"><div class=\"kc-elm kc-css-535858 kc_col-sm-12 kc_column kc_col-sm-12\"><div class=\"kc-col-container\"><div class=\"kc-elm kc-css-231923 kc_row kc_row_inner\"><div class=\"kc-elm kc-css-549009 kc_col-sm-4 kc_column_inner kc_col-sm-4\"><div class=\"kc_wrapper kc-col-inner-container\">\n<div class=\"kc-elm kc-css-643909 divider_line\">\n\t<div class=\"divider_inner divider_line1\">\n\t\t\t<\/div>\n<\/div>\n<\/div><\/div><div class=\"kc-elm kc-css-103710 kc_col-sm-4 kc_column_inner kc_col-sm-4\"><div class=\"kc_wrapper kc-col-inner-container\">\n<div class=\"kc-elm kc-css-909711 divider_line\">\n\t<div class=\"divider_inner divider_line1\">\n\t\t\t<\/div>\n<\/div>\n<\/div><\/div><div class=\"kc-elm kc-css-225007 kc_col-sm-4 kc_column_inner kc_col-sm-4\"><div class=\"kc_wrapper kc-col-inner-container\">\n<div class=\"kc-elm kc-css-647068 divider_line\">\n\t<div class=\"divider_inner divider_line1\">\n\t\t\t<\/div>\n<\/div>\n<\/div><\/div><\/div><\/div><\/div><\/div><\/div><\/section><section id=\"show_desktop\" class=\"kc-elm kc-css-192067 kc_row\"><div class=\"kc-row-container  kc-container\"><div class=\"kc-wrap-columns\"><div class=\"kc-elm kc-css-982868 kc_col-sm-12 kc_column kc_col-sm-12\"><div class=\"kc-col-container\">\n<div class=\"kc-elm kc-css-737064 kc-title-wrap \">\n\n\t<h1 class=\"kc_title\">\u0110\u1ed1i t\u00e1c c\u1ee7a ch\u00fang t\u00f4i<\/h1>\n<\/div>\n<div data-open-on-mouseover=\"\" data-tab-active=\"1\" data-effect-option=\"\" class=\"kc-elm kc-css-254938 kc_tabs group certificate-title kc_vertical_tabs\">\n\t<div class=\"kc_wrapper ui-tabs kc_clearfix\">\n\t\t<ul class=\" ui-tabs-nav kc_clearfix\">\n\t\t\t<li> <a href=\"#\" style=\"margin-bottom:6px;\">C\u00e1c \u0111\u1ed1i t\u00e1c<\/a><\/li>\t\t<\/ul>\n\t\t<div id=\"cac-doi-tac\" class=\"kc-elm kc-css-91357 kc_tab ui-tabs-panel kc_ui-tabs-hide kc_clearfix \"><div class=\"kc_tab_content\"><div class=\"kc-elm kc-css-386498 kc_shortcode kc_single_image\">\n\n        <img src=\"https:\/\/demo8.thuythu.com\/anhnguyencontrols\/wp-content\/uploads\/2021\/07\/A\u0309nh-chu\u0323p-Ma\u0300n-hi\u0300nh-2021-07-12-lu\u0301c-01.15.15.png\" class=\"\" alt=\"\" \/>    <\/div>\n<\/div><\/div>\t<\/div>\n<\/div>\n\n\n<\/div><\/div><\/div><\/div><\/section><section class=\"kc-elm kc-css-38494 kc_row\"><div class=\"kc-row-container  kc-container\"><div class=\"kc-wrap-columns\"><div class=\"kc-elm kc-css-470491 kc_col-sm-12 kc_column kc_col-sm-12\"><div class=\"kc-col-container\"><\/div><\/div><\/div><\/div><\/section><\/p>\n","protected":false},"excerpt":{"rendered":"","protected":false},"author":1,"featured_media":0,"parent":0,"menu_order":0,"comment_status":"closed","ping_status":"closed","template":"","meta":[],"lang":"vi","translations":{"vi":11667,"en":15858},"pll_sync_post":[],"_links":{"self":[{"href":"https:\/\/demo8.thuythu.com\/anhnguyencontrols\/wp-json\/wp\/v2\/pages\/11667"}],"collection":[{"href":"https:\/\/demo8.thuythu.com\/anhnguyencontrols\/wp-json\/wp\/v2\/pages"}],"about":[{"href":"https:\/\/demo8.thuythu.com\/anhnguyencontrols\/wp-json\/wp\/v2\/types\/page"}],"author":[{"embeddable":true,"href":"https:\/\/demo8.thuythu.com\/anhnguyencontrols\/wp-json\/wp\/v2\/users\/1"}],"replies":[{"embeddable":true,"href":"https:\/\/demo8.thuythu.com\/anhnguyencontrols\/wp-json\/wp\/v2\/comments?post=11667"}],"version-history":[{"count":40,"href":"https:\/\/demo8.thuythu.com\/anhnguyencontrols\/wp-json\/wp\/v2\/pages\/11667\/revisions"}],"predecessor-version":[{"id":16696,"href":"https:\/\/demo8.thuythu.com\/anhnguyencontrols\/wp-json\/wp\/v2\/pages\/11667\/revisions\/16696"}],"wp:attachment":[{"href":"https:\/\/demo8.thuythu.com\/anhnguyencontrols\/wp-json\/wp\/v2\/media?parent=11667"}],"curies":[{"name":"wp","href":"https:\/\/api.w.org\/{rel}","templated":true}]}}