{"id":16419,"date":"2015-03-26T05:50:12","date_gmt":"2015-03-26T05:50:12","guid":{"rendered":"https:\/\/demo8.thuythu.com\/anhnguyencontrols\/?page_id=16419"},"modified":"2023-02-23T18:22:50","modified_gmt":"2023-02-23T18:22:50","slug":"lien-he","status":"publish","type":"page","link":"https:\/\/demo8.thuythu.com\/anhnguyencontrols\/lien-he\/","title":{"rendered":"Li\u00ean h\u1ec7"},"content":{"rendered":"<p><section id=\"contact_sec_1\" class=\"kc-elm kc-css-532334 kc_row\"><div class=\"kc-row-container  kc-container\"><div class=\"kc-wrap-columns\"><div class=\"kc-elm kc-css-718496 kc_col-sm-12 kc_column kc_col-sm-12\"><div class=\"kc-col-container\"><div class=\"kc-elm kc-css-26205 kc_row kc_row_inner\"><div class=\"kc-elm kc-css-718373 kc_col-sm-12 kc_column_inner kc_col-sm-12\"><div class=\"kc_wrapper kc-col-inner-container\">\n<div class=\"kc-elm kc-css-488636 kc-title-wrap \">\n\n\t<h3 class=\"kc_title\">C\u00f4ng ty TNHH TM-DV-KT Creative <\/h3>\n<\/div>\n<div class=\"kc-elm kc-css-511152 kc-feature-boxes kc-fb-layout-3\">\n\n\t<div class=\"content-icon\"><i class=\"sl-home\"><\/i><\/div><div class=\"box-right\"><div class=\"content-desc\">\u0110\u01b0\u1eddng L\u00ea L\u1ee3i, ph\u01b0\u1eddng B\u1ebfn Th\u00e0nh, Qu\u1eadn 1, Th\u00e0nh ph\u1ed1 H\u1ed3 Ch\u00ed Minh, Vi\u1ec7t Nam<\/div><\/div>\n<\/div>\n<div class=\"kc-elm kc-css-86498 kc-feature-boxes kc-fb-layout-3\">\n\n\t<div class=\"content-icon\"><i class=\"sl-phone\"><\/i><\/div><div class=\"box-right\"><div class=\"content-desc\">Tel: (84-28) 1234567<\/div><\/div>\n<\/div>\n<div class=\"kc-elm kc-css-284073 kc-feature-boxes kc-fb-layout-3\">\n\n\t<div class=\"content-icon\"><i class=\"sl-printer\"><\/i><\/div><div class=\"box-right\"><div class=\"content-desc\">Fax: (84-28) 12345678<\/div><\/div>\n<\/div>\n<div class=\"kc-elm kc-css-508404 kc-feature-boxes kc-fb-layout-3\">\n\n\t<div class=\"content-icon\"><i class=\"sl-envelope-open\"><\/i><\/div><div class=\"box-right\"><div class=\"content-desc\">info@anhnguyencontrols.com<\/div><\/div>\n<\/div>\n<\/div><\/div><\/div><\/div><\/div><\/div><\/div><\/section><section class=\"kc-elm kc-css-645191 kc_row\"><div class=\"kc-row-container  kc-container\"><div class=\"kc-wrap-columns\"><div class=\"kc-elm kc-css-706487 kc_col-sm-12 kc_column kc_col-sm-12\"><div class=\"kc-col-container\"><div class=\"kc-elm kc-css-553173 kc_row kc_row_inner\"><div class=\"kc-elm kc-css-296985 kc_col-sm-4 kc_column_inner kc_col-sm-4\"><div class=\"kc_wrapper kc-col-inner-container\">\n<div class=\"kc-elm kc-css-376117 kc-title-wrap \">\n\n\t<h3 class=\"kc_title\">Li\u00ean h\u1ec7 v\u1edbi ch\u00fang t\u00f4i<\/h3>\n<\/div>\n<div class=\"kc-elm kc-css-886140 kc_shortcode kc_single_image\">\n\n        <img src=\"https:\/\/demo8.thuythu.com\/anhnguyencontrols\/wp-content\/uploads\/2019\/08\/contact-icon-comment-11-2-4-128x92xc.png\" class=\"\" alt=\"\" \/>    <\/div>\n<div class=\"kc-elm kc-css-428425 kc_text_block\"><\/p>\n<p>\n<span style=\"font-size: 0.9em; color: #ffffff;\">Ch\u00fang t\u00f4i r\u1ea5t vinh d\u1ef1 \u0111\u01b0\u1ee3c l\u00e0 \u0111\u1ed1i t\u00e1c c\u1ee7a Qu\u00fd kh\u00e1ch h\u00e0ng v\u00e0 hy v\u1ecdng r\u1eb1ng ch\u00fang ta c\u00f3 nhi\u1ec1u c\u01a1 h\u1ed9i \u0111\u1ec3 h\u1ee3p t\u00e1c v\u00e0 c\u00f9ng ph\u00e1t tri\u1ec3n.<\/span><\/p>\n<p>\n<\/div><\/div><\/div><div class=\"kc-elm kc-css-781641 kc_col-sm-8 kc_column_inner kc_col-sm-8\"><div class=\"kc_wrapper kc-col-inner-container\"><div class=\"kc-contact-form7 kc-elm kc-css-308127\"><div role=\"form\" class=\"wpcf7\" id=\"wpcf7-f14176-o1\" lang=\"en-US\" dir=\"ltr\">\n<div class=\"screen-reader-response\"><p role=\"status\" aria-live=\"polite\" aria-atomic=\"true\"><\/p> <ul><\/ul><\/div>\n<form action=\"\/anhnguyencontrols\/wp-json\/wp\/v2\/pages\/16419#wpcf7-f14176-o1\" method=\"post\" class=\"wpcf7-form init\" novalidate=\"novalidate\" data-status=\"init\">\n<div style=\"display: none;\">\n<input type=\"hidden\" name=\"_wpcf7\" value=\"14176\" \/>\n<input type=\"hidden\" name=\"_wpcf7_version\" value=\"5.4.1\" \/>\n<input type=\"hidden\" name=\"_wpcf7_locale\" value=\"en_US\" \/>\n<input type=\"hidden\" name=\"_wpcf7_unit_tag\" value=\"wpcf7-f14176-o1\" \/>\n<input type=\"hidden\" name=\"_wpcf7_container_post\" value=\"0\" \/>\n<input type=\"hidden\" name=\"_wpcf7_posted_data_hash\" value=\"\" \/>\n<\/div>\n<div class=\"row form-djv-contact\">\n<div class=\"col-sm-6\" style=\"padding: 6px;\">\n\t\t<span class=\"wpcf7-form-control-wrap your-name\"><input type=\"text\" name=\"your-name\" value=\"\" size=\"40\" class=\"wpcf7-form-control wpcf7-text wpcf7-validates-as-required\" aria-required=\"true\" aria-invalid=\"false\" placeholder=\"Name\" \/><\/span>\n\t<\/div>\n<div class=\"col-sm-6\" style=\"padding: 6px;\">\n\t\t<span class=\"wpcf7-form-control-wrap your-email\"><input type=\"email\" name=\"your-email\" value=\"\" size=\"40\" class=\"wpcf7-form-control wpcf7-text wpcf7-email wpcf7-validates-as-required wpcf7-validates-as-email\" aria-required=\"true\" aria-invalid=\"false\" placeholder=\"Email\" \/><\/span>\n\t<\/div>\n<div class=\"col-sm-12\" style=\"padding: 6px;\">\n\t\t<span class=\"wpcf7-form-control-wrap your-subject\"><input type=\"text\" name=\"your-subject\" value=\"\" size=\"40\" class=\"wpcf7-form-control wpcf7-text\" aria-invalid=\"false\" placeholder=\"subject(optional)\" \/><\/span>\n\t<\/div>\n<div class=\"col-sm-12\" style=\"padding: 6px;\">\n\t\t<span class=\"wpcf7-form-control-wrap classheightless\"><textarea name=\"class:heightless\" cols=\"40\" rows=\"10\" class=\"wpcf7-form-control wpcf7-textarea wpcf7-validates-as-required\" aria-required=\"true\" aria-invalid=\"false\" placeholder=\"How can we help you?\"><\/textarea><\/span>\n\t<\/div>\n<div class=\"col-sm-12\" style=\"padding: 0 6px; text-align: left;\">\n\t\t<input type=\"submit\" value=\"send message\" class=\"wpcf7-form-control wpcf7-submit btn btn-rounded skin-primary\" \/>\n        <\/div>\n<\/div>\n<div class=\"wpcf7-response-output\" aria-hidden=\"true\"><\/div><\/form><\/div><\/div><\/div><\/div><\/div><\/div><\/div><\/div><\/div><\/section><section data-kc-fullwidth=\"content\" class=\"kc-elm kc-css-838829 kc_row\"><div class=\"kc-row-container\"><div class=\"kc-wrap-columns\"><div class=\"kc-elm kc-css-960053 kc_col-sm-12 kc_column kc_col-sm-12\"><div class=\"kc-col-container\"><div class=\"kc-elm kc-css-91674 kc_google_maps kc_shortcode\"><div style=\"height: 550px\" class=\"kc-google-maps\"><iframe src=\"https:\/\/www.google.com\/maps\/embed?pb=!1m18!1m12!1m3!1d3919.2246322867745!2d106.63408631531547!3d10.794100092309577!2m3!1f0!2f0!3f0!3m2!1i1024!2i768!4f13.1!3m3!1m2!1s0x3175295369f7882d%3A0x14ce9cdaf574d063!2sAnh%20Nguy%C3%AAn%20Trading%20%26%20Technical%20Services%20Co.%2CLtd!5e0!3m2!1svi!2s!4v1625767967203!5m2!1svi!2s\" width=\"100%\" height=\"550\" style=\"border:0;\" allowfullscreen=\"\" loading=\"lazy\"><\/iframe><\/div><\/div><\/div><\/div><\/div><\/div><\/section><\/p>\n","protected":false},"excerpt":{"rendered":"","protected":false},"author":2,"featured_media":14844,"parent":0,"menu_order":0,"comment_status":"closed","ping_status":"closed","template":"","meta":[],"lang":"vi","translations":{"en":15859,"vi":16419},"pll_sync_post":[],"_links":{"self":[{"href":"https:\/\/demo8.thuythu.com\/anhnguyencontrols\/wp-json\/wp\/v2\/pages\/16419"}],"collection":[{"href":"https:\/\/demo8.thuythu.com\/anhnguyencontrols\/wp-json\/wp\/v2\/pages"}],"about":[{"href":"https:\/\/demo8.thuythu.com\/anhnguyencontrols\/wp-json\/wp\/v2\/types\/page"}],"author":[{"embeddable":true,"href":"https:\/\/demo8.thuythu.com\/anhnguyencontrols\/wp-json\/wp\/v2\/users\/2"}],"replies":[{"embeddable":true,"href":"https:\/\/demo8.thuythu.com\/anhnguyencontrols\/wp-json\/wp\/v2\/comments?post=16419"}],"version-history":[{"count":3,"href":"https:\/\/demo8.thuythu.com\/anhnguyencontrols\/wp-json\/wp\/v2\/pages\/16419\/revisions"}],"predecessor-version":[{"id":16690,"href":"https:\/\/demo8.thuythu.com\/anhnguyencontrols\/wp-json\/wp\/v2\/pages\/16419\/revisions\/16690"}],"wp:featuredmedia":[{"embeddable":true,"href":"https:\/\/demo8.thuythu.com\/anhnguyencontrols\/wp-json\/wp\/v2\/media\/14844"}],"wp:attachment":[{"href":"https:\/\/demo8.thuythu.com\/anhnguyencontrols\/wp-json\/wp\/v2\/media?parent=16419"}],"curies":[{"name":"wp","href":"https:\/\/api.w.org\/{rel}","templated":true}]}}