{"id":1089,"date":"2020-11-01T11:35:28","date_gmt":"2020-11-01T04:35:28","guid":{"rendered":"https:\/\/demo8.thuythu.com\/annablinds-32\/?post_type=product&#038;p=1089"},"modified":"2022-08-16T10:33:32","modified_gmt":"2022-08-16T03:33:32","slug":"ngan-bon-tam","status":"publish","type":"product","link":"https:\/\/demo8.thuythu.com\/annablinds-32\/san-pham\/ngan-bon-tam\/","title":{"rendered":"Ng\u0103n B\u1ed3n T\u1eafm"},"content":{"rendered":"<h3><strong>M\u00e0n ng\u0103n ph\u00f2ng t\u1eafm xu\u1ea5t x\u1ee9 t\u1eeb \u0110\u00e0i Loan<\/strong><\/h3>\n<p>M\u00e0n ng\u0103n b\u1ed3n t\u1eafm kh\u00f4ng ch\u1ec9 \u0111\u01a1n thu\u1ea7n l\u00e0 s\u1ea3n ph\u1ea9m d\u00f9ng \u0111\u1ec3 ng\u0103n ng\u1eeba n\u01b0\u1edbc t\u1eeb b\u1ed3n t\u1eafm ra b\u00ean ngo\u00e0i m\u00e0 n\u00f3 c\u00f2n mang nhi\u1ec1u \u00fd ngh\u0129a kh\u00e1c. \u0110\u00e2y v\u1eeba l\u00e0 s\u1ea3n ph\u1ea9m gi\u00fap s\u00e0n nh\u00e0 t\u1eafm lu\u00f4n kh\u00f4 r\u00e1o m\u00e0 c\u00f2n l\u00e0 v\u1eadt trang tr\u00ed t\u1ea1o kh\u00f4ng gian m\u1edbi m\u1ebb cho ph\u00f2ng t\u1eafm c\u1ee7a b\u1ea1n<\/p>\n<p>V\u1edbi ch\u1ea5t li\u1ec7u Polyester 100% kh\u00f4ng th\u1ea5m n\u01b0\u1edbc, gi\u00fap c\u1ea3n nhi\u1ec7t, ch\u1ec9nh s\u00e1ng, ti\u1ebft ki\u1ec7m chi ph\u00ed h\u01a1n r\u1ea5t nhi\u1ec1u so v\u1edbi nh\u1eefng v\u00e1ch ng\u0103n kh\u00e1c nh\u01b0 k\u00ednh, t\u01b0\u1eddng,&#8230;<\/p>\n<figure id=\"attachment_1854\" aria-describedby=\"caption-attachment-1854\" style=\"width: 1280px\" class=\"wp-caption alignnone\"><img loading=\"lazy\" class=\"size-full wp-image-1854\" src=\"https:\/\/demo8.thuythu.com\/annablinds-32\/wp-content\/uploads\/2021\/07\/man-ngan-bon-tam-00.jpg\" alt=\"\" width=\"1280\" height=\"800\" srcset=\"https:\/\/demo8.thuythu.com\/annablinds-32\/wp-content\/uploads\/2021\/07\/man-ngan-bon-tam-00.jpg 1280w, https:\/\/demo8.thuythu.com\/annablinds-32\/wp-content\/uploads\/2021\/07\/man-ngan-bon-tam-00-300x188.jpg 300w, https:\/\/demo8.thuythu.com\/annablinds-32\/wp-content\/uploads\/2021\/07\/man-ngan-bon-tam-00-1024x640.jpg 1024w, https:\/\/demo8.thuythu.com\/annablinds-32\/wp-content\/uploads\/2021\/07\/man-ngan-bon-tam-00-768x480.jpg 768w, https:\/\/demo8.thuythu.com\/annablinds-32\/wp-content\/uploads\/2021\/07\/man-ngan-bon-tam-00-370x231.jpg 370w, https:\/\/demo8.thuythu.com\/annablinds-32\/wp-content\/uploads\/2021\/07\/man-ngan-bon-tam-00-760x475.jpg 760w, https:\/\/demo8.thuythu.com\/annablinds-32\/wp-content\/uploads\/2021\/07\/man-ngan-bon-tam-00-600x375.jpg 600w\" sizes=\"(max-width: 1280px) 100vw, 1280px\" \/><figcaption id=\"caption-attachment-1854\" class=\"wp-caption-text\">m\u00e0n ng\u0103n b\u1ed3n t\u1eafm<\/figcaption><\/figure>\n<h3><strong>B\u1ea3ng gi\u00e1 m\u00e0n ng\u0103n b\u1ed3n t\u1eafm<\/strong><\/h3>\n<p><span style=\"color: #ff0000;\"><strong>\u00c1p d\u1ee5ng: 10\/11\/2021<\/strong><\/span><\/p>\n<p><strong>Size: 1.8m &#8211; 1.8m : 250.000<\/strong><\/p>\n<p><strong>Size: 1.8m &#8211; 2.0m : 270.000<\/strong><\/p>\n<p><strong>Size: 2.4m &#8211; 1.8m: 300.000<\/strong><\/p>\n<p>M\u00e0u s\u1eafc: m\u00e0u kem v\u00e0 m\u00e0u tr\u1eafng<\/p>\n<p><span style=\"color: #ff0000;\"><strong>H\u00c3Y \u0110\u1ec2 ANNA L\u00c0M N\u00caN DI\u1ec6N M\u1ea0O NG\u00d4I NH\u00c0 B\u1ea0N.<br \/>\n<\/strong><\/span>M\u00e0n ANNA t\u1ef1 h\u00e0o \u0111\u00e3 l\u00e0m n\u00ean s\u1ef1 hi\u1ec7n \u0111\u1ea1i c\u00e1c c\u00f4ng tr\u00ecnh x\u00e2y d\u1ef1ng, n\u00e9t thanh l\u1ecbch n\u01a1i c\u00f4ng s\u1edf, v\u1ebb \u0111\u1eb9p sang tr\u1ecdng c\u1ee7a nh\u00e0 h\u00e0ng, kh\u00e1ch s\u1ea1n, phong c\u00e1ch \u0111\u1ed9c \u0111\u00e1o cho nh\u1eefng ng\u00f4i bi\u1ec7t th\u1ef1, s\u1ef1 \u1ea5m c\u00fang cho c\u00e1c ng\u00f4i nh\u00e0 v\u00e0 c\u0103n h\u1ed9.<\/p>\n<p style=\"border-top: 1px solid #cdcdcd; padding-top: 10px;\"><strong>C\u00d4NG TY TNHH MTV AN NA KHANG<\/strong><br \/>\nGi\u1edd l\u00e0m vi\u1ec7c: 8h \u0111\u1ebfn 18h T\u1eeb th\u1ee9 2 \u0111\u1ebfn th\u1ee9 7, Ch\u1ee7 nh\u1eadt t\u1eeb 8h \u0111\u1ebfn 12h. Ngh\u1ec9 v\u00e0o c\u00e1c ng\u00e0y l\u1ec5 l\u1edbn.<br \/>\n<a href=\"tel:0819123123\">0819 123 123<\/a> (Ms.Kim T\u01b0 v\u1ea5n \u0111\u1eb7t h\u00e0ng)<br \/>\n<a href=\"tel:\">0814 123 123<\/a> (Mr.H\u1ed3ng T\u01b0 v\u1ea5n k\u1ef9 thu\u1eadt)<\/p>\n","protected":false},"excerpt":{"rendered":"<p>M\u00e0n ng\u0103n ph\u00f2ng t\u1eafm, xu\u1ea5t x\u1ee9 \u0110\u00e0i Loan, ch\u00e2t li\u1ec7u v\u1ea3i Polyester 100%. Ng\u0103n n\u01b0\u1edbc t\u1eeb b\u1ed3n t\u1eafm gi\u00fap ph\u00f2ng t\u1eafm lu\u00f4n kh\u00f4 r\u00e1o.<\/p>\n","protected":false},"featured_media":1854,"comment_status":"open","ping_status":"closed","template":"","meta":[],"product_cat":[62,66],"product_tag":[],"_links":{"self":[{"href":"https:\/\/demo8.thuythu.com\/annablinds-32\/wp-json\/wp\/v2\/product\/1089"}],"collection":[{"href":"https:\/\/demo8.thuythu.com\/annablinds-32\/wp-json\/wp\/v2\/product"}],"about":[{"href":"https:\/\/demo8.thuythu.com\/annablinds-32\/wp-json\/wp\/v2\/types\/product"}],"replies":[{"embeddable":true,"href":"https:\/\/demo8.thuythu.com\/annablinds-32\/wp-json\/wp\/v2\/comments?post=1089"}],"wp:featuredmedia":[{"embeddable":true,"href":"https:\/\/demo8.thuythu.com\/annablinds-32\/wp-json\/wp\/v2\/media\/1854"}],"wp:attachment":[{"href":"https:\/\/demo8.thuythu.com\/annablinds-32\/wp-json\/wp\/v2\/media?parent=1089"}],"wp:term":[{"taxonomy":"product_cat","embeddable":true,"href":"https:\/\/demo8.thuythu.com\/annablinds-32\/wp-json\/wp\/v2\/product_cat?post=1089"},{"taxonomy":"product_tag","embeddable":true,"href":"https:\/\/demo8.thuythu.com\/annablinds-32\/wp-json\/wp\/v2\/product_tag?post=1089"}],"curies":[{"name":"wp","href":"https:\/\/api.w.org\/{rel}","templated":true}]}}