{"id":238,"date":"2017-07-12T13:58:21","date_gmt":"2017-07-12T06:58:21","guid":{"rendered":"https:\/\/demo8.thuythu.com\/annablinds-32\/?post_type=product&#038;p=238"},"modified":"2022-03-31T10:49:36","modified_gmt":"2022-03-31T03:49:36","slug":"man-in-tranh","status":"publish","type":"product","link":"https:\/\/demo8.thuythu.com\/annablinds-32\/san-pham\/man-in-tranh\/","title":{"rendered":"M\u00e0n in tranh"},"content":{"rendered":"<div>\n<h3><strong>M\u00e0n in tranh<\/strong><\/h3>\n<p>M\u00e0n, r\u00e8m in tranh l\u00e0 s\u1ea3n ph\u1ea9m ti\u1ec7n l\u1ee3i cho m\u1ee5c \u0111\u00edch che ch\u1eafn v\u00e0 qu\u1ea3ng c\u00e1o.<\/p>\n<p>M\u00e0n in ANNA mang t\u00ednh s\u00e1ng t\u1ea1o, sang tr\u1ecdng, h\u00ecnh \u1ea3nh s\u1eafc n\u00e9t, qu\u00fd kh\u00e1ch c\u00f3 th\u1ec3 d\u00f9ng qu\u1ea3ng c\u00e1o s\u1ea3n ph\u1ea9m kinh doanh ho\u1eb7c th\u1ec3 hi\u1ec7n h\u00ecnh \u1ea3nh c\u1ee7a ch\u00ednh m\u00ecnh, ng\u01b0\u1eddi th\u00e2n, phong c\u1ea3nh theo \u00fd mu\u1ed1n.<\/p>\n<p>M\u00e0n s\u00e1o d\u1ecdc, m\u00e0n cu\u1ed1n l\u00e0 2 lo\u1ea1i m\u00e0n d\u00f9ng \u0111\u1ec3 l\u00e0m m\u00e0n in, ti\u1ec7n l\u1ee3i cho m\u1ecdi n\u1ed9i th\u1ea5t. Qu\u00fd kh\u00e1ch ch\u1ec9 c\u1ea7n cung c\u1ea5p m\u1eabu h\u00ecnh \u1ea3nh ho\u1eb7c y\u00eau c\u1ea7u chuy\u00ean vi\u00ean thi\u1ebft k\u1ebf c\u1ee7a ANNA t\u1ea1o h\u00ecnh \u1ea3nh ph\u00f9 h\u1ee3p, s\u00e1ng t\u1ea1o.<\/p>\n<h3><strong>B\u1ea3ng gi\u00e1 m\u00e0n in tranh<\/strong><\/h3>\n<p><span style=\"color: #ff0000;\"><strong>\u00c1p d\u1ee5ng: 10.11.2021<\/strong><\/span><\/p>\n<\/div>\n<table border=\"0\" width=\"100%\" cellspacing=\"0\" cellpadding=\"0\">\n<tbody>\n<tr>\n<td style=\"background-color: #ed1c24; color: #ffffff; padding: 10px;\">M\u00e3 h\u00e0ng<\/td>\n<td style=\"background-color: #ed1c24; color: #ffffff; padding: 10px;\">Gi\u00e1<\/td>\n<td style=\"background-color: #ed1c24; color: #ffffff; padding: 10px;\">Kh\u1ed5<\/td>\n<td style=\"background-color: #ed1c24; color: #ffffff; padding: 10px;\">\u0110\u1eb7c \u0111i\u1ec3m<\/td>\n<\/tr>\n<tr>\n<td style=\"background-color: #ffffff; padding: 10px;\">M\u00c0N CU\u1ed0N IN THEO CATALOGUE<br \/>\nch\u1eafn s\u00e1ng<\/td>\n<td style=\"background-color: #ffffff; padding: 10px;\">520.000 \u0111\/m<sup>2<\/sup><br \/>\n(Bao g\u1ed3m c\u00f4ng in)<\/td>\n<td style=\"background-color: #ffffff; padding: 10px;\">280 cm<\/td>\n<td style=\"background-color: #ffffff; padding: 10px;\">V\u1ea3i ch\u1eafn s\u00e1ng 100%<br \/>\nAB83-3<\/td>\n<\/tr>\n<tr>\n<td style=\"background-color: #f6f6f6; padding: 10px;\">M\u00c0N CU\u1ed0N IN THEO CATALOGUE<br \/>\nch\u1eafn s\u00e1ng<\/td>\n<td style=\"background-color: #f6f6f6; padding: 10px;\">550.000 \u0111\/m<sup>2<\/sup><br \/>\n(Bao g\u1ed3m c\u00f4ng in)<\/td>\n<td style=\"background-color: #f6f6f6; padding: 10px;\">230 cm<\/td>\n<td style=\"background-color: #f6f6f6; padding: 10px;\">V\u1ea3i ch\u1eafn s\u00e1ng 100%<br \/>\nAB84-1<\/td>\n<\/tr>\n<tr>\n<td style=\"background-color: #ffffff; padding: 10px;\">M\u00c0N CU\u1ed0N IN THEO CATALOGUE<br \/>\nl\u01b0\u1edbi nh\u1eb9<\/td>\n<td style=\"background-color: #ffffff; padding: 10px;\">570.000 \u0111\/m<sup>2<\/sup><br \/>\n(Bao g\u1ed3m c\u00f4ng in)<\/td>\n<td style=\"background-color: #ffffff; padding: 10px;\">280 cm<\/td>\n<td style=\"background-color: #ffffff; padding: 10px;\">V\u1ea3i l\u01b0\u1edbi ch\u1eafn s\u00e1ng 85%<br \/>\nAR40-1<\/td>\n<\/tr>\n<tr>\n<td style=\"background-color: #f6f6f6; padding: 10px;\">M\u00c0N D\u1eccC IN THEO CATALOGUE<\/td>\n<td style=\"background-color: #f6f6f6; padding: 10px;\">630.000 \u0111\/m<sup>2<\/sup><br \/>\n(Bao g\u1ed3m c\u00f4ng in)<\/td>\n<td style=\"background-color: #f6f6f6; padding: 10px;\"><\/td>\n<td style=\"background-color: #f6f6f6; padding: 10px;\">V\u1ea3i ch\u1eafn s\u00e1ng 100%<br \/>\nAB83-3<\/td>\n<\/tr>\n<tr>\n<td style=\"background-color: #ffffff; padding: 10px;\">M\u00c0N CU\u1ed0N IN TRANH C\u00d3 S\u1eb2N<br \/>\nM\u1eaaU GALAXY )<\/td>\n<td style=\"background-color: #ffffff; padding: 10px;\">470.000 \u0111\/m ngang<\/td>\n<td style=\"background-color: #ffffff; padding: 10px;\"><\/td>\n<td style=\"background-color: #ffffff; padding: 10px;\">Chi\u1ec1u cao t\u1ed1i \u0111a 2.20m,<br \/>\nngang t\u1ed1i \u0111a 3.5m<\/td>\n<\/tr>\n<tr>\n<td style=\"background-color: #f6f6f6; padding: 10px;\">M\u00c0N CU\u1ed0N IN TRANH THEO FILE<br \/>\nC\u1ea6N CH\u1ec8NH S\u1eecA<\/td>\n<td style=\"background-color: #f6f6f6; padding: 10px;\" colspan=\"3\">B\u00e1o gi\u00e1 theo m\u1eabu<\/td>\n<\/tr>\n<\/tbody>\n<\/table>\n<table style=\"width: 100%; height: 200px;\" border=\"0\" width=\"100%\" cellspacing=\"0\" cellpadding=\"0\">\n<tbody>\n<tr style=\"height: 25px;\">\n<td style=\"background-color: #ed1c24; color: #ffffff; padding: 10px; height: 25px; width: 36.2825%;\">H\u1ec7 \u0111i\u1ec1u khi\u1ec3n t\u1ef1 \u0111\u1ed9ng<\/td>\n<td style=\"background-color: #ed1c24; color: #ffffff; padding: 10px; height: 25px; width: 18.513%;\">Gi\u00e1<\/td>\n<td style=\"background-color: #ed1c24; color: #ffffff; padding: 10px; height: 25px; width: 16.9517%;\">Xu\u1ea5t x\u1ee9<\/td>\n<td style=\"background-color: #ed1c24; color: #ffffff; padding: 10px; height: 25px; width: 28.1784%;\">\u0110\u1eb7c \u0111i\u1ec3m<\/td>\n<\/tr>\n<tr style=\"height: 150px;\">\n<td style=\"background-color: #ffffff; padding: 10px; height: 150px; width: 36.2825%;\">Motor m\u00e0n cu\u1ed1n Raex TD400<\/td>\n<td style=\"background-color: #ffffff; padding: 10px; height: 150px; width: 18.513%;\">2.600.000\/b\u1ed9<\/td>\n<td style=\"background-color: #ffffff; padding: 10px; height: 150px; width: 16.9517%;\">Trung Qu\u1ed1c<\/td>\n<td style=\"background-color: #ffffff; padding: 10px; height: 150px; width: 28.1784%;\">Voltage : 220-240VAC<br \/>\nFrequency : 50\/60Hz<br \/>\nPower : 20W<br \/>\nTorque : 3Nm<br \/>\nSpeed: 22\/26rpm<br \/>\nNoise : &lt;42dB<\/td>\n<\/tr>\n<tr style=\"height: 25px;\">\n<td style=\"background-color: #f6f6f6; padding: 10px; height: 25px; width: 36.2825%;\">Remote Raex 2 k\u00eanh<\/td>\n<td style=\"background-color: #f6f6f6; padding: 10px; height: 25px; width: 18.513%;\">400.000\/c\u00e1i<\/td>\n<td style=\"background-color: #f6f6f6; padding: 10px; height: 25px; width: 16.9517%;\">Trung Qu\u1ed1c<\/td>\n<td style=\"background-color: #f6f6f6; padding: 10px; height: 25px; width: 28.1784%;\"><\/td>\n<\/tr>\n<\/tbody>\n<\/table>\n<p>&nbsp;<\/p>\n<div>\n<ul>\n<li>Gi\u00e1 b\u00e1n tr\u00ean ch\u01b0a bao g\u1ed3m VAT 10%.<\/li>\n<li>Tr\u00ean 10 b\u1ed9 mi\u1ec5n ph\u00ed l\u1eafp \u0111\u1eb7t trong ph\u1ea1m vi Tp H\u1ed3 Ch\u00ed Minh .<\/li>\n<li>Di\u1ec7n t\u00edch d\u01b0\u1edbi 1m\u00b2 t\u00ednh tr\u00f2n 1m\u00b2, chi\u1ec1u cao d\u01b0\u1edbi 1m t\u00ednh tr\u00f2n 1m.<\/li>\n<li>S\u1ea3n ph\u1ea9m m\u00e0n c\u1ee7a ANNA \u0111\u01b0\u1ee3c b\u1ea3o h\u00e0nh 1 n\u0103m.<\/li>\n<\/ul>\n<\/div>\n<p><span style=\"color: #ff0000;\"><strong>H\u00c3Y \u0110\u1ec2 ANNA L\u00c0M N\u00caN DI\u1ec6N M\u1ea0O NG\u00d4I NH\u00c0 B\u1ea0N.<br \/>\n<\/strong><\/span>M\u00e0n ANNA t\u1ef1 h\u00e0o \u0111\u00e3 l\u00e0m n\u00ean s\u1ef1 hi\u1ec7n \u0111\u1ea1i c\u00e1c c\u00f4ng tr\u00ecnh x\u00e2y d\u1ef1ng, n\u00e9t thanh l\u1ecbch n\u01a1i c\u00f4ng s\u1edf, v\u1ebb \u0111\u1eb9p sang tr\u1ecdng c\u1ee7a nh\u00e0 h\u00e0ng, kh\u00e1ch s\u1ea1n, phong c\u00e1ch \u0111\u1ed9c \u0111\u00e1o cho nh\u1eefng ng\u00f4i bi\u1ec7t th\u1ef1, s\u1ef1 \u1ea5m c\u00fang cho c\u00e1c ng\u00f4i nh\u00e0 v\u00e0 c\u0103n h\u1ed9.<\/p>\n<p style=\"border-top: 1px solid #cdcdcd; padding-top: 10px;\"><strong>C\u00d4NG TY TNHH MTV AN NA KHANG<\/strong><br \/>\nGi\u1edd l\u00e0m vi\u1ec7c: 8h \u0111\u1ebfn 18h T\u1eeb th\u1ee9 2 \u0111\u1ebfn th\u1ee9 7, Ch\u1ee7 nh\u1eadt t\u1eeb 8h \u0111\u1ebfn 12h. Ngh\u1ec9 v\u00e0o c\u00e1c ng\u00e0y l\u1ec5 l\u1edbn.<br \/>\n<a href=\"tel:0819123123\">0819 123 123<\/a> (Ms.Kim T\u01b0 v\u1ea5n \u0111\u1eb7t h\u00e0ng)<br \/>\n<a href=\"tel:\">0814 123 123<\/a> (Mr.H\u1ed3ng T\u01b0 v\u1ea5n k\u1ef9 thu\u1eadt)<\/p>\n","protected":false},"excerpt":{"rendered":"<p><strong>M\u00e0n cu\u1ed1n in tranh\u00a0<\/strong>(M\u00e0n Cu\u1ed1n Tranh Phong C\u1ea3nh)\u00a0l\u00e0 s\u1ea3n ph\u1ea9m ti\u1ec7n l\u1ee3i nh\u1ea5t cho m\u1ecdi m\u1ee5c \u0111\u00edch s\u1eed d\u1ee5ng, m\u1ecdi l\u1ee9a tu\u1ed5i v\u00e0 t\u1ea1o c\u1ea3m gi\u00e1c tho\u1ea3i m\u00e1i th\u01b0 gi\u1ea3n v\u00e0 h\u1ea1nh ph\u00fac cho ng\u01b0\u1eddi s\u1eed d\u1ee5ng.<\/p>\n","protected":false},"featured_media":1823,"comment_status":"open","ping_status":"closed","template":"","meta":[],"product_cat":[62,66],"product_tag":[55,57],"_links":{"self":[{"href":"https:\/\/demo8.thuythu.com\/annablinds-32\/wp-json\/wp\/v2\/product\/238"}],"collection":[{"href":"https:\/\/demo8.thuythu.com\/annablinds-32\/wp-json\/wp\/v2\/product"}],"about":[{"href":"https:\/\/demo8.thuythu.com\/annablinds-32\/wp-json\/wp\/v2\/types\/product"}],"replies":[{"embeddable":true,"href":"https:\/\/demo8.thuythu.com\/annablinds-32\/wp-json\/wp\/v2\/comments?post=238"}],"wp:featuredmedia":[{"embeddable":true,"href":"https:\/\/demo8.thuythu.com\/annablinds-32\/wp-json\/wp\/v2\/media\/1823"}],"wp:attachment":[{"href":"https:\/\/demo8.thuythu.com\/annablinds-32\/wp-json\/wp\/v2\/media?parent=238"}],"wp:term":[{"taxonomy":"product_cat","embeddable":true,"href":"https:\/\/demo8.thuythu.com\/annablinds-32\/wp-json\/wp\/v2\/product_cat?post=238"},{"taxonomy":"product_tag","embeddable":true,"href":"https:\/\/demo8.thuythu.com\/annablinds-32\/wp-json\/wp\/v2\/product_tag?post=238"}],"curies":[{"name":"wp","href":"https:\/\/api.w.org\/{rel}","templated":true}]}}