{"id":3284,"date":"2021-12-22T02:18:11","date_gmt":"2021-12-22T02:18:11","guid":{"rendered":"https:\/\/demo8.thuythu.com\/archangelsvn\/?post_type=product&#038;p=3284"},"modified":"2022-05-25T03:23:19","modified_gmt":"2022-05-25T03:23:19","slug":"ruou-vang-do-finca-fella-el-maso-almansa","status":"publish","type":"product","link":"https:\/\/demo8.thuythu.com\/archangelsvn\/san-pham\/ruou-vang-do-finca-fella-el-maso-almansa\/","title":{"rendered":"Finca Fella El Maso Almansa"},"content":{"rendered":"<p><span style=\"color: #000000;\"><strong>Finca Fella El Maso Almansa<\/strong> b\u00f9ng n\u1ed5 v\u1edbi h\u01b0\u01a1ng th\u01a1m say \u0111\u1eafm c\u1ee7a qu\u1ea3 c\u00e1c lo\u1ea1i qu\u1ea3 m\u1ecdng ch\u00edn s\u1eabm nh\u01b0 anh \u0111\u00e0o, m\u1eadn, cam th\u1ea3o ng\u1ecdt ng\u00e0o. R\u01b0\u1ee3u vang \u0111\u01b0\u1ee3c c\u00f4 \u0111\u1eb7c v\u1edbi r\u1ea5t nhi\u1ec1u v\u1ecb ng\u1ecdt, \u0111\u01b0\u1ee3c c\u00e2n b\u1eb1ng b\u1edfi \u0111\u1ed9 axit t\u1ed1t v\u00e0 \u0111\u1ed9 c\u1ed3n cao. Lo\u1ea1i r\u01b0\u1ee3u ch\u1ee9a \u0111\u1ea7y nh\u1eefng tr\u1ea3i nghi\u1ec7m m\u00e3nh li\u1ec7t v\u00e0 tr\u1edf n\u00ean ngon h\u01a1n theo th\u1eddi gian.<\/span><\/p>\n<p><span style=\"color: #000000;\"><strong>Finca Fella El Maso Almansa<\/strong> \u0111\u01b0\u1ee3c l\u00e0m t\u1eeb gi\u1ed1ng nho c\u00f3 nh\u1eefng \u0111\u1eb7c \u0111i\u1ec3m ri\u00eang bi\u1ec7t <strong>Garnacha Tintorera<\/strong> t\u1eeb v\u00f9ng Castilla La Mancha.<\/span><\/p>\n<p><span style=\"color: #000000;\"><strong>M\u00e0u s\u1eafc r\u01b0\u1ee3u:<\/strong> M\u00e0u \u0111\u1ecf rubi \u0111\u1eadm<\/span><\/p>\n<p><span style=\"color: #000000;\"><strong>Phong c\u00e1ch r\u01b0\u1ee3u:<\/strong> Red-rich &amp; intens<\/span><\/p>\n<p><span style=\"color: #000000;\"><strong>V\u1ecb :<\/strong>H\u01b0\u01a1ng m\u1ea1nh m\u1ebd c\u1ee7a g\u1ed7 s\u1ed3i; v\u1ecb ng\u1ecdt c\u1ee7a tr\u00e1i c\u00e2y ch\u00edn s\u1eabm m\u00e0u,cam th\u1ea3o v\u00e0 \u1ea5m n\u00f3ng c\u1ee7a h\u1ea1t ti\u00eau.<\/span><\/p>\n<p><span style=\"color: #000000;\"><strong>V\u00f9ng tr\u1ed3ng nho Castilla La Mancha, T\u00e2y Ban Nha<\/strong><\/span><br \/>\n<span style=\"color: #000000;\">Ngh\u1ec1 tr\u1ed3ng nho l\u00e0 ngh\u1ec1 ch\u1ee7 l\u1ef1c c\u1ee7a v\u00f9ng <strong>Castilla La Mancha<\/strong>, tuy nhi\u00ean, v\u00e0o nh\u1eefng n\u0103m 1940, r\u01b0\u1ee3u vang \u1edf \u0111\u00e2y ch\u01b0a c\u00f3 ch\u1ea5t l\u01b0\u1ee3ng n\u1ed5i b\u1eadt. \u0110\u1ebfn n\u0103m 1986, m\u1ed9t cu\u1ed9c c\u00e1ch m\u1ea1ng l\u00e0m r\u01b0\u1ee3u vang \u0111\u00e3 l\u00e0m thay \u0111\u1ed5i h\u00ecnh \u1ea3nh n\u00e0y v\u1ec1 r\u01b0\u1ee3u vang c\u1ee7a Castilla La Mancha. \u0110i\u1ec1u n\u00e0y \u0111\u00e3 gi\u00fap v\u00f9ng tr\u1ed3ng nho n\u00e0y tr\u1edf th\u00e0nh trung t\u00e2m kinh t\u1ebf r\u01b0\u1ee3u vang trong khu v\u1ef1c.<\/span><\/p>\n<p><span style=\"color: #000000;\"><strong>Gi\u1ed1ng nho Garnacha Tintorera<\/strong><\/span><br \/>\n<span style=\"color: #000000;\">Nho <strong>Garnacha Tintorera <\/strong> n\u1ed5i b\u1eadt so v\u1edbi c\u00e1c lo\u1ea1i nho xanh kh\u00e1c v\u1edbi c\u00f9i \u0111\u1ec1u m\u00e0u. H\u1ea7u h\u1ebft nho xanh c\u00f3 th\u1ecbt nh\u1eb9 v\u00e0 r\u01b0\u1ee3u vang s\u1ebd c\u00f3 m\u00e0u t\u1eeb v\u1ecf trong qu\u00e1 tr\u00ecnh s\u1ea3n xu\u1ea5t. Tuy nhi\u00ean, \u1edf \u0111\u00e2y, c\u00f3 s\u1ef1 &#8216;t\u0103ng g\u1ea5p \u0111\u00f4i&#8217; v\u1ec1 m\u00e0u s\u1eafc c\u1ee7a c\u1ea3 da v\u00e0 th\u1ecbt. K\u1ebft qu\u1ea3 l\u00e0 r\u01b0\u1ee3u vang \u0111en nh\u01b0 m\u1ef1c v\u1edbi h\u01b0\u01a1ng v\u1ecb n\u1ed3ng n\u00e0n c\u1ee7a qu\u1ea3 ch\u00edn, \u0111\u00e2y l\u00e0 tr\u01b0\u1eddng h\u1ee3p c\u1ee7a El Maso. Nho \u0111\u01b0\u1ee3c ch\u1ecdn l\u1ecdc k\u1ef9 c\u00e0ng t\u1eeb nh\u1eefng c\u00e2y nho tr\u00ean 60 n\u0103m tu\u1ed5i. Nh\u1eefng c\u00e2y g\u1eady, m\u1ecdc \u1edf \u0111\u1ed9 cao 1090 m\u00e9t, cho n\u0103ng su\u1ea5t th\u1ea5p nh\u01b0ng tinh t\u1ebf.<\/span><\/p>\n","protected":false},"excerpt":{"rendered":"<p><span style=\"color: #000000;\"><strong>Lo\u1ea1i vang :\u00a0 \u00a0 \u00a0 \u00a0 \u00a0 \u00a0 \u00a0 \u00a0 \u00a0 \u00a0 \u00a0 \u00a0 \u00a0\u00a0\u00a0\u00a0\u00a0\u00a0Vang \u0111\u1ecf<\/strong><\/span><\/p>\n<p><span style=\"color: #000000;\"><strong>Xu\u1ea5t x\u1ee9 :\u00a0 \u00a0 \u00a0 \u00a0 \u00a0 \u00a0 \u00a0 \u00a0 \u00a0 \u00a0 \u00a0 \u00a0 \u00a0 \u00a0\u00a0\u00a0\u00a0 \u00a0\u00a0T\u00e2y Ban Nha<\/strong><\/span><\/p>\n<p><span style=\"color: #000000;\"><strong>Ni\u00ean v\u1ee5 :\u00a0\u00a0\u00a0\u00a0\u00a0 \u00a0\u00a0\u00a0\u00a0\u00a0\u00a0\u00a0\u00a0\u00a0\u00a0\u00a0\u00a0\u00a0\u00a0\u00a0\u00a0\u00a0\u00a0\u00a0\u00a0\u00a0\u00a0\u00a0\u00a0\u00a0\u00a0\u00a0\u00a02017<\/strong><\/span><\/p>\n<p><span style=\"color: #000000;\"><strong>V\u00f9ng tr\u1ed3ng nho :\u00a0 \u00a0 \u00a0 \u00a0 \u00a0 \u00a0 \u00a0 \u00a0\u00a0\u00a0\u00a0\u00a0\u00a0<\/strong><strong>Castilla-La Mancha<\/strong><\/span><\/p>\n<p><span style=\"color: #000000;\"><strong>Gi\u1ed1ng nho :\u00a0 \u00a0 \u00a0 \u00a0 \u00a0 \u00a0 \u00a0 \u00a0 \u00a0 \u00a0 \u00a0 \u00a0 \u00a0\u00a0\u00a0\u00a0\u00a0<\/strong><strong>Garnacha Tintorera<\/strong><\/span><\/p>\n<p><span style=\"color: #000000;\"><strong>Dung t\u00edch :\u00a0 \u00a0 \u00a0 \u00a0 \u00a0 \u00a0 \u00a0 \u00a0 \u00a0 \u00a0 \u00a0 \u00a0 \u00a0\u00a0\u00a0\u00a0 \u00a0750ml<\/strong><\/span><\/p>\n<p><span style=\"color: #000000;\"><strong>N\u1ed3ng \u0111\u1ed9 :\u00a0 \u00a0 \u00a0 \u00a0 \u00a0 \u00a0 \u00a0 \u00a0 \u00a0 \u00a0 \u00a0 \u00a0 \u00a0 \u00a0 \u00a0\u00a0\u00a0\u00a0\u00a015.5%<\/strong><\/span><\/p>\n<p><span style=\"color: #000000;\"><strong>Nhi\u1ec7t \u0111\u1ed9 u\u1ed1ng l\u00fd t\u01b0\u1edfng :\u00a0 \u00a0\u00a0\u00a0\u00a0\u00a0\u00a015 &#8211; 18<sup>o<\/sup>C<\/strong><\/span><\/p>\n<p><span style=\"color: #000000;\"><strong>M\u00f3n \u0103n k\u00e8m :\u00a0\u00a0\u00a0\u00a0\u00a0\u00a0\u00a0\u00a0\u00a0\u00a0\u00a0\u00a0\u00a0\u00a0\u00a0\u00a0\u00a0\u00a0\u00a0\u00a0\u00a0\u00a0\u00a0\u00a0\u00a0\u00a0 <\/strong><strong>Th\u1ecbt b\u00f2 h\u1ea7m, M\u00ec \u00dd, Th\u1ecbt h\u01b0\u01a1u<\/strong><\/span><\/p>\n","protected":false},"featured_media":3793,"comment_status":"closed","ping_status":"closed","template":"","meta":[],"product_cat":[206,210,245,107,248,108,102,250,266,267,249,103,224],"product_tag":[200,201,199],"_links":{"self":[{"href":"https:\/\/demo8.thuythu.com\/archangelsvn\/wp-json\/wp\/v2\/product\/3284"}],"collection":[{"href":"https:\/\/demo8.thuythu.com\/archangelsvn\/wp-json\/wp\/v2\/product"}],"about":[{"href":"https:\/\/demo8.thuythu.com\/archangelsvn\/wp-json\/wp\/v2\/types\/product"}],"replies":[{"embeddable":true,"href":"https:\/\/demo8.thuythu.com\/archangelsvn\/wp-json\/wp\/v2\/comments?post=3284"}],"wp:featuredmedia":[{"embeddable":true,"href":"https:\/\/demo8.thuythu.com\/archangelsvn\/wp-json\/wp\/v2\/media\/3793"}],"wp:attachment":[{"href":"https:\/\/demo8.thuythu.com\/archangelsvn\/wp-json\/wp\/v2\/media?parent=3284"}],"wp:term":[{"taxonomy":"product_cat","embeddable":true,"href":"https:\/\/demo8.thuythu.com\/archangelsvn\/wp-json\/wp\/v2\/product_cat?post=3284"},{"taxonomy":"product_tag","embeddable":true,"href":"https:\/\/demo8.thuythu.com\/archangelsvn\/wp-json\/wp\/v2\/product_tag?post=3284"}],"curies":[{"name":"wp","href":"https:\/\/api.w.org\/{rel}","templated":true}]}}