{"id":3985,"date":"2022-08-08T09:51:26","date_gmt":"2022-08-08T09:51:26","guid":{"rendered":"https:\/\/demo8.thuythu.com\/archangelsvn\/?post_type=product&#038;p=3985"},"modified":"2022-08-08T09:52:27","modified_gmt":"2022-08-08T09:52:27","slug":"cremaschi-furlotti-limited-edition","status":"publish","type":"product","link":"https:\/\/demo8.thuythu.com\/archangelsvn\/san-pham\/cremaschi-furlotti-limited-edition\/","title":{"rendered":"Cremaschi Furlotti Limited Edition"},"content":{"rendered":"<p>Nh\u1eafc \u0111\u1ebfn r\u01b0\u1ee3u vang Chile l\u00e0 nh\u1eafc \u0111\u1ebfn nh\u1eefng s\u1ea3n ph\u1ea9m tinh th\u1ea7n \u0111\u1eb7c bi\u1ec7t nh\u1ea5t c\u00f3 th\u1ec3 \u0111i s\u00e2u v\u00e0o trong l\u00f2ng ng\u01b0\u1eddi th\u01b0\u1edfng th\u1ee9c m\u1ed9t c\u00e1ch h\u1ebft s\u1ee9c t\u1ef1 nhi\u00ean, \u0111\u1ec3 l\u1ea1i d\u1ea5u \u1ea5n \u0111\u1eadm s\u00e2u trong l\u00f2ng.<\/p>\n<p>R\u01b0\u1ee3u vang Cremaschi Furlotti Limited Edition l\u00e0 s\u1ea3n ph\u1ea9m \u0111\u1eb7c tr\u01b0ng ti\u00eau bi\u1ec3u cho nh\u1eefng d\u00f2ng vang Chile \u0111\u01b0\u1ee3c s\u1ea3n xu\u1ea5t theo m\u1ed9t quy tr\u00ecnh nh\u1ea5t \u0111\u1ecbnh \u0111\u1ec3 \u0111\u1ea3m b\u1ea3o cho ch\u1ea5t l\u01b0\u1ee3ng c\u0169ng nh\u01b0 h\u01b0\u01a1ng v\u1ecb c\u1ee7a r\u01b0\u1ee3u.<\/p>\n<p>R\u01b0\u1ee3u vang Cremaschi Furlotti Limited Edition \u0111\u01b0\u1ee3c l\u00e0m n\u00ean t\u1eeb gi\u1ed1ng nho c\u01a1 b\u1ea3n l\u00e0 cabernet Sauvignon \u2013 \u0111\u00e2y l\u00e0 m\u1ed9t gi\u1ed1ng nho n\u1ed5i ti\u1ebfng c\u00f3 s\u1ee9c lan t\u1ecfa r\u1ed9ng kh\u1eafp tr\u00ean to\u00e0n th\u1ebf gi\u1edbi b\u1edfi kh\u1ea3 n\u0103ng th\u00edch nghi c\u1ee7a nho cao v\u00e0 \u0111\u1ed3ng th\u1eddi ch\u00fang c\u00f3 h\u01b0\u01a1ng v\u1ecb \u0111\u1eadm s\u00e2u nh\u1ea5t.<\/p>\n<p>H\u01b0\u01a1ng v\u1ecb c\u1ee7a r\u01b0\u1ee3u kh\u00e1 n\u1ed3ng n\u00e0n \u0111\u1eb1m th\u1eafm khi\u1ebfn cho b\u1ea5t c\u1ee9 ai h\u1ec5 th\u01b0\u1edfng th\u1ee9c r\u01b0\u1ee3u vang c\u0169ng \u0111\u1ec1u c\u1ea3m nh\u1eadn \u0111\u01b0\u1ee3c m\u1ed9t ch\u00fat v\u1ecb ch\u00e1t c\u1ed9ng th\u00eam s\u1ef1 m\u1ec1m m\u1ea1i m\u1ed9t c\u00e1ch h\u1ebft s\u1ee9c t\u1ef1 nhi\u00ean ngay trong v\u00f2m mi\u1ec7ng.<\/p>\n<p><span style=\"color: #000000;\"><strong>M\u00e0u s\u1eafc r\u01b0\u1ee3u:<\/strong> M\u00e0u \u0111\u1ecf Ruby<\/span><\/p>\n<p><strong><span style=\"color: black;\">Phong c\u00e1ch r\u01b0\u1ee3u:<\/span><\/strong><span style=\"color: black;\"> Red &#8211; Savory and Classic<\/span><\/p>\n<p><strong>V\u1ecb:\u00a0<\/strong>m\u1eadn ch\u00edn, anh \u0111\u00e0o, g\u1ed7 s\u1ed3i, ti\u00eau xanh, b\u1ea1ch \u0111\u00e0n v\u00e0 socola \u0111en<\/p>\n<p>&nbsp;<\/p>\n<p class=\"woocommerce-products-header__title page-title\"><strong>V\u00f9ng tr\u1ed3ng nho:<\/strong> Central Valley<\/p>\n<div class=\"col-12 p-0 description-category\">\n<div class=\"term-description\">\n<p>V\u00f9ng\u00a0r\u01b0\u1ee3u vang Central Valley\u00a0l\u00e0 v\u00f9ng th\u1ed5 nh\u01b0\u1ee1ng quan tr\u1ecdng cho s\u1ef1 ph\u00e1t tri\u1ec3n c\u1ee7a nhi\u1ec1u gi\u1ed1ng nho th\u01a1m ngon h\u00e0ng \u0111\u1ea7u Chile. \u0110\u00e2y \u0111\u01b0\u1ee3c coi l\u00e0 trung t\u00e2m c\u1ee7a nh\u1eefng gi\u1ed1ng nho \u0111\u1eb7c s\u1ea3n, \u0111\u00f3ng g\u00f3p s\u1ea3n l\u01b0\u1ee3ng to l\u1edbn cho ng\u00e0nh c\u00f4ng nghi\u1ec7p r\u01b0\u1ee3u vang Chile. R\u01b0\u1ee3u vang Chile Central Valley t\u1eeb l\u00e2u \u0111\u00e3 n\u1ed5i ti\u1ebfng v\u1ec1 h\u01b0\u01a1ng v\u1ecb th\u01a1m ngon v\u00e0 ng\u1ecdt ng\u00e0o c\u1ee7a c\u00e1c d\u00f2ng vang truy\u1ec1n th\u1ed1ng c\u0169ng nh\u01b0 hi\u1ec7n \u0111\u1ea1i, h\u00e3y th\u1eed t\u00ecm hi\u1ec3u v\u00e0 tr\u1ea3i nghi\u1ec7m v\u1ec1 v\u00f9ng r\u01b0\u1ee3u vang \u0111\u1ea7y th\u00fa v\u1ecb n\u00e0y nh\u00e9.<\/p>\n<\/div>\n<\/div>\n<p><span style=\"color: #000000;\"><b>Gi\u1ed1ng nho:<\/b><span style=\"font-weight: 400;\"> Syrah, Cabernet Sauvignon, Carmenere<\/span><\/span><\/p>\n<p><span style=\"font-weight: 400; color: #000000;\">S\u1ef1 h\u00f2a tr\u1ed9n, b\u1ed5 tr\u1ee3 cho nhau gi\u1eefa Syrah<\/span><span style=\"font-weight: 400; color: #000000;\"> &#8211; gi\u1ed1ng nho c\u00f3 thi\u00ean h\u01b0\u1edbng m\u1ec1m m\u1ea1i, \u00eam m\u01b0\u1ee3t, \u0111\u1eadm v\u1ecb, m\u00e0u s\u1eafc \u0111\u1ecf t\u00edm \u0111\u1eadm, c\u00f9ng v\u1edbi nho Cabernet Sauvignon m\u1ea1nh m\u1ebd, \u0111\u1eadm \u0111\u00e0, l\u00f4i cu\u1ed1n mang s\u1eafc \u0111\u1ecf \u0111\u1eadm \u0111\u1eb7c tr\u01b0ng.\u00a0<\/span><\/p>\n<p>&nbsp;<\/p>\n<p><span style=\"color: #000000;\">\u00a0<\/span><\/p>\n","protected":false},"excerpt":{"rendered":"<p><span id=\"FeaturedContent_ListView1_Label13_0\"><strong>R\u01b0\u1ee3u Vang Cremaschi Furlotti Limited Edition<\/strong> c\u00f3 m\u00e0u \u0111\u1ecf h\u1ed3ng \u0111\u1eadm v\u1edbi ph\u1ea3n x\u1ea1 m\u00e0u n\u00e2u. Ph\u1ee9c t\u1ea1p v\u00e0 thanh l\u1ecbch, H\u01b0\u01a1ng th\u01a1m n\u1ed5i l\u00ean l\u00e0 m\u1eadn, ng\u1ecdt ng\u00e0o ghi ch\u00fa b\u1ecdc b\u1edfi h\u1ea1t d\u1ebb n\u01b0\u1edbng. M\u1ed9t kh\u1ea9u v\u1ecb m\u1ec1m, tannin ch\u00edn. H\u01b0\u01a1ng v\u1ecb tinh t\u1ebf c\u1ee7a tr\u00e1i c\u00e2y \u0111\u1ecf k\u1ebft h\u1ee3p ho\u00e0n h\u1ea3o v\u1edbi g\u1ed7 s\u1ed3i c\u00f3 \u0111\u1ed9 d\u00e0i c\u00e2n b\u1eb1ng.<\/span><\/p>\n<p><span style=\"color: #000000;\"><strong>Lo\u1ea1i vang :\u00a0 \u00a0 \u00a0 \u00a0 \u00a0 \u00a0 \u00a0 \u00a0 \u00a0 \u00a0 \u00a0 \u00a0 \u00a0 \u00a0 \u00a0 \u00a0Vang \u0111\u1ecf<\/strong><\/span><\/p>\n<p><span style=\"color: #000000;\"><strong>Xu\u1ea5t x\u1ee9 :\u00a0 \u00a0 \u00a0 \u00a0 \u00a0 \u00a0 \u00a0 \u00a0 \u00a0 \u00a0 \u00a0 \u00a0 \u00a0 \u00a0 \u00a0 \u00a0 \u00a0 Chile<\/strong><\/span><\/p>\n<p><span style=\"color: #000000;\"><strong>Ni\u00ean v\u1ee5 :\u00a0 \u00a0 \u00a0 \u00a0 \u00a0 \u00a0 \u00a0 \u00a0 \u00a0 \u00a0 \u00a0 \u00a0 \u00a0 \u00a0 \u00a0 \u00a0 \u00a0 2017<\/strong><\/span><\/p>\n<p><span style=\"color: #000000;\"><strong>V\u00f9ng tr\u1ed3ng nho :\u00a0 \u00a0 \u00a0 \u00a0 \u00a0 \u00a0 \u00a0 \u00a0 \u00a0 \u00a0 Central Valley<\/strong><\/span><\/p>\n<p><span style=\"color: #000000;\"><strong>Gi\u1ed1ng nho :\u00a0 \u00a0 \u00a0 \u00a0 \u00a0 \u00a0 \u00a0 \u00a0 \u00a0 \u00a0 \u00a0 \u00a0 \u00a0 \u00a0 \u00a0Cabernet Sauvignon, Syrah, Carmenere<\/strong><\/span><\/p>\n<p><span style=\"color: #000000;\"><strong>Dung t\u00edch :\u00a0 \u00a0 \u00a0 \u00a0 \u00a0 \u00a0 \u00a0 \u00a0 \u00a0 \u00a0 \u00a0 \u00a0 \u00a0\u00a0\u00a0\u00a0 \u00a0750ml<\/strong><\/span><\/p>\n<p><span style=\"color: #000000;\"><strong>N\u1ed3ng \u0111\u1ed9 :\u00a0 \u00a0 \u00a0 \u00a0 \u00a0 \u00a0 \u00a0 \u00a0 \u00a0 \u00a0 \u00a0 \u00a0 \u00a0 \u00a0 \u00a0\u00a0\u00a0\u00a0\u00a014%<\/strong><\/span><\/p>\n<p><span style=\"color: #000000;\"><strong>Nhi\u1ec7t \u0111\u1ed9 u\u1ed1ng l\u00fd t\u01b0\u1edfng :\u00a0 \u00a0\u00a0\u00a0\u00a0\u00a0\u00a015 &#8211; 18<sup>o<\/sup>C<\/strong><\/span><\/p>\n<p>M\u00f3n \u0103n k\u00e8m :\u00a0\u00a0\u00a0\u00a0\u00a0\u00a0\u00a0\u00a0\u00a0\u00a0\u00a0\u00a0\u00a0\u00a0\u00a0\u00a0\u00a0\u00a0\u00a0\u00a0\u00a0\u00a0\u00a0\u00a0\u00a0\u00a0\u00a0M\u00ec \u00dd, B\u00e1nh m\u00ec n\u01b0\u1edbng, Th\u1ecbt h\u01b0\u01a1u, Steak<\/p>\n","protected":false},"featured_media":3986,"comment_status":"closed","ping_status":"closed","template":"","meta":[],"product_cat":[214,209,108,102,326,103],"product_tag":[],"_links":{"self":[{"href":"https:\/\/demo8.thuythu.com\/archangelsvn\/wp-json\/wp\/v2\/product\/3985"}],"collection":[{"href":"https:\/\/demo8.thuythu.com\/archangelsvn\/wp-json\/wp\/v2\/product"}],"about":[{"href":"https:\/\/demo8.thuythu.com\/archangelsvn\/wp-json\/wp\/v2\/types\/product"}],"replies":[{"embeddable":true,"href":"https:\/\/demo8.thuythu.com\/archangelsvn\/wp-json\/wp\/v2\/comments?post=3985"}],"wp:featuredmedia":[{"embeddable":true,"href":"https:\/\/demo8.thuythu.com\/archangelsvn\/wp-json\/wp\/v2\/media\/3986"}],"wp:attachment":[{"href":"https:\/\/demo8.thuythu.com\/archangelsvn\/wp-json\/wp\/v2\/media?parent=3985"}],"wp:term":[{"taxonomy":"product_cat","embeddable":true,"href":"https:\/\/demo8.thuythu.com\/archangelsvn\/wp-json\/wp\/v2\/product_cat?post=3985"},{"taxonomy":"product_tag","embeddable":true,"href":"https:\/\/demo8.thuythu.com\/archangelsvn\/wp-json\/wp\/v2\/product_tag?post=3985"}],"curies":[{"name":"wp","href":"https:\/\/api.w.org\/{rel}","templated":true}]}}