{"id":20508,"date":"2023-10-11T11:26:12","date_gmt":"2023-10-11T04:26:12","guid":{"rendered":"https:\/\/demo8.thuythu.com\/avsd\/?post_type=product&#038;p=20508"},"modified":"2023-11-06T22:06:13","modified_gmt":"2023-11-06T15:06:13","slug":"bo-cap-nguon-48vdc","status":"publish","type":"product","link":"https:\/\/demo8.thuythu.com\/avsd\/san-pham\/bo-cap-nguon-48vdc\/","title":{"rendered":"B\u1ed9 c\u1ea5p ngu\u1ed3n 48VDC"},"content":{"rendered":"<h2><span style=\"color: #ff6600;\">Th\u00f4ng tin chi ti\u1ebft\u00a0<\/span><\/h2>\n<p>D-Cerno PS l\u00e0 b\u1ed9 ngu\u1ed3n d\u1ef1 ph\u00f2ng 48 VDC \/ 180 W v\u1edbi \u0111\u00e8n b\u00e1o t\u00edch h\u1ee3p \u1edf m\u1eb7t tr\u01b0\u1edbc.<\/p>\n<ul>\n<li>Ch\u1ea5t li\u1ec7u: Nh\u1ef1a ABS<\/li>\n<li>M\u00e0u s\u1eafc: \u0110en<\/li>\n<li>K\u00edch th\u01b0\u1edbc (mm): 175 (w) \u00d7 35 (h) \u00d7 70 (d)<\/li>\n<li>K\u00edch th\u01b0\u1edbc \u0111\u00f3ng g\u00f3i: (mm) 250 (w) \u00d7 60 (h) \u00d7 190 (d)<\/li>\n<li>N.W: 1060 g<\/li>\n<\/ul>\n","protected":false},"excerpt":{"rendered":"<p>D-Cerno PS l\u00e0 b\u1ed9 ngu\u1ed3n d\u1ef1 ph\u00f2ng 48 VDC \/ 180 W v\u1edbi \u0111\u00e8n b\u00e1o t\u00edch h\u1ee3p \u1edf m\u1eb7t tr\u01b0\u1edbc<\/p>\n","protected":false},"featured_media":20499,"comment_status":"open","ping_status":"closed","template":"","meta":[],"product_cat":[15],"product_tag":[587,592,593,594,595,596,3322,3323,3324],"acf":[],"lang":"vi","translations":{"vi":20508,"en":20781},"pll_sync_post":[],"_links":{"self":[{"href":"https:\/\/demo8.thuythu.com\/avsd\/wp-json\/wp\/v2\/product\/20508"}],"collection":[{"href":"https:\/\/demo8.thuythu.com\/avsd\/wp-json\/wp\/v2\/product"}],"about":[{"href":"https:\/\/demo8.thuythu.com\/avsd\/wp-json\/wp\/v2\/types\/product"}],"replies":[{"embeddable":true,"href":"https:\/\/demo8.thuythu.com\/avsd\/wp-json\/wp\/v2\/comments?post=20508"}],"wp:featuredmedia":[{"embeddable":true,"href":"https:\/\/demo8.thuythu.com\/avsd\/wp-json\/wp\/v2\/media\/20499"}],"wp:attachment":[{"href":"https:\/\/demo8.thuythu.com\/avsd\/wp-json\/wp\/v2\/media?parent=20508"}],"wp:term":[{"taxonomy":"product_cat","embeddable":true,"href":"https:\/\/demo8.thuythu.com\/avsd\/wp-json\/wp\/v2\/product_cat?post=20508"},{"taxonomy":"product_tag","embeddable":true,"href":"https:\/\/demo8.thuythu.com\/avsd\/wp-json\/wp\/v2\/product_tag?post=20508"}],"curies":[{"name":"wp","href":"https:\/\/api.w.org\/{rel}","templated":true}]}}