{"id":21175,"date":"2023-11-13T10:34:20","date_gmt":"2023-11-13T03:34:20","guid":{"rendered":"https:\/\/demo8.thuythu.com\/avsd\/?post_type=product&#038;p=21175"},"modified":"2023-11-13T10:37:55","modified_gmt":"2023-11-13T03:37:55","slug":"bo-thu-hong-ngoai-lingua-r","status":"publish","type":"product","link":"https:\/\/demo8.thuythu.com\/avsd\/san-pham\/bo-thu-hong-ngoai-lingua-r\/","title":{"rendered":"B\u1ed9 thu h\u1ed3ng ngo\u1ea1i Lingua R"},"content":{"rendered":"<h2><span style=\"color: #ff6600;\">Th\u00f4ng tin chi ti\u1ebft\u00a0<\/span><\/h2>\n<ul>\n<li>Thi\u1ebft k\u1ebf c\u00f4ng th\u00e1i h\u1ecdc, nh\u1ecf g\u1ecdn, ch\u1ea5t l\u01b0\u1ee3ng \u00e2m thanh v\u01b0\u1ee3t tr\u1ed9i, c\u00f3 th\u1ec3 thu l\u00ean t\u1edbi 40 k\u00eanh ng\u00f4n ng\u1eef<\/li>\n<li>T\u00edch h\u1ee3p m\u00e0n h\u00ecnh OLED, hi\u1ec3n th\u1ecb s\u1ed1 k\u00eanh, t\u00ean k\u00eanh v\u00e0 m\u1ee9c \u00e2m l\u01b0\u1ee3ng, c\u0169ng c\u00f3 th\u1ec3 hi\u1ec7n m\u1ee9c s\u00f3ng thu \u1edf ch\u1ebf \u0111\u1ed9 scanner<\/li>\n<li>T\u00edch h\u1ee3p pin s\u1ea1c c\u00f3 th\u1ec3 s\u1eed d\u1ee5ng 20 ti\u1ebfng li\u00ean t\u1ee5c, bi\u1ec3u t\u01b0\u1ee3ng pin s\u1ebd hi\u1ec7n l\u00ean khi dung l\u01b0\u1ee3ng pin \u1edf m\u1ee9c th\u1ea5p<\/li>\n<li>\u0110\u1ea7u thu h\u1ed3ng ngo\u1ea1i c\u00f3 g\u00f3c r\u1ed9ng 270 \u0111\u1ed9 v\u00e0 t\u00edch h\u1ee3p t\u00ednh n\u0103ng s\u1eeda l\u1ed7i, kh\u00f4ng b\u1ecb can nhi\u1ec5u b\u1edfi \u00e1nh s\u00e1ng t\u1eeb \u0111\u00e8n v\u00e0 ngay c\u1ea3 \u00e1nh s\u00e1ng m\u1eb7t tr\u1eddi<\/li>\n<li>T\u01b0\u01a1ng th\u00edch v\u1edbi ti\u00eau chu\u1ea9n IEC 61603-7 v\u00e0 IEC 60914<\/li>\n<li>Th\u00edch h\u1ee3p s\u1eed d\u1ee5ng di \u0111\u1ed9ng, t\u00edch h\u1ee3p t\u00ednh n\u0103ng ch\u00e8n k\u00eanh (Channel override)<\/li>\n<\/ul>\n","protected":false},"excerpt":{"rendered":"<p><strong>D-Cerno F-CM<\/strong>\u00a0l\u00e0 H\u1ed9p Ch\u1ee7 t\u1ecbch\u00a0g\u1eafn \u00e2m b\u00e0n\u00a0d\u00e0nh cho c\u00e1c h\u1ec7 th\u1ed1ng h\u1ed9i th\u1ea3o\u00a0c\u01a1 b\u1ea3n. V\u1edbi thi\u1ebft k\u1ebf\u00a0trang nh\u00e3, thi\u1ebft b\u1ecb c\u00f3 th\u1ec3 t\u00edch h\u1ee3p v\u00e0o\u00a0b\u1ea5t k\u1ef3 n\u1ed9i th\u1ea5t ph\u00f2ng h\u1ecdp n\u00e0o \u0111\u00e3 l\u1eafp \u0111\u1eb7t h\u1ec7 th\u1ed1ng \u00e2m thanh (do b\u1ea3ng \u0111i\u1ec1u khi\u1ec3n c\u1ee7a\u00a0<strong>D-Cerno F-CM<\/strong>\u00a0kh\u00f4ng c\u00f3 loa).<\/p>\n","protected":false},"featured_media":21149,"comment_status":"open","ping_status":"closed","template":"","meta":[],"product_cat":[15,8611,8623],"product_tag":[],"acf":[],"lang":"vi","translations":{"vi":21175},"pll_sync_post":[],"_links":{"self":[{"href":"https:\/\/demo8.thuythu.com\/avsd\/wp-json\/wp\/v2\/product\/21175"}],"collection":[{"href":"https:\/\/demo8.thuythu.com\/avsd\/wp-json\/wp\/v2\/product"}],"about":[{"href":"https:\/\/demo8.thuythu.com\/avsd\/wp-json\/wp\/v2\/types\/product"}],"replies":[{"embeddable":true,"href":"https:\/\/demo8.thuythu.com\/avsd\/wp-json\/wp\/v2\/comments?post=21175"}],"wp:featuredmedia":[{"embeddable":true,"href":"https:\/\/demo8.thuythu.com\/avsd\/wp-json\/wp\/v2\/media\/21149"}],"wp:attachment":[{"href":"https:\/\/demo8.thuythu.com\/avsd\/wp-json\/wp\/v2\/media?parent=21175"}],"wp:term":[{"taxonomy":"product_cat","embeddable":true,"href":"https:\/\/demo8.thuythu.com\/avsd\/wp-json\/wp\/v2\/product_cat?post=21175"},{"taxonomy":"product_tag","embeddable":true,"href":"https:\/\/demo8.thuythu.com\/avsd\/wp-json\/wp\/v2\/product_tag?post=21175"}],"curies":[{"name":"wp","href":"https:\/\/api.w.org\/{rel}","templated":true}]}}