{"id":21210,"date":"2023-11-13T15:13:27","date_gmt":"2023-11-13T08:13:27","guid":{"rendered":"https:\/\/demo8.thuythu.com\/avsd\/?post_type=product&#038;p=21210"},"modified":"2023-11-13T15:49:52","modified_gmt":"2023-11-13T08:49:52","slug":"micro-deo-co-loai-chong-nuoc","status":"publish","type":"product","link":"https:\/\/demo8.thuythu.com\/avsd\/san-pham\/micro-deo-co-loai-chong-nuoc\/","title":{"rendered":"Micro c\u00e0i tai hai b\u00ean"},"content":{"rendered":"<h2><span style=\"color: #ff6600;\">Th\u00f4ng tin chi ti\u1ebft\u00a0<\/span><\/h2>\n<p><strong>TG H56 &#8211;<\/strong> \u0110\u00e2y l\u00e0 micro c\u00e0i tai hai b\u00ean lo\u1ea1i ch\u1ed1ng n\u01b0\u1edbc v\u00e0 ch\u1ed1ng m\u1ed3 h\u00f4i b\u1eafn, ng\u01b0\u1eddi d\u00f9ng c\u00f3 th\u1ec3 \u0111eo \u1edf 02 b\u00ean tai v\u00e0 v\u00f2ng qua c\u1ed5. C\u1ea7n ch\u1ec9nh micro linh ho\u1ea1t v\u00e0 c\u00f3 th\u1ec3 \u0111\u01b0\u1ee3c \u0111\u1ecbnh v\u1ecb m\u1ed9t c\u00e1ch ch\u1eafc ch\u1eafn \u1edf v\u1ecb tr\u00ed n\u00f3i ph\u00f9 h\u1ee3p. Micro ph\u00f9 h\u1ee3p v\u1edbi c\u00e1c \u1ee9ng d\u1ee5ng nh\u01b0 thuy\u1ebft tr\u00ecnh, \u0111\u00e0o t\u1ea1o, \u00e2m nh\u1ea1c, r\u1ea1p h\u00e1t c\u0169ng nh\u01b0 d\u00f9ng trong th\u1ec3 thao. C\u00e1p k\u1ebft n\u1ed1i c\u00f3 th\u1ec3 \u0111\u01b0\u1ee3c th\u00e1o r\u1eddi v\u00e0 thay th\u1ebf b\u1eb1ng c\u00e1p kh\u00e1c b\u1ea5t c\u1ee9 l\u00fac n\u00e0o. C\u00f3 02 m\u00e0u \u0111\u1ec3 l\u1ef1a ch\u1ecdn &#8211; m\u00e0u \u0111en ho\u1eb7c m\u00e0u da ng\u01b0\u1eddi (beige), c\u00f3 t\u00edch h\u1ee3p s\u1eb5n m\u00fat ch\u1ed1ng gi\u00f3 c\u00f9ng m\u00e0u.<\/p>\n","protected":false},"excerpt":{"rendered":"<p><strong>D-Cerno F-CM<\/strong>\u00a0l\u00e0 H\u1ed9p Ch\u1ee7 t\u1ecbch\u00a0g\u1eafn \u00e2m b\u00e0n\u00a0d\u00e0nh cho c\u00e1c h\u1ec7 th\u1ed1ng h\u1ed9i th\u1ea3o\u00a0c\u01a1 b\u1ea3n. V\u1edbi thi\u1ebft k\u1ebf\u00a0trang nh\u00e3, thi\u1ebft b\u1ecb c\u00f3 th\u1ec3 t\u00edch h\u1ee3p v\u00e0o\u00a0b\u1ea5t k\u1ef3 n\u1ed9i th\u1ea5t ph\u00f2ng h\u1ecdp n\u00e0o \u0111\u00e3 l\u1eafp \u0111\u1eb7t h\u1ec7 th\u1ed1ng \u00e2m thanh (do b\u1ea3ng \u0111i\u1ec1u khi\u1ec3n c\u1ee7a\u00a0<strong>D-Cerno F-CM<\/strong>\u00a0kh\u00f4ng c\u00f3 loa).<\/p>\n","protected":false},"featured_media":21206,"comment_status":"open","ping_status":"closed","template":"","meta":[],"product_cat":[15,8611,8631],"product_tag":[],"acf":[],"lang":"vi","translations":{"vi":21210},"pll_sync_post":[],"_links":{"self":[{"href":"https:\/\/demo8.thuythu.com\/avsd\/wp-json\/wp\/v2\/product\/21210"}],"collection":[{"href":"https:\/\/demo8.thuythu.com\/avsd\/wp-json\/wp\/v2\/product"}],"about":[{"href":"https:\/\/demo8.thuythu.com\/avsd\/wp-json\/wp\/v2\/types\/product"}],"replies":[{"embeddable":true,"href":"https:\/\/demo8.thuythu.com\/avsd\/wp-json\/wp\/v2\/comments?post=21210"}],"wp:featuredmedia":[{"embeddable":true,"href":"https:\/\/demo8.thuythu.com\/avsd\/wp-json\/wp\/v2\/media\/21206"}],"wp:attachment":[{"href":"https:\/\/demo8.thuythu.com\/avsd\/wp-json\/wp\/v2\/media?parent=21210"}],"wp:term":[{"taxonomy":"product_cat","embeddable":true,"href":"https:\/\/demo8.thuythu.com\/avsd\/wp-json\/wp\/v2\/product_cat?post=21210"},{"taxonomy":"product_tag","embeddable":true,"href":"https:\/\/demo8.thuythu.com\/avsd\/wp-json\/wp\/v2\/product_tag?post=21210"}],"curies":[{"name":"wp","href":"https:\/\/api.w.org\/{rel}","templated":true}]}}