{"id":21221,"date":"2023-11-13T15:59:05","date_gmt":"2023-11-13T08:59:05","guid":{"rendered":"https:\/\/demo8.thuythu.com\/avsd\/?post_type=product&#038;p=21221"},"modified":"2023-11-13T16:07:34","modified_gmt":"2023-11-13T09:07:34","slug":"camera-ip-cam-cm70","status":"publish","type":"product","link":"https:\/\/demo8.thuythu.com\/avsd\/san-pham\/camera-ip-cam-cm70\/","title":{"rendered":"Camera IP-CAM CM70"},"content":{"rendered":"<h2><span style=\"color: #ff6600;\">Th\u00f4ng tin chi ti\u1ebft\u00a0<\/span><\/h2>\n<p>Televic IP-CAM CM70 l\u00e0 camera IP PTZ d\u1ec5 c\u00e0i \u0111\u1eb7t v\u00e0 ti\u1ebft ki\u1ec7m chi ph\u00ed. N\u00f3 ho\u00e0n to\u00e0n ph\u00f9 h\u1ee3p \u0111\u1ec3 theo d\u00f5i camera trong ph\u00f2ng h\u1ed9i ngh\u1ecb. Camera s\u1eed d\u1ee5ng C\u1ea5p ngu\u1ed3n qua Ethernet, gi\u00fap lo\u1ea1i b\u1ecf nhu c\u1ea7u v\u1ec1 ngu\u1ed3n \u0111i\u1ec7n v\u00e0 c\u00e1p b\u1ed5 sung. Cu\u1ed1i c\u00f9ng, v\u1edbi giao di\u1ec7n linh ho\u1ea1t, b\u1ea1n s\u1ebd c\u00f3 \u0111\u01b0\u1ee3c k\u1ebft n\u1ed1i d\u1ec5 d\u00e0ng.<\/p>\n","protected":false},"excerpt":{"rendered":"<p><strong>D-Cerno F-CM<\/strong>\u00a0l\u00e0 H\u1ed9p Ch\u1ee7 t\u1ecbch\u00a0g\u1eafn \u00e2m b\u00e0n\u00a0d\u00e0nh cho c\u00e1c h\u1ec7 th\u1ed1ng h\u1ed9i th\u1ea3o\u00a0c\u01a1 b\u1ea3n. V\u1edbi thi\u1ebft k\u1ebf\u00a0trang nh\u00e3, thi\u1ebft b\u1ecb c\u00f3 th\u1ec3 t\u00edch h\u1ee3p v\u00e0o\u00a0b\u1ea5t k\u1ef3 n\u1ed9i th\u1ea5t ph\u00f2ng h\u1ecdp n\u00e0o \u0111\u00e3 l\u1eafp \u0111\u1eb7t h\u1ec7 th\u1ed1ng \u00e2m thanh (do b\u1ea3ng \u0111i\u1ec1u khi\u1ec3n c\u1ee7a\u00a0<strong>D-Cerno F-CM<\/strong>\u00a0kh\u00f4ng c\u00f3 loa).<\/p>\n","protected":false},"featured_media":21222,"comment_status":"open","ping_status":"closed","template":"","meta":[],"product_cat":[15,8611,8625],"product_tag":[],"acf":[],"lang":"vi","translations":{"vi":21221},"pll_sync_post":[],"_links":{"self":[{"href":"https:\/\/demo8.thuythu.com\/avsd\/wp-json\/wp\/v2\/product\/21221"}],"collection":[{"href":"https:\/\/demo8.thuythu.com\/avsd\/wp-json\/wp\/v2\/product"}],"about":[{"href":"https:\/\/demo8.thuythu.com\/avsd\/wp-json\/wp\/v2\/types\/product"}],"replies":[{"embeddable":true,"href":"https:\/\/demo8.thuythu.com\/avsd\/wp-json\/wp\/v2\/comments?post=21221"}],"wp:featuredmedia":[{"embeddable":true,"href":"https:\/\/demo8.thuythu.com\/avsd\/wp-json\/wp\/v2\/media\/21222"}],"wp:attachment":[{"href":"https:\/\/demo8.thuythu.com\/avsd\/wp-json\/wp\/v2\/media?parent=21221"}],"wp:term":[{"taxonomy":"product_cat","embeddable":true,"href":"https:\/\/demo8.thuythu.com\/avsd\/wp-json\/wp\/v2\/product_cat?post=21221"},{"taxonomy":"product_tag","embeddable":true,"href":"https:\/\/demo8.thuythu.com\/avsd\/wp-json\/wp\/v2\/product_tag?post=21221"}],"curies":[{"name":"wp","href":"https:\/\/api.w.org\/{rel}","templated":true}]}}