{"id":4151,"date":"2023-01-10T18:35:35","date_gmt":"2023-01-10T11:35:35","guid":{"rendered":"https:\/\/demo8.thuythu.com\/btmglobal\/?page_id=4151"},"modified":"2023-02-16T16:07:46","modified_gmt":"2023-02-16T09:07:46","slug":"ban-lanh-dao","status":"publish","type":"page","link":"https:\/\/demo8.thuythu.com\/btmglobal\/ban-lanh-dao\/","title":{"rendered":"Ban l\u00e3nh \u0111\u1ea1o"},"content":{"rendered":"<p><span style=\"text-align: justify;\">\u0110\u1ed9i ng\u0169 l\u00e3nh \u0111\u1ea1o c\u1ee7a ch\u00fang t\u00f4i c\u00f3 n\u1ec1n t\u1ea3ng ki\u1ebfn th\u1ee9c chuy\u00ean m\u00f4n \u0111a d\u1ea1ng v\u00e0 ph\u00f9 h\u1ee3p v\u1edbi ca\u0301c s\u1ee9 m\u1ec7nh va\u0300 mu\u0323c ti\u00eau c\u1ee7a BTM. Ch\u00fang t\u00f4i \u0111\u1ecbnh h\u00ecnh doanh nghi\u1ec7p v\u1edbi l\u00f4\u0301i t\u01b0 duy s\u00e1ng t\u1ea1o, th\u01b0\u0323c hi\u1ec7n chu\u00e2\u0309n xa\u0301c mo\u0323i y\u00eau c\u1ea7u c\u1ee7a kh\u00e1ch h\u00e0ng v\u00e0 b\u00ean ca\u0323nh \u0111o\u0301 cu\u0303ng kh\u00f4ng qu\u00ean la\u0300m tro\u0300n tra\u0301ch nhi\u1ec7m h\u00f4\u0303 tr\u01a1\u0323 c\u1ed9ng \u0111\u1ed3ng n\u01a1i ch\u00fang t\u00f4i sinh s\u1ed1ng v\u00e0 l\u00e0m vi\u1ec7c.<\/span><\/p>\n<div class=\"fusion-content-boxes content-boxes columns row fusion-columns-2 fusion-columns-total-7 fusion-content-boxes-1 content-boxes-icon-with-title content-left banlanhdao\" data-animationoffset=\"&quot;top-into-view\">\n<div class=\"fusion-column content-box-column content-box-column content-box-column-1 col-lg-6 col-md-6 col-sm-6 fusion-content-box-hover content-box-column-first-in-row\" style=\"width: 47%;\">\n<div class=\"col content-box-wrapper content-wrapper link-area-link-icon icon-hover-animation-fade\" data-animationoffset=\"top-into-view\">\n<div class=\"content-container\">\n<h3 data-fontsize=\"16\" data-lineheight=\"16px\"><\/h3>\n<h3 class=\"fusion-responsive-typography-calculated\" data-fontsize=\"16\" data-lineheight=\"16px\"><span style=\"font-size: 12pt;\"><strong>Tom Schoen<br \/>\n<\/strong><\/span><span style=\"font-size: 9.5pt;\"><strong><em>T\u1ed5ng Gi\u00e1m \u0110\u1ed1c \u0110i\u1ec1u H\u00e0nh<\/em><\/strong><\/span><\/h3>\n<div class=\"alignright\">\n<div class=\"fusion-social-links fusion-social-links-1\">\n<div class=\"fusion-social-networks\">\n<div class=\"fusion-social-networks-wrapper\"><\/div>\n<\/div>\n<\/div>\n<\/div>\n<p><img decoding=\"async\" loading=\"lazy\" class=\"alignright size-full wp-image-12133 lazyloaded\" src=\"https:\/\/www.btmglobal.com\/wp-content\/uploads\/2015\/12\/Tom_Schoen-1.jpg\" alt=\"Tom_Schoen\" width=\"150\" height=\"175\" data-orig-src=\"\/btmglobal\/wp-content\/uploads\/2015\/12\/Tom_Schoen-1.jpg\" \/><\/p>\n<p style=\"text-align: justify;\">\u00d4ng Tom Schoen l\u00e0 T\u1ed5ng Gi\u00e1m \u0110\u1ed1c \u0110i\u1ec1u H\u00e0nh ki\u00eam Ch\u1ee7 T\u1ecbch H\u1ed9i \u0110\u1ed3ng Qu\u1ea3n Tr\u1ecb c\u1ee7a c\u00f4ng ty BTM Global. \u00d4ng l\u00e0 ng\u01b0\u1eddi ho\u1ea1ch \u0111\u1ecbnh c\u00e1c chi\u1ebfn l\u01b0\u1ee3c c\u1ee7a c\u00f4ng ty, v\u00e0 tham gia qu\u1ea3n l\u00fd nh\u00f3m kh\u00e1ch h\u00e0ng l\u1edbn nh\u1ea5t c\u1ee7a c\u00f4ng ty. V\u1edbi 30 n\u0103m ph\u00e1t tri\u1ec3n ph\u1ea7n m\u1ec1m trong nhi\u1ec1u l\u0129nh v\u1ef1c nh\u01b0 khoa h\u1ecdc, qu\u00e2n s\u1ef1, b\u00e1n l\u1ebb\u2026, \u00f4ng c\u00f3 r\u1ea5t nhi\u1ec1u kinh nghi\u1ec7m trong vi\u1ec7c qu\u1ea3n l\u00fd c\u00e1c kh\u00e1ch h\u00e0ng c\u00f3 quy m\u00f4 to\u00e0n c\u1ea7u c\u00f9ng nhi\u1ec1u y\u00eau c\u1ea7u ph\u1ee9c t\u1ea1p. \u00d4ng \u0111\u00e3 gi\u1eef nhi\u1ec1u v\u1ecb tr\u00ed l\u00e3nh \u0111\u1ea1o t\u1ea1i c\u00e1c c\u00f4ng ty nh\u01b0 Traveler\u2019s Insurance, Retek Inc. \u00d4ng c\u00f3 b\u1eb1ng C\u1eed nh\u00e2n khoa h\u1ecdc chuy\u00ean ng\u00e0nh k\u1ef9 thu\u1eadt \u0111i\u1ec7n c\u1ee7a \u0110\u1ea1i h\u1ecdc Marquette. \u00d4ng c\u0169ng gi\u00e1m s\u00e1t c\u00e1c ho\u1ea1t \u0111\u1ed9ng t\u1eeb thi\u1ec7n c\u1ee7a BTM Global, bao g\u1ed3m x\u00e2y d\u1ef1ng nh\u00e0 cho nh\u1eefng gia \u0111\u00ecnh c\u00f3 ho\u00e0n c\u1ea3nh kh\u00f3 kh\u0103n, c\u1ee9u tr\u1ee3 cho tr\u1ebb em m\u1ed3 c\u00f4i v\u00e0 c\u00e1c ho\u1ea1t \u0111\u1ed9ng phi l\u1ee3i nhu\u1eadn kh\u00e1c.<\/p>\n<\/div>\n<\/div>\n<\/div>\n<div class=\"fusion-column content-box-column content-box-column content-box-column-2 col-lg-6 col-md-6 col-sm-6 fusion-content-box-hover content-box-column-last-in-row\" style=\"width: 47%;\">\n<div class=\"col content-box-wrapper content-wrapper link-area-link-icon icon-hover-animation-fade\" data-animationoffset=\"top-into-view\">\n<div class=\"fusion-clearfix\"><\/div>\n<div class=\"content-container\">\n<h3 data-fontsize=\"16\" data-lineheight=\"16px\"><\/h3>\n<h3 class=\"fusion-responsive-typography-calculated\" data-fontsize=\"16\" data-lineheight=\"16px\"><span style=\"font-size: 12pt;\"><strong>Andy Huynh<br \/>\n<\/strong><\/span><span style=\"font-size: 10pt;\"><strong><em>Gi\u00e1m \u0110\u1ed1c C\u00f4ng Ngh\u1ec7<\/em><\/strong><\/span><\/h3>\n<div class=\"alignright\">\n<div class=\"fusion-social-links fusion-social-links-2\">\n<div class=\"fusion-social-networks\">\n<div class=\"fusion-social-networks-wrapper\"><\/div>\n<\/div>\n<\/div>\n<\/div>\n<p><img decoding=\"async\" loading=\"lazy\" class=\"alignright size-full wp-image-12134 ls-is-cached lazyloaded\" src=\"https:\/\/www.btmglobal.com\/wp-content\/uploads\/2015\/12\/Andy_Huynh-1.jpg\" alt=\"Andy_Huynh\" width=\"150\" height=\"175\" data-orig-src=\"\/btmglobal\/wp-content\/uploads\/2015\/12\/Andy_Huynh-1.jpg\" \/><\/p>\n<div style=\"text-align: justify;\">\u00d4ng Andy Hu\u1ef3nh th\u00e0nh l\u1eadp c\u00f4ng ty BTM Global v\u00e0o n\u0103m 2004 v\u00e0 gi\u1eef ch\u1ee9c v\u1ee5 Gi\u00e1m \u0110\u1ed1c C\u00f4ng Ngh\u1ec7 ki\u00eam Th\u00e0nh Vi\u00ean H\u1ed9i \u0110\u1ed3ng Qu\u1ea3n Tr\u1ecb. \u00d4ng c\u00f3 h\u01a1n 20 n\u0103m kinh nghi\u1ec7m trong vi\u1ec7c ph\u00e1t tri\u1ec3n ph\u1ea7n m\u1ec1m b\u00e1n l\u1ebb ph\u1ee9c t\u1ea1p v\u00e0 tri\u1ec3n khai h\u1ec7 th\u1ed1ng ERP. \u00d4ng c\u0169ng t\u1eebng gi\u1eef v\u1ecb tr\u00ed ki\u1ebfn tr\u00fac s\u01b0 ph\u1ea7n m\u1ec1m cao c\u1ea5p t\u1ea1i c\u00f4ng ty Retek, Inc. (nay \u0111\u1ed5i t\u00ean th\u00e0nh Oracle Retail). \u00d4ng \u0111\u00e3 \u0111\u1ea1t \u0111\u01b0\u1ee3c nh\u1eefng th\u00e0nh c\u00f4ng trong vi\u1ec7c t\u1ed1i \u01b0u h\u00f3a hi\u1ec7u su\u1ea5t ph\u1ea7n m\u1ec1m cho m\u1ed9t s\u1ed1 \u1ee9ng d\u1ee5ng t\u1eadp trung v\u00e0o nh\u1eefng nh\u00e0 b\u00e1n l\u1ebb c\u00f3 quy m\u00f4 l\u1edbn, c\u0169ng nh\u01b0 thay \u0111\u1ed5i ki\u1ebfn tr\u00fac ph\u1ea7n m\u1ec1m \u0111\u1ec3 ch\u1ea1y \u0111\u01b0\u1ee3c tr\u00ean nhi\u1ec1u c\u01a1 s\u1edf d\u1eef li\u1ec7u (Oracle, DB2 v\u00e0 Teradata). \u00d4ng c\u00f3 b\u1eb1ng K\u1ef9 s\u01b0 \u0111i\u1ec7n c\u1ee7a \u0110\u1ea1i h\u1ecdc Minnesota. \u00d4ng c\u0169ng gi\u00e0nh \u0111\u01b0\u1ee3c gi\u1ea3i th\u01b0\u1edfng v\u1ec1 s\u1ef1 \u0111a d\u1ea1ng trong kinh doanh (Diversity in Business) t\u1eeb t\u1ea1p ch\u00ed kinh doanh Minneapolis \/ St Paul. B\u00ean c\u1ea1nh \u0111\u00f3, \u00d4ng c\u0169ng t\u00edch c\u1ef1c l\u00e0m vi\u1ec7c v\u00e0 h\u1ed7 tr\u1ee3 cho m\u1ed9t s\u1ed1 tr\u1ea1i tr\u1ebb m\u1ed3 c\u00f4i \u1edf Vi\u1ec7t Nam.<\/div>\n<\/div>\n<\/div>\n<\/div>\n<div class=\"fusion-column content-box-column content-box-column content-box-column-3 col-lg-6 col-md-6 col-sm-6 fusion-content-box-hover content-box-column-first-in-row\" style=\"width: 47%;\">\n<div class=\"col content-box-wrapper content-wrapper link-area-link-icon icon-hover-animation-fade\" data-animationoffset=\"top-into-view\">\n<div class=\"fusion-clearfix\"><\/div>\n<div class=\"content-container\">\n<h3 data-fontsize=\"16\" data-lineheight=\"16px\"><\/h3>\n<h3 class=\"fusion-responsive-typography-calculated\" data-fontsize=\"16\" data-lineheight=\"16px\"><span style=\"font-size: 12pt;\"><strong>Kimberly Berneck<br \/>\n<\/strong><\/span><span style=\"font-size: 10pt;\"><strong><em>Ph\u00f3 T\u1ed5ng Gi\u00e1m \u0110\u1ed1c<\/em><\/strong><\/span><\/h3>\n<div class=\"alignright\">\n<div class=\"fusion-social-links fusion-social-links-3\">\n<div class=\"fusion-social-networks\">\n<div class=\"fusion-social-networks-wrapper\"><\/div>\n<\/div>\n<\/div>\n<\/div>\n<p><img decoding=\"async\" loading=\"lazy\" class=\"alignright size-full wp-image-12130 ls-is-cached lazyloaded\" src=\"https:\/\/www.btmglobal.com\/wp-content\/uploads\/2015\/12\/Kimberly_Berneck-1.jpg\" alt=\"Kimberly_Berneck\" width=\"150\" height=\"175\" data-orig-src=\"\/btmglobal\/wp-content\/uploads\/2015\/12\/Kimberly_Berneck-1.jpg\" \/><\/p>\n<div style=\"text-align: justify;\">B\u00e0 Kimberly Berneck l\u00e0 Ph\u00f3 T\u1ed5ng Gi\u00e1m \u0110\u1ed1c c\u1ee7a BTM Global. B\u00e0 gi\u00e1m s\u00e1t t\u1ea5t c\u1ea3 c\u00e1c ho\u1ea1t \u0111\u1ed9ng v\u1ec1 chuy\u1ec3n giao s\u1ea3n ph\u1ea9m cho kh\u00e1ch h\u00e0ng. B\u00e0 tin r\u1eb1ng s\u1ef1 minh b\u1ea1ch v\u00e0 nh\u1ea5t qu\u00e1n l\u00e0 ch\u00eca kh\u00f3a \u0111\u1ec3 x\u00e2y d\u1ef1ng m\u1ed1i quan h\u1ec7 chuy\u00ean nghi\u1ec7p v\u00e0 l\u00e2u d\u00e0i, v\u00e0 \u0111\u00e2y l\u00e0 th\u00f4ng \u0111i\u1ec7p m\u00e0 b\u00e0 mu\u1ed1n nh\u1ea5n m\u1ea1nh v\u1edbi nh\u00f3m c\u1ee7a m\u00ecnh. B\u00e0 Kimberly c\u00f3 20 n\u0103m kinh nghi\u1ec7m cung c\u1ea5p c\u00e1c d\u1ef1 \u00e1n ph\u1ea7n m\u1ec1m quy m\u00f4 l\u1edbn trong c\u00e1c l\u0129nh v\u1ef1c nh\u01b0 th\u01b0\u01a1ng m\u1ea1i \u0111i\u1ec7n t\u1eed, t\u00e0i ch\u00ednh, th\u1ebf ch\u1ea5p ng\u00e2n h\u00e0ng, b\u00e1n l\u1ebb v\u00e0 vi\u1ec5n th\u00f4ng. Tr\u01b0\u1edbc khi gia nh\u1eadp \u0111\u1ed9i ng\u0169 BTM Global, b\u00e0 l\u00e0 Gi\u00e1m \u0110\u1ed1c C\u1ea5p Cao v\u1ec1 ph\u00e1t tri\u1ec3n b\u00e1n l\u1ebb t\u1ea1i c\u00f4ng ty Oracle Retail. B\u00e0 \u0111\u00e3 gi\u1eef c\u00e1c v\u1ecb tr\u00ed qu\u1ea3n l\u00fd c\u1ea5p cao t\u1ea1i c\u00e1c c\u00f4ng ty ShopNBC, Retek Inc. (nay \u0111\u1ed5i t\u00ean th\u00e0nh Oracle Retail), Plural Consulting and Accenture (nay \u0111\u1ed5i t\u00ean th\u00e0nh Dell). B\u00e0 c\u00f3 b\u1eb1ng k\u1ef9 s\u01b0 h\u00f3a h\u1ecdc c\u1ee7a \u0110\u1ea1i h\u1ecdc Minnesota.<\/div>\n<\/div>\n<\/div>\n<\/div>\n<div class=\"fusion-column content-box-column content-box-column content-box-column-4 col-lg-6 col-md-6 col-sm-6 fusion-content-box-hover content-box-column-last-in-row\" style=\"width: 47%;\">\n<div class=\"col content-box-wrapper content-wrapper link-area-link-icon icon-hover-animation-fade\" data-animationoffset=\"top-into-view\">\n<div class=\"fusion-clearfix\"><\/div>\n<div class=\"content-container\">\n<h3 data-fontsize=\"16\" data-lineheight=\"16px\"><\/h3>\n<h3 class=\"fusion-responsive-typography-calculated\" data-fontsize=\"16\" data-lineheight=\"16px\"><span style=\"font-size: 12pt;\"><strong>Julie Sirek<br \/>\n<\/strong><\/span><span style=\"font-size: 10pt;\"><strong><em>Ph\u00f3 Gi\u00e1m \u0110\u1ed1c \u0110i\u1ec1u H\u00e0nh<\/em><\/strong><\/span><\/h3>\n<div class=\"alignright\">\n<div class=\"fusion-social-links fusion-social-links-4\">\n<div class=\"fusion-social-networks\">\n<div class=\"fusion-social-networks-wrapper\"><\/div>\n<\/div>\n<\/div>\n<\/div>\n<p><img decoding=\"async\" loading=\"lazy\" class=\"size-full wp-image-12321 alignright ls-is-cached lazyloaded\" src=\"https:\/\/www.btmglobal.com\/wp-content\/uploads\/2016\/06\/sirek.jpg\" alt=\"Tien_Huynh\" width=\"150\" height=\"175\" data-orig-src=\"\/btmglobal\/wp-content\/uploads\/2016\/06\/sirek.jpg\" \/><\/p>\n<div style=\"text-align: justify;\">V\u1edbi vai tr\u00f2 l\u00e0 Ph\u00f3 Gi\u00e1m \u0110\u1ed1c \u0110i\u1ec1u H\u00e0nh, B\u00e0 Julie Sirek ch\u1ecbu tr\u00e1ch nhi\u1ec7m \u0111i\u1ec1u h\u00e0nh t\u1ea5t c\u1ea3 c\u00e1c ho\u1ea1t \u0111\u1ed9ng c\u1ee7a c\u00f4ng ty t\u1ea1i Hoa K\u1ef3 bao g\u1ed3m qu\u1ea3n tr\u1ecb ngu\u1ed3n nh\u00e2n l\u1ef1c, tuy\u1ec3n d\u1ee5ng, qu\u1ea3n l\u00fd c\u00e1c ch\u1ebf \u0111\u1ed9 ph\u00fac l\u1ee3i c\u1ee7a nh\u00e2n vi\u00ean c\u0169ng nh\u01b0 tham gia v\u00e0o vi\u1ec7c th\u1ef1c hi\u1ec7n chi\u1ebfn l\u01b0\u1ee3c v\u00e0 h\u1ed7 tr\u1ee3 c\u00e1c d\u1ef1 \u00e1n nh\u1eb1m gi\u00fap c\u00f4ng ty \u0111\u1ea1t \u0111\u01b0\u1ee3c m\u1ee5c ti\u00eau \u0111\u1eb7t ra. Tr\u01b0\u1edbc khi l\u00e0m vi\u1ec7c to\u00e0n th\u1eddi gian t\u1ea1i BTM Global, b\u00e0 l\u00e0 c\u1ed1 v\u1ea5n nh\u00e2n s\u1ef1 \u0111\u00e1ng tin c\u1eady cho c\u00f4ng ty. B\u00e0 \u0111\u00e3 t\u1eebng l\u00e0 ph\u00f3 ch\u1ee7 t\u1ecbch Nh\u00e2n s\u1ef1 cho Vascular Solutions. B\u00e0 c\u00f3 b\u1eb1ng C\u1eed nh\u00e2n Khoa h\u1ecdc qu\u1ea3n tr\u1ecb kinh doanh c\u1ee7a \u0110\u1ea1i h\u1ecdc Wisconsin-Eau Claire.<\/div>\n<\/div>\n<\/div>\n<\/div>\n<div class=\"fusion-column content-box-column content-box-column content-box-column-5 col-lg-6 col-md-6 col-sm-6 fusion-content-box-hover content-box-column-first-in-row\" style=\"width: 47%;\">\n<div class=\"col content-box-wrapper content-wrapper link-area-link-icon icon-hover-animation-fade\" data-animationoffset=\"top-into-view\">\n<div class=\"fusion-clearfix\"><\/div>\n<div class=\"content-container\">\n<h3 data-fontsize=\"16\" data-lineheight=\"16px\"><\/h3>\n<h3 class=\"fusion-responsive-typography-calculated\" data-fontsize=\"16\" data-lineheight=\"16px\"><span style=\"font-size: 12pt;\"><strong>Judy Wright<\/strong><\/span><\/h3>\n<p class=\"fusion-responsive-typography-calculated\" data-fontsize=\"16\" data-lineheight=\"16px\"><span style=\"font-size: 10pt;\"><strong><em>Gi\u00e1m \u0110\u1ed1c T\u00e0i Ch\u00ednh<\/em><\/strong><\/span><\/p>\n<div class=\"alignright\">\n<div class=\"fusion-social-links fusion-social-links-5\">\n<div class=\"fusion-social-networks\">\n<div class=\"fusion-social-networks-wrapper\"><\/div>\n<\/div>\n<\/div>\n<\/div>\n<p><img decoding=\"async\" loading=\"lazy\" class=\"size-full wp-image-12321 alignright ls-is-cached lazyloaded\" src=\"https:\/\/www.btmglobal.com\/wp-content\/uploads\/2016\/10\/judy_wright.jpg\" alt=\"Kris_Paulson\" width=\"150\" height=\"175\" data-orig-src=\"\/btmglobal\/wp-content\/uploads\/2016\/10\/judy_wright.jpg\" \/><\/p>\n<div style=\"text-align: justify;\">B\u00e0 Judy Wright l\u00e0 Gi\u00e1m \u0110\u1ed1c t\u00e0i ch\u00ednh c\u1ee7a c\u00f4ng ty BTM Global. B\u00e0 ch\u1ecbu tr\u00e1ch nhi\u1ec7m ch\u00ednh trong vi\u1ec7c gi\u00e1m s\u00e1t t\u1ea5t c\u1ea3 c\u00e1c ho\u1ea1t \u0111\u1ed9ng t\u00e0i ch\u00ednh c\u1ee7a c\u00f4ng ty c\u00f9ng v\u1edbi vi\u1ec7c h\u1ed7 tr\u1ee3 v\u00e0 \u0111\u1ec1 xu\u1ea5t \u00fd ki\u1ebfn nh\u1eb1m t\u0103ng tr\u01b0\u1edfng doanh thu c\u1ee7a c\u00f4ng ty. V\u1edbi h\u01a1n 15 n\u0103m kinh nghi\u1ec7m, b\u00e0 \u0111\u00e3 gi\u1eef c\u00e1c v\u1ecb tr\u00ed nh\u01b0 ki\u1ec3m so\u00e1t t\u00e0i ch\u00ednh v\u00e0 k\u1ebf to\u00e1n doanh nghi\u1ec7p t\u1ea1i Outsell Corporation, Equus Computer Systems v\u00e0 c\u00e1c v\u1ecb tr\u00ed ki\u1ec3m so\u00e1t t\u00e0i ch\u00ednh kh\u00e1c \u1edf m\u1ed9t s\u1ed1 doanh nghi\u1ec7p kh\u00e1c nhau \u1edf Trung Qu\u1ed1c. B\u00e0 l\u00e0 m\u1ed9t k\u1ebf to\u00e1n vi\u00ean chuy\u00ean nghi\u1ec7p c\u00f3 ch\u1ee9ng ch\u1ec9 CPA (Certified Public Accountants) v\u00e0 c\u0169ng l\u00e0 th\u00e0nh vi\u00ean c\u1ee7a Hi\u1ec7p H\u1ed9i K\u1ebf To\u00e1n Chuy\u00ean Nghi\u1ec7p bang Minnesota (Minnesota Society of CPAs). B\u00e0 c\u00f3 b\u1eb1ng Th\u1ea1c s\u0129 Qu\u1ea3n tr\u1ecb Kinh doanh v\u1ec1 t\u00e0i ch\u00ednh v\u00e0 k\u1ebf to\u00e1n t\u1eeb \u0110\u1ea1i h\u1ecdc St. Thomas.<\/div>\n<\/div>\n<\/div>\n<\/div>\n<div class=\"fusion-column content-box-column content-box-column content-box-column-6 col-lg-6 col-md-6 col-sm-6 fusion-content-box-hover content-box-column-last-in-row\" style=\"width: 47%;\">\n<div class=\"col content-box-wrapper content-wrapper link-area-link-icon icon-hover-animation-fade\" data-animationoffset=\"top-into-view\">\n<div class=\"fusion-clearfix\"><\/div>\n<div class=\"content-container\">\n<h3 data-fontsize=\"16\" data-lineheight=\"16px\"><\/h3>\n<h3 class=\"fusion-responsive-typography-calculated\" data-fontsize=\"16\" data-lineheight=\"16px\"><span style=\"font-size: 12pt;\"><strong>Brian Verkinderen<br \/>\n<\/strong><\/span><span style=\"font-size: 10pt;\"><strong><em>Gi\u00e1m \u0110\u1ed1c B\u00e1n H\u00e0ng<\/em><\/strong><\/span><\/h3>\n<div class=\"alignright\">\n<div class=\"fusion-social-links fusion-social-links-6\">\n<div class=\"fusion-social-networks\">\n<div class=\"fusion-social-networks-wrapper\"><\/div>\n<\/div>\n<\/div>\n<\/div>\n<p><img decoding=\"async\" loading=\"lazy\" class=\"size-full wp-image-12321 alignright ls-is-cached lazyloaded\" src=\"https:\/\/www.btmglobal.com\/wp-content\/uploads\/2015\/12\/brian.jpg\" alt=\"Brian Verkinderen\" width=\"150\" height=\"175\" data-orig-src=\"\/btmglobal\/wp-content\/uploads\/2015\/12\/brian.jpg\" \/><\/p>\n<div style=\"text-align: justify;\">\u00d4ng Brian Verkinderen \u0111i \u0111\u1ea7u trong vi\u1ec7c m\u1edf r\u1ed9ng th\u1ecb ph\u1ea7n v\u1ec1 gi\u1ea3i ph\u00e1p b\u00e1n l\u1ebb c\u1ee7a BTM Global t\u1ea1i th\u1ecb tr\u01b0\u1eddng B\u1eafc M\u1ef9, v\u00e0 l\u00e0 ng\u01b0\u1eddi ch\u1ecbu tr\u00e1ch nhi\u1ec7m ch\u00ednh trong vi\u1ec7c ph\u00e1t tri\u1ec3n \u0111\u1ed9i ng\u0169 b\u00e1n h\u00e0ng, duy tr\u00ec c\u00e1c m\u1ed1i quan h\u1ec7 v\u1edbi kh\u00e1ch h\u00e0ng v\u00e0 l\u00e0m vi\u1ec7c ch\u1eb7t ch\u1ebd v\u1edbi c\u00e1c t\u1ed5 ch\u1ee9c \u0111\u1ed1i t\u00e1c tr\u00ean ph\u01b0\u01a1ng di\u1ec7n \u0111\u00f4i b\u00ean c\u00f9ng c\u00f3 l\u1ee3i. \u00d4ng c\u00f3 h\u01a1n 15 n\u0103m kinh nghi\u1ec7m v\u1ec1 tri\u1ec3n khai v\u00e0 c\u1ea3i ti\u1ebfn nh\u1eefng h\u1ec7 th\u1ed1ng ph\u1ea7n m\u1ec1m b\u00e1n l\u1ebb c\u1ee7a t\u1eadp \u0111o\u00e0n ORACLE (Oracle Retail Merchandising and Store) t\u1ea1i c\u00f4ng ty Accenture c\u0169ng nh\u01b0 l\u00e0m vi\u1ec7c theo c\u00e1c h\u1ee3p \u0111\u1ed3ng t\u1ef1 do. \u00d4ng t\u1ed1t nghi\u1ec7p \u0110\u1ea1i h\u1ecdc bang Minnesota, Mankato.<\/div>\n<\/div>\n<\/div>\n<\/div>\n<div class=\"fusion-column content-box-column content-box-column content-box-column-7 col-lg-6 col-md-6 col-sm-6 fusion-content-box-hover content-box-column-first-in-row content-box-column-last\" style=\"width: 47%;\">\n<div class=\"col content-box-wrapper content-wrapper link-area-link-icon icon-hover-animation-fade\" data-animationoffset=\"top-into-view\">\n<div class=\"fusion-clearfix\"><\/div>\n<div class=\"content-container\">\n<h3 data-fontsize=\"16\" data-lineheight=\"16px\"><\/h3>\n<h3 class=\"fusion-responsive-typography-calculated\" data-fontsize=\"16\" data-lineheight=\"16px\"><span style=\"font-size: 12pt;\"><strong>Hu\u1ef3nh Quang Ti\u1ebfn<br \/>\n<\/strong><\/span><span style=\"font-size: 10pt;\"><strong><em>Gi\u00e1m \u0110\u1ed1c \u0110i\u1ec1u H\u00e0nh t\u1ea1i Vi\u1ec7t Nam<\/em><\/strong><\/span><\/h3>\n<div class=\"alignright\">\n<div class=\"fusion-social-links fusion-social-links-7\">\n<div class=\"fusion-social-networks\">\n<div class=\"fusion-social-networks-wrapper\"><\/div>\n<\/div>\n<\/div>\n<\/div>\n<p><img decoding=\"async\" loading=\"lazy\" class=\"size-full wp-image-12321 alignright ls-is-cached lazyloaded\" src=\"https:\/\/www.btmglobal.com\/wp-content\/uploads\/2015\/12\/Tien_Huynh-2.jpg\" alt=\"Tien_Huynh\" width=\"150\" height=\"175\" data-orig-src=\"\/btmglobal\/wp-content\/uploads\/2015\/12\/Tien_Huynh-2.jpg\" \/><\/p>\n<div style=\"text-align: justify;\">\u00d4ng Ti\u1ebfn l\u00e0 gi\u00e1m \u0111\u1ed1c \u0111i\u1ec1u h\u00e0nh c\u00f4ng ty BTM Global Vi\u1ec7t Nam, \u00f4ng \u0111\u00f3ng vai tr\u00f2 quan tr\u1ecdng trong vi\u1ec7c ho\u1ea1ch \u0111\u1ecbnh chi\u1ebfn l\u01b0\u1ee3c ph\u00e1t tri\u1ec3n v\u00e0 \u0111i\u1ec1u h\u00e0nh c\u00f4ng ty t\u1ea1i Vi\u1ec7t Nam, \u00f4ng c\u0169ng tham gia ho\u1ea1ch \u0111\u1ecbnh ngu\u1ed3n nh\u00e2n l\u1ef1c cho d\u1ef1 \u00e1n c\u0169ng nh\u01b0 \u0111\u1ea3m b\u1ea3o vi\u1ec7c chuy\u1ec3n giao c\u00f4ng ngh\u1ec7 cho kh\u00e1ch h\u00e0ng. Tr\u01b0\u1edbc khi gia nh\u1eadp c\u00f4ng ty BTM Global, \u00f4ng Ti\u1ebfn \u0111\u00e3 c\u00f3 nhi\u1ec1u n\u0103m l\u00e0m qu\u1ea3n tr\u1ecb c\u00e1c d\u1ef1 \u00e1n l\u1edbn v\u1ec1 M\u1ea1ng v\u00e0 Vi\u1ec5n th\u00f4ng cho c\u00e1c c\u00f4ng ty ph\u1ea7n m\u1ec1m t\u1ea1i Vi\u1ec7t Nam. Khi \u0111\u00f3, \u00f4ng \u0111\u00e3 gi\u00fap c\u00f4ng ty ho\u00e0n th\u00e0nh nhi\u1ec1u d\u1ef1 \u00e1n c\u1ee7a c\u00e1c t\u1eadp \u0111o\u00e0n t\u00ean tu\u1ed5i tr\u00ean th\u1ebf gi\u1edbi. \u00d4ng c\u00f3 b\u1eb1ng C\u1eed nh\u00e2n C\u00f4ng ngh\u1ec7 th\u00f4ng tin v\u00e0 b\u1eb1ng Th\u1ea1c s\u0129 Qu\u1ea3n tr\u1ecb kinh doanh.<\/div>\n<\/div>\n<\/div>\n<\/div>\n<\/div>\n","protected":false},"excerpt":{"rendered":"<p>\u0110\u1ed9i ng\u0169 l\u00e3nh \u0111\u1ea1o c\u1ee7a ch\u00fang t\u00f4i c\u00f3 n\u1ec1n t\u1ea3ng ki\u1ebfn th\u1ee9c chuy\u00ean m\u00f4n \u0111a d\u1ea1ng v\u00e0 ph\u00f9 h\u1ee3p v\u1edbi ca\u0301c s\u1ee9 m\u1ec7nh va\u0300 mu\u0323c ti\u00eau c\u1ee7a BTM. Ch\u00fang t\u00f4i \u0111\u1ecbnh h\u00ecnh doanh nghi\u1ec7p v\u1edbi l\u00f4\u0301i t\u01b0 duy s\u00e1ng t\u1ea1o, th\u01b0\u0323c hi\u1ec7n chu\u00e2\u0309n xa\u0301c mo\u0323i y\u00eau c\u1ea7u c\u1ee7a kh\u00e1ch h\u00e0ng v\u00e0 b\u00ean ca\u0323nh \u0111o\u0301 cu\u0303ng &#8230; <a title=\"Ban l\u00e3nh \u0111\u1ea1o\" class=\"read-more\" href=\"https:\/\/demo8.thuythu.com\/btmglobal\/ban-lanh-dao\/\" aria-label=\"More on Ban l\u00e3nh \u0111\u1ea1o\">Read more<\/a><\/p>\n","protected":false},"author":1,"featured_media":0,"parent":0,"menu_order":0,"comment_status":"closed","ping_status":"closed","template":"","meta":{"footnotes":""},"acf":[],"_links":{"self":[{"href":"https:\/\/demo8.thuythu.com\/btmglobal\/wp-json\/wp\/v2\/pages\/4151"}],"collection":[{"href":"https:\/\/demo8.thuythu.com\/btmglobal\/wp-json\/wp\/v2\/pages"}],"about":[{"href":"https:\/\/demo8.thuythu.com\/btmglobal\/wp-json\/wp\/v2\/types\/page"}],"author":[{"embeddable":true,"href":"https:\/\/demo8.thuythu.com\/btmglobal\/wp-json\/wp\/v2\/users\/1"}],"replies":[{"embeddable":true,"href":"https:\/\/demo8.thuythu.com\/btmglobal\/wp-json\/wp\/v2\/comments?post=4151"}],"version-history":[{"count":18,"href":"https:\/\/demo8.thuythu.com\/btmglobal\/wp-json\/wp\/v2\/pages\/4151\/revisions"}],"predecessor-version":[{"id":5917,"href":"https:\/\/demo8.thuythu.com\/btmglobal\/wp-json\/wp\/v2\/pages\/4151\/revisions\/5917"}],"wp:attachment":[{"href":"https:\/\/demo8.thuythu.com\/btmglobal\/wp-json\/wp\/v2\/media?parent=4151"}],"curies":[{"name":"wp","href":"https:\/\/api.w.org\/{rel}","templated":true}]}}