{"id":342,"date":"2020-04-22T09:29:06","date_gmt":"2020-04-22T02:29:06","guid":{"rendered":"https:\/\/demo8.thuythu.com\/cuaadong-32\/?post_type=product&#038;p=342"},"modified":"2020-05-03T20:21:01","modified_gmt":"2020-05-03T13:21:01","slug":"cua-so-mo-quay","status":"publish","type":"product","link":"https:\/\/demo8.thuythu.com\/cuaadong-32\/phu-kien\/cua-so-mo-quay\/","title":{"rendered":"C\u1eeda s\u1ed5 m\u1edf quay"},"content":{"rendered":"","protected":false},"excerpt":{"rendered":"<p>C\u1eeda s\u1ed5 m\u1edf quay nh\u00f4m Savio \u0111\u1ecbnh v\u1ecb \u0111\u01b0\u1ee3c v\u1ecb tr\u00ed g\u00f3c m\u1edf ( g\u00f3c m\u1edf t\u1ed1i \u0111a 90 \u0111\u1ed9 ) <br \/>\nC\u00f3 th\u1ec3 m\u1edf h\u00e9 nh\u1ecf \u0111\u1ec3 l\u1ea5y tho\u00e1ng kh\u00f4ng kh\u00ed hay m\u1edf r\u1ed9ng l\u1edbn t\u1ed1i \u0111a theo nhu c\u1ea7u s\u1eed d\u1ee5ng.<br \/>\nKh\u00f4ng \u1ea3nh h\u01b0\u1edfng \u0111\u1ebfn di\u1ec7n t\u00edch s\u1eed d\u1ee5ng c\u1ee7a c\u0103n ph\u00f2ng, an to\u00e0n b\u1ec1n \u0111\u1eb9p &#038; th\u1ea9m m\u1ef9.<br \/>\n\u0110\u01b0\u1ee3c l\u1eafp gh\u00e9p b\u1edfi thanh profile nh\u00f4m \u0111\u1ecbnh h\u00ecnh thi\u1ebft k\u1ebf c\u00e1c g\u00e2n gia c\u01b0\u1eddng t\u0103ng kh\u1ea3 n\u0103ng ch\u1ecbu l\u1ef1c.<br \/>\nB\u1ec1 m\u1eb7t \u0111\u01b0\u1ee3c bao ph\u1ee7 b\u1edfi l\u1edbp s\u01a1n t\u0129nh \u0111i\u1ec7n cao c\u1ea5p, ch\u1ed1ng phai m\u00e0u l\u00e3o h\u00f3a theo th\u1eddi gian.<br \/>\nS\u1eed d\u1ee5ng b\u1ea3n l\u1ec1 ch\u1eef A, tay n\u1eafm \u0111a \u0111i\u1ec3m v\u00e0 thanh ch\u1ed1t n\u00ean ch\u1ed1ng \u0111\u01b0\u1ee3c nguy c\u01a1 b\u1ecb gi\u00f3 \u0111\u1eadp.<br \/>\n\u0110\u1ea3m b\u1ea3o t\u00ednh c\u00e1ch \u00e2m, c\u00e1ch nhi\u1ec7t, k\u00edn kh\u00edt v\u00e0 ng\u0103n th\u00e2m n\u01b0\u1edbc v\u00e0o b\u00ean trong tuy\u1ec7t \u0111\u1ed1i 100%<br \/>\nC\u00f3 th\u1ec3 thi\u1ebft k\u1ebf l\u00e0m m\u1eabu c\u1eeda s\u1ed5 m\u1edf quay 1 c\u00e1nh, 2 c\u00e1nh, 3 c\u00e1nh, 4 c\u00e1nh v\u00e0 m\u1edf nhi\u1ec1u c\u00e1nh.<\/p>\n","protected":false},"featured_media":562,"template":"","meta":[],"_links":{"self":[{"href":"https:\/\/demo8.thuythu.com\/cuaadong-32\/wp-json\/wp\/v2\/product\/342"}],"collection":[{"href":"https:\/\/demo8.thuythu.com\/cuaadong-32\/wp-json\/wp\/v2\/product"}],"about":[{"href":"https:\/\/demo8.thuythu.com\/cuaadong-32\/wp-json\/wp\/v2\/types\/product"}],"wp:featuredmedia":[{"embeddable":true,"href":"https:\/\/demo8.thuythu.com\/cuaadong-32\/wp-json\/wp\/v2\/media\/562"}],"wp:attachment":[{"href":"https:\/\/demo8.thuythu.com\/cuaadong-32\/wp-json\/wp\/v2\/media?parent=342"}],"curies":[{"name":"wp","href":"https:\/\/api.w.org\/{rel}","templated":true}]}}