{"id":625,"date":"2020-05-03T21:28:42","date_gmt":"2020-05-03T14:28:42","guid":{"rendered":"https:\/\/demo8.thuythu.com\/cuaadong-32\/?post_type=product&#038;p=625"},"modified":"2020-05-03T21:30:34","modified_gmt":"2020-05-03T14:30:34","slug":"phu-kien-a03","status":"publish","type":"product","link":"https:\/\/demo8.thuythu.com\/cuaadong-32\/phu-kien\/phu-kien-a03\/","title":{"rendered":"Ph\u1ee5 ki\u1ec7n A03"},"content":{"rendered":"","protected":false},"excerpt":{"rendered":"<p>\u0110\u1ed1i v\u1edbi d\u00f2ng s\u1ea3n ph\u1ea9m c\u1eeda nh\u00f4m xingfa \u2013 s\u1eed d\u1ee5ng ph\u1ee5 ki\u1ec7n CMECH g\u00f3p ph\u1ea7n t\u00f4n l\u00ean v\u1ebb \u0111\u1eb9p sang tr\u1ecdng v\u00e0 kh\u00e1c bi\u1ec7t cho ng\u00f4i nh\u00e0 b\u1ea1n. \u0110\u1ed3ng th\u1eddi ph\u1ee5 ki\u1ec7n CMECH \u0111\u01b0\u1ee3c \u00e1p d\u1ee5ng c\u00f4ng ngh\u1ec7 x\u1eed l\u00fd b\u1ec1 m\u1eb7t M-treatment (ch\u1ed1ng mu\u1ed1i bi\u1ec3n) n\u00ean c\u00f3 th\u1ec3 s\u1eed d\u1ee5ng \u0111\u01b0\u1ee3c t\u1ea1i khu v\u1ef1c ven bi\u1ec3n nh\u01b0 Resort, khu nh\u00e0 ven bi\u1ec3n\u2026 <\/p>\n<p>\u0110\u1ed1i v\u1edbi vi\u1ec7c l\u1ef1a ch\u1ecdn ph\u1ee5 ki\u1ec7n c\u1eeda nh\u00f4m xingfa, th\u01b0\u01a1ng hi\u1ec7u ph\u1ee5 ki\u1ec7n CMECH ph\u00f9 h\u1ee3p v\u1edbi nh\u1eefng ng\u00f4i nh\u00e0 bi\u1ec7t th\u1ef1 cao c\u1ea5p, trung t\u00e2m th\u01b0\u01a1ng m\u1ea1i, kh\u00e1ch s\u1ea1n 5 sao, v\u00e0 c\u0103n h\u1ed9 cao c\u1ea5p.<\/p>\n<p>D\u00e2y chuy\u1ec1n s\u1ea3n xu\u1ea5t ho\u00e0n to\u00e0n t\u1ef1 \u0111\u1ed9ng v\u1edbi h\u1ec7 th\u1ed1ng m\u00e1y m\u00f3c \u0111\u1ebfn t\u1eeb h\u00e3ng KUKA (\u0110\u1ee9c) v\u00e0 FANUC (Nh\u1eadt) gi\u00fap t\u1ea1o ra nh\u1eefng s\u1ea3n ph\u1ea9m c\u00f3 ch\u1ea5t l\u01b0\u1ee3ng 1 tri\u1ec7u chi\u1ebfc gi\u1ed1ng nhau TUY\u1ec6T \u0110\u1ed0I.<br \/>\n<br \/>\nKhu\u00f4n \u0111\u00fac \u0111\u01b0\u1ee3c ch\u1ebf t\u1ea1o t\u1eeb m\u00e1y m\u00f3c c\u1ee7a h\u00e3ng Mori Seiki &amp; Makino \u2013 c\u0169ng l\u00e0 nh\u00e0 cung c\u1ea5p m\u00e1y m\u00f3c cho h\u00e3ng \u0111\u1ed3ng h\u1ed3 Rolex, gi\u00fap t\u1ea1o ra nh\u1eefng b\u1ed9 khu\u00f4n c\u1ef1c k\u1ef3 ch\u00ednh x\u00e1c &amp; tinh x\u1ea3o.<br \/>\n<br \/>\nC\u00f4ng ngh\u1ec7 x\u1eed l\u00fd b\u1ec1 m\u1eb7t \u0110\u1ed9c quy\u1ec1n M-treatment duy nh\u1ea5t tr\u00ean th\u1ebf gi\u1edbi gi\u00fap t\u0103ng kh\u1ea3 n\u0103ng ch\u1ed1ng mu\u1ed1i bi\u1ec3n l\u00ean g\u1ea5p 10 l\u1ea7n so v\u1edbi th\u00f4ng th\u01b0\u1eddng, r\u1ea5t h\u1eefu \u00edch cho c\u00e1c c\u00f4ng tr\u00ecnh s\u00e1t bi\u1ec3n nh\u01b0 Vi\u1ec7t Nam.<br \/>\n<br \/>\nH\u1ec7 th\u1ed1ng qu\u1ea3n l\u00fd th\u00f4ng tin \u0111\u1ebfn t\u1eeb h\u00e3ng Simens (\u0110\u1ee9c) v\u00e0 Infor (M\u1ef9) gi\u00fap h\u1ec7 th\u1ed1ng v\u1eadn h\u00e0nh khoa h\u1ecdc theo \u0111\u1ecbnh h\u01b0\u1edbng 4.0.<\/p>\n","protected":false},"featured_media":611,"template":"","meta":[],"_links":{"self":[{"href":"https:\/\/demo8.thuythu.com\/cuaadong-32\/wp-json\/wp\/v2\/product\/625"}],"collection":[{"href":"https:\/\/demo8.thuythu.com\/cuaadong-32\/wp-json\/wp\/v2\/product"}],"about":[{"href":"https:\/\/demo8.thuythu.com\/cuaadong-32\/wp-json\/wp\/v2\/types\/product"}],"wp:featuredmedia":[{"embeddable":true,"href":"https:\/\/demo8.thuythu.com\/cuaadong-32\/wp-json\/wp\/v2\/media\/611"}],"wp:attachment":[{"href":"https:\/\/demo8.thuythu.com\/cuaadong-32\/wp-json\/wp\/v2\/media?parent=625"}],"curies":[{"name":"wp","href":"https:\/\/api.w.org\/{rel}","templated":true}]}}