{"id":629,"date":"2020-05-03T21:36:35","date_gmt":"2020-05-03T14:36:35","guid":{"rendered":"https:\/\/demo8.thuythu.com\/cuaadong-32\/?post_type=product&#038;p=629"},"modified":"2020-05-03T21:36:35","modified_gmt":"2020-05-03T14:36:35","slug":"phu-kien-b03","status":"publish","type":"product","link":"https:\/\/demo8.thuythu.com\/cuaadong-32\/phu-kien\/phu-kien-b03\/","title":{"rendered":"Ph\u1ee5 ki\u1ec7n B03"},"content":{"rendered":"","protected":false},"excerpt":{"rendered":"<p>Hopo l\u00e0 1 trong nh\u1eefng c\u00f4ng ty l\u1edbn h\u00e0ng \u0111\u1ea7u cung c\u1ea5p ph\u1ee5 ki\u1ec7n cho ng\u00e0nh c\u1eeda t\u1ea1i Trung Qu\u1ed1c v\u1edbi nhi\u1ec1u m\u1eabu m\u00e3 d\u00e0nh cho c\u1eeda nh\u00f4m. Hoppo l\u00e0 doanh nghi\u1ec7p ti\u00ean phong trong ki\u1ec3u d\u00e1ng s\u00e1ng t\u1ea1o nh\u1edd h\u1ec7 th\u1ed1ng ki\u1ec3m so\u00e1t th\u00f4ng minh \u2013 t\u1ed1i \u01b0u v\u1edbi v\u1eadt li\u1ec7u t\u1ed1t h\u01a1n v\u00e0 c\u00f4ng ngh\u1ec7 ti\u00ean ti\u1ebfn c\u1ee7a \u0110\u1ee9c. S\u1ea3n ph\u1ea9m c\u1ee7a Hopo lu\u00f4n h\u01b0\u1edbng t\u1edbi ch\u1ea5t l\u01b0\u1ee3ng, t\u00ednh n\u0103ng s\u1eed d\u1ee5ng v\u00e0 ki\u1ec3u d\u00e1ng ph\u00f9 h\u1ee3p v\u1edbi t\u1eebng lo\u1ea1i c\u1eeda c\u0169ng nh\u01b0 ng\u01b0\u1eddi s\u1eed d\u1ee5ng. \u0110\u01b0\u1ee3c s\u1ea3n xu\u1ea5t tr\u00ean d\u00e2y chuy\u1ec1n ti\u00ean ti\u1ebfn hi\u1ec7n \u0111\u1ea1i c\u00f9ng \u0111\u1ed9i ng\u0169 nh\u00e2n vi\u00ean tr\u1ebb tu\u1ed5i \u0111\u1ebfn t\u1eeb M\u1ef9, \u0110\u1ee9c v\u00e0 Trung Qu\u1ed1c\u2026 Ph\u1ee5 ki\u1ec7n Hopo lu\u00f4n \u0111\u01b0\u1ee3c qu\u1ea3n l\u00fd ch\u1ea5t l\u01b0\u1ee3ng nghi\u00eam ng\u1eb7t t\u1eeb kh\u00e2u nguy\u00ean li\u1ec7u \u0111\u1ea7u v\u00e0o, s\u1ea3n xu\u1ea5t, ki\u1ec3m tra, \u0111\u00f3ng g\u00f3i\u2026 v\u00e0 ki\u1ec3m tra \u0111\u1ed9 ch\u1ed1ng ch\u1ecbu th\u1eddi ti\u1ebft, \u0111\u1eb7c t\u00ednh v\u1eadt li\u1ec7u, ch\u1ed1ng \u0103n m\u00f2n, ch\u1ed1ng m\u00e0i m\u00f2n\u2026 cho t\u1eebng s\u1ea3n ph\u1ea9m \u0111\u1ec3 \u0111\u1ea3m b\u1ea3o ch\u1ea5t l\u01b0\u1ee3ng. <br \/>\nHi\u1ec7n nay, t\u1ea1i Vi\u1ec7t Nam ph\u1ee5 ki\u1ec7n Hopo l\u00e0 d\u00f2ng s\u1ea3n ph\u1ea9m cao c\u1ea5p \u00e1p d\u1ee5ng cho h\u1ec7 c\u1eeda nh\u00f4m k\u00ednh cao c\u1ea5p v\u00e0 lu\u00f4n \u0111\u01b0\u1ee3c \u0111\u00e1nh gi\u00e1 cao v\u1ec1 ch\u1ea5t l\u01b0\u1ee3ng c\u0169ng nh\u01b0 ki\u1ec3u d\u00e1ng.<br \/>\nPh\u1ee5 ki\u1ec7n Hopo lu\u00f4n \u0111\u01b0\u1ee3c qu\u1ea3n l\u00fd ch\u1ea5t l\u01b0\u1ee3ng nghi\u00eam ng\u1eb7t t\u1eeb kh\u00e2u nguy\u00ean li\u1ec7u \u0111\u1ea7u v\u00e0o, s\u1ea3n xu\u1ea5t, ki\u1ec3m tra, \u0111\u00f3ng g\u00f3i v\u00e0 ki\u1ec3m tra \u0111\u1ed9 ch\u1ed1ng ch\u1ecbu th\u1eddi ti\u1ebft, \u0111\u1eb7c t\u00ednh v\u1eadt li\u1ec7u, ch\u1ed1ng \u0103n m\u00f2n, ch\u1ed1ng m\u00e0i m\u00f2n\u2026 cho t\u1eebng s\u1ea3n ph\u1ea9m \u0111\u1ec3 \u0111\u1ea3m b\u1ea3o ch\u1ea5t l\u01b0\u1ee3ng.<\/p>\n","protected":false},"featured_media":633,"template":"","meta":[],"_links":{"self":[{"href":"https:\/\/demo8.thuythu.com\/cuaadong-32\/wp-json\/wp\/v2\/product\/629"}],"collection":[{"href":"https:\/\/demo8.thuythu.com\/cuaadong-32\/wp-json\/wp\/v2\/product"}],"about":[{"href":"https:\/\/demo8.thuythu.com\/cuaadong-32\/wp-json\/wp\/v2\/types\/product"}],"wp:featuredmedia":[{"embeddable":true,"href":"https:\/\/demo8.thuythu.com\/cuaadong-32\/wp-json\/wp\/v2\/media\/633"}],"wp:attachment":[{"href":"https:\/\/demo8.thuythu.com\/cuaadong-32\/wp-json\/wp\/v2\/media?parent=629"}],"curies":[{"name":"wp","href":"https:\/\/api.w.org\/{rel}","templated":true}]}}