{"id":7325,"date":"2015-07-29T17:09:17","date_gmt":"2015-07-29T17:09:17","guid":{"rendered":"http:\/\/localhost\/bleu\/?page_id=7325"},"modified":"2021-11-25T02:27:59","modified_gmt":"2021-11-24T19:27:59","slug":"tong-quan-ve-dai-ly-xe-tai-nhat-tin","status":"publish","type":"page","link":"https:\/\/demo8.thuythu.com\/dailyxetai\/tong-quan-ve-dai-ly-xe-tai-nhat-tin\/","title":{"rendered":"T\u1ed5ng quan v\u1ec1 \u0111\u1ea1i l\u00fd xe t\u1ea3i Nh\u1eadt T\u00edn"},"content":{"rendered":"<p>[vc_row css=&#8221;.vc_custom_1537588875732{padding-top: 35px !important;}&#8221;][vc_column][vc_custom_heading text=&#8221;\u0110\u1ea1i L\u00fd Xe t\u1ea3i Nh\u1eadt T\u00edn: &#8221; font_container=&#8221;tag:h1|text_align:left&#8221; use_theme_fonts=&#8221;yes&#8221; el_class=&#8221;heading&#8221;][vc_column_text css=&#8221;.vc_custom_1599933361372{margin-top: 20px !important;}&#8221;]<\/p>\n<p style=\"text-align: left;\"><span style=\"color: #ff0000;\"><a style=\"color: #ff0000;\" href=\"https:\/\/demo8.thuythu.com\/dailyxetai\/\"><strong>\u0110\u1ea1i L\u00fd Xe T\u1ea3i Nh\u1eadt T\u00edn<\/strong><\/a> <\/span>l\u00e0 c\u00f4ng ty chuy\u00ean ph\u00e2n ph\u1ed1i v\u00e0 kinh doanh c\u00e1c d\u00f2ng xe t\u1ea3i ch\u00ednh h\u00e3ng t\u1ea1i th\u1ecb tr\u01b0\u1eddng Vi\u1ec7t Nam: <a href=\"https:\/\/demo8.thuythu.com\/dailyxetai\/product-category\/xe-tai\/xe-tai-hino\/\">Hino<\/a>, <a href=\"https:\/\/demo8.thuythu.com\/dailyxetai\/product-category\/xe-tai\/xe-tai-isuzu\/\">Isuzu<\/a>, <a href=\"https:\/\/demo8.thuythu.com\/dailyxetai\/product-category\/xe-tai\/xe-tai-hyundai\/\">Hyunda<\/a>i, <a href=\"https:\/\/demo8.thuythu.com\/dailyxetai\/product-category\/xe-tai\/xe-tai-fuso\/\">Fuso<\/a>, <a href=\"https:\/\/demo8.thuythu.com\/dailyxetai\/product-category\/xe-tai\/xe-tai-veam\/\">Veam<\/a>, <a href=\"https:\/\/demo8.thuythu.com\/dailyxetai\/product-category\/xe-tai\/xe-tai-jac\/\">Jac<\/a>, <a href=\"https:\/\/demo8.thuythu.com\/dailyxetai\/product-category\/xe-tai\/xe-tai-dongfeng\/\">Dongfeng<\/a>, <a href=\"https:\/\/demo8.thuythu.com\/dailyxetai\/product-category\/xe-tai\/xe-tai-dongben\/\">Dongben<\/a>,<a href=\"https:\/\/demo8.thuythu.com\/dailyxetai\/product-category\/xe-tai\/xe-tai-suzuki\/\"> Suzuki<\/a>,&#8230; v\u1edbi nhi\u1ec1u t\u1ea3i tr\u1ecdng v\u00e0 nhi\u1ec1u m\u1eabu m\u00e3, t\u1ea3i tr\u1ecdng v\u00e0 k\u00edch th\u01b0\u1edbc kh\u00e1c nhau. C\u00f4ng ty \u0111\u01b0\u1ee3c th\u00e0nh l\u1eadp v\u00e0o ng\u00e0y 16\/06\/2020 v\u1edbi m\u00e3 s\u1ed1 thu\u1ebf 3702882598 v\u00e0 t\u1ecda l\u1ea1c t\u1ea1i Th\u00e0nh Ph\u1ed1 Thu\u1eadn An c\u1ee7a T\u1ec9nh B\u00ecnh D\u01b0\u01a1ng.<\/p>\n<p>[\/vc_column_text][\/vc_column][\/vc_row][vc_row css=&#8221;.vc_custom_1438190440886{margin-top: 50px !important;margin-bottom: 50px !important;}&#8221;][vc_column width=&#8221;5\/12&#8243; css=&#8221;.vc_custom_1460362707057{padding-right: 30px !important;}&#8221;][vc_column_text]<\/p>\n<p style=\"text-align: left; line-height: 1.5em;\">V\u1edbi kinh nghi\u1ec7m l\u00e2u n\u0103m trong vi\u1ec7c t\u01b0 v\u1ea5n v\u00e0 ch\u0103m s\u00f3c kh\u00e1ch h\u00e0ng chuy\u00ean v\u1ec1 xe t\u1ea3i th\u01b0\u01a1ng m\u1ea1i, ch\u00fang t\u00f4i lu\u00f4n t\u1ef1 h\u00e0o l\u00e0 \u0111\u1ea1i l\u00fd \u0111\u1ea1t ti\u00eau chu\u1ea9n h\u00e0ng \u0111\u1ea7u v\u1ec1 c\u00e1ch ph\u1ee5c v\u1ee5 kh\u00e1ch h\u00e0ng, lu\u00f4n mang l\u1ea1i cho kh\u00e1ch h\u00e0ng nh\u1eefng d\u1ecbch v\u1ee5 t\u1ed1t nh\u1ea5t v\u00e0 s\u1ea3n ph\u1ea9m ch\u1ea5t l\u01b0\u1ee3ng cao. V\u1edbi Slogan <strong>&#8220;KH\u1edeI T\u1ea0O T\u01af\u01a0NG LAI&#8221;<\/strong> nh\u1eb1m mang \u0111\u1ebfn cho Kh\u00e1ch h\u00e0ng nh\u1eefng chi\u1ebfc xe t\u1ea3i c\u00f3 ch\u1ea5t l\u01b0\u1ee3ng cao nh\u1ea5t \u0111\u1ec3 ph\u1ee5c v\u1ee5 nhu c\u1ea7u c\u00f4ng vi\u1ec7c\u00a0 v\u00e0 t\u1ea1o ti\u1ec1n \u0111\u1ec1 kh\u1edfi d\u1ef1ng t\u01b0\u01a1ng lai v\u1eefng m\u1ea1nh cho Kh\u00e1ch H\u00e0ng.<\/p>\n<p>[\/vc_column_text][vc_column_text css=&#8221;.vc_custom_1599933407414{margin-top: 20px !important;}&#8221;]<\/p>\n<p style=\"text-align: left;\">K\u1ec3 t\u1eeb khi th\u00e0nh l\u1eadp \u0111\u1ebfn nay, <a href=\"https:\/\/demo8.thuythu.com\/dailyxetai\/\"><strong><span style=\"color: #ff0000;\">Nh\u1eadt T\u00edn<\/span><\/strong><\/a> lu\u00f4n c\u1ed1 g\u1eafng tri\u1ec3n khai t\u1ea5t c\u1ea3 c\u00e1c ho\u1ea1t \u0111\u1ed9ng c\u1ee7a c\u00f4ng ty theo \u0111\u00fang v\u1edbi SLOGAN \u0111\u00e3 \u0111\u1eb7t ra nh\u1eb1m mang l\u1ea1i cho Qu\u00fd Kh\u00e1ch H\u00e0ng nh\u1eefng chi\u1ebfc xe t\u1ea3i c\u00f3 ch\u1ea5t l\u01b0\u1ee3ng cao nh\u1ea5t, v\u01b0\u1ee3t tr\u1ed9i nh\u1ea5t v\u00e0 ho\u00e0n h\u1ea3o nh\u1ea5t.<\/p>\n<p style=\"text-align: left;\">\u0110\u1ea1i l\u00fd ch\u00fang t\u00f4i lu\u00f4n lu\u00f4n t\u01b0 v\u1ea5n mang \u0111\u1ebfn cho Qu\u00fd Kh\u00e1ch H\u00e0ng s\u1eed d\u1ee5ng s\u1ea3n ph\u1ea9m xe t\u1ea3i c\u00f3 ch\u1ea5t l\u01b0\u1ee3ng cao nh\u1ea5t v\u00e0 d\u1ecbch v\u1ee5 t\u1ed1t nh\u1ea5t; ch\u00fang t\u00f4i lu\u00f4n \u0111\u1ea3m b\u1ea3o duy tr\u00ec h\u1ec7 th\u1ed1ng qu\u1ea3n l\u00fd ch\u1ea5t l\u01b0\u1ee3ng nghi\u00eam ng\u1eb7t trong t\u1ea5t c\u1ea3 nh\u1eefng quy tr\u00ecnh th\u1ef1c hi\u1ec7n.<\/p>\n<p>[\/vc_column_text][vc_column_text css=&#8221;.vc_custom_1599933431487{margin-top: 20px !important;}&#8221;]<\/p>\n<p style=\"text-align: left;\">V\u1edbi \u0111\u1ed9i ng\u0169 Nh\u00e2n Vi\u00ean c\u1ef1c k\u1ef3 n\u0103ng \u0111\u1ed9ng, s\u00e1ng t\u1ea1o c\u00f9ng v\u1edbi c\u00e1c k\u1ef9 s\u01b0 chuy\u00ean v\u1ec1 m\u1ea3ng xe t\u1ea3i c\u1ee7a ch\u00fang t\u00f4i \u0111\u01b0\u1ee3c \u0111\u00e0o t\u1ea1o ch\u00ednh quy v\u1edbi nhi\u1ec1u kinh nghi\u1ec7m, <span style=\"color: #ff0000;\"><strong>C\u00f4ng ty Nh\u1eadt T\u00edn<\/strong><\/span>\u00a0 \u0111\u00e3 v\u00e0 s\u1ebd t\u1ea1o ra nh\u1eefng s\u1ea3n ph\u1ea9m c\u00f3 ch\u1ea5t l\u01b0\u1ee3ng t\u1ed1t nh\u1ea5t, ho\u00e0n h\u1ea3o nh\u1ea5t khi \u0111\u1ebfn v\u1edbi kh\u00e1ch h\u00e0ng.<\/p>\n<p>[\/vc_column_text][\/vc_column][vc_column width=&#8221;7\/12&#8243;][vc_single_image image=&#8221;12791&#8243; img_size=&#8221;full&#8221;][\/vc_column][\/vc_row][vc_row][vc_column][vc_empty_space height=&#8221;15px&#8221;][\/vc_column][\/vc_row][vc_row css=&#8221;.vc_custom_1537770385420{margin-bottom: 50px !important;border-top-width: 1px !important;border-bottom-width: 1px !important;padding-top: 50px !important;padding-bottom: 50px !important;background: #fafafa url(https:\/\/demo8.thuythu.com\/dailyxetai\/wp-content\/uploads\/2018\/09\/gt.jpg?id=12456) !important;background-position: center !important;background-repeat: no-repeat !important;background-size: cover !important;border-top-color: #ebebeb !important;border-top-style: solid !important;border-bottom-color: #ebebeb !important;border-bottom-style: solid !important;}&#8221;][vc_column]<h5 class=\"lt-title clearfix title-style-2 white-tieude\"><span>L\u0129nh v\u1ef1c ho\u1ea1t \u0111\u1ed9ng<\/span><\/h5>[vc_row_inner][vc_column_inner width=&#8221;1\/2&#8243;][vc_column_text css=&#8221;.vc_custom_1537770410805{border-bottom-width: 1px !important;padding-bottom: 10px !important;border-bottom-color: #999999 !important;border-bottom-style: solid !important;}&#8221;]<span style=\"color: #ffffff; font-size: 18px;\">Ph\u00e2n ph\u1ed1i c\u00e1c d\u00f2ng xe t\u1ea3i<\/span>[\/vc_column_text][vc_empty_space height=&#8221;30px&#8221;][vc_single_image image=&#8221;12815&#8243; img_size=&#8221;full&#8221;][vc_empty_space height=&#8221;30px&#8221;][vc_column_text]<span style=\"color: #ffffff;\"><span style=\"color: #ff0000;\"><a style=\"color: #ff0000;\" href=\"https:\/\/demo8.thuythu.com\/dailyxetai\/\"><strong>C\u00f4ng ty TNHH TMDV NH\u1eacT T\u00cdN<\/strong><\/a> <\/span>l\u00e0 \u0111\u1ea1i l\u00fd ch\u00ednh th\u1ee9c chuy\u00ean cung c\u1ea5p t\u1ea5t c\u1ea3 c\u00e1c d\u00f2ng xe t\u1ea3i, xe ben, xe chuy\u00ean d\u1ee5ng, xe \u0111\u1ea7u k\u00e9o, xe b\u1ea3o \u00f4n &#8211; \u0111\u00f4ng l\u1ea1nh, xe g\u1eafn c\u1ea9u, xe ch\u1edf gia s\u00fac gia c\u1ea7m, xe b\u1ed3n, xe c\u1ee9u h\u1ed9, xe t\u1ea3i g\u1eafn c\u1ea9u,&#8230; v\u1edbi nhi\u1ec1u t\u1ea3i tr\u1ecdng kh\u00e1c nhau v\u00e0 nhi\u1ec1u m\u1eabu m\u00e3 k\u00edch th\u01b0\u1edbc th\u00f9ng xe kh\u00e1c nhau.<\/span><\/p>\n<p><span style=\"color: #ffffff;\">T\u1ea5t c\u1ea3 c\u00e1c d\u00f2ng xe t\u1ea3i \u0111\u01b0\u1ee3c \u0110\u1ea1i L\u00fd ch\u00fang t\u00f4i ph\u00e2n ph\u1ed1i v\u1edbi ch\u1ea5t l\u01b0\u1ee3ng cao v\u00e0 m\u1edbi 100%, mang th\u01b0\u01a1ng hi\u1ec7u c\u1ee7a c\u00e1c d\u00f2ng xe t\u1ea3i l\u1edbn tr\u00ean th\u1ecb tr\u01b0\u1eddng Th\u1ebf Gi\u1edbi nh\u01b0: Hino, Hyundai, Isuzu, Howo, Dongfeng, Chenglong, Fuso, Veam, Jac,\u2026<\/span>[\/vc_column_text][\/vc_column_inner][vc_column_inner width=&#8221;1\/2&#8243;][vc_column_text css=&#8221;.vc_custom_1537770420675{border-bottom-width: 1px !important;padding-bottom: 10px !important;border-bottom-color: #999999 !important;border-bottom-style: solid !important;}&#8221;]<span style=\"color: #ffffff; font-size: 18px;\">Thi\u1ebft k\u1ebf &#8211; \u0110\u00f3ng th\u00f9ng m\u1edbi theo y\u00eau c\u1ea7u kh\u00e1ch h\u00e0ng<\/span>[\/vc_column_text][vc_empty_space height=&#8221;30px&#8221;][vc_single_image image=&#8221;12819&#8243; img_size=&#8221;full&#8221;][vc_empty_space height=&#8221;30px&#8221;][vc_column_text]<span style=\"color: #ffffff;\">T\u01b0 v\u1ea5n t\u1ea5t c\u1ea3 c\u00e1c lo\u1ea1i th\u00f9ng v\u00e0 c\u00e1c lo\u1ea1i v\u1eadt li\u1ec7u nh\u01b0 Inox, Nh\u00f4m, K\u1ebdm, Th\u00e9p, Composite sao cho ph\u00f9 h\u1ee3p v\u1edbi t\u00ednh ch\u1ea5t c\u1ee7a t\u1eebng lo\u1ea1i xe v\u00e0 \u0111\u1eb7c \u0111i\u1ec3m \u0111\u1eb7c th\u00f9 c\u1ee7a t\u1eebng lo\u1ea1i h\u00e0ng h\u00f3a kh\u00e1c nhau m\u00e0 Qu\u00fd Kh\u00e1ch H\u00e0ng c\u1ea7n v\u1eadn chuy\u1ec3n.<\/span><\/p>\n<p><span style=\"color: #000000;\"><span style=\"color: #ff0000;\"><a style=\"color: #ff0000;\" href=\"https:\/\/demo8.thuythu.com\/dailyxetai\/dich-vu\/dong-thung-xe-tai\/\"><strong>\u0110\u00f3ng m\u1edbi c\u00e1c lo\u1ea1i th\u00f9ng xe t\u1ea3i th\u01b0\u01a1ng m\u1ea1i v\u00e0 chuy\u00ean d\u1ee5ng nh\u01b0:<\/strong><\/a><\/span> <span style=\"color: #ffffff;\">th\u00f9ng mui b\u1ea1t, th\u00f9ng k\u00edn, th\u00f9ng l\u1eedng, th\u00f9ng l\u1eedng g\u1eafn c\u1ea9u, th\u00f9ng ben t\u1ef1 \u0111\u1ed5, th\u00f9ng b\u1ea3o \u00f4n, th\u00f9ng \u0111\u00f4ng l\u1ea1nh, th\u00f9ng ch\u1edf gia c\u1ea7m, th\u00f9ng ch\u1edf heo, th\u00f9ng xitec, th\u00f9ng xe c\u1ee9u h\u1ed9,\u2026.<\/span><\/span><\/p>\n<p><span style=\"color: #ffffff;\">C\u1ea3i t\u1ea1o, s\u1eefa ch\u1eefa v\u00e0 \u0111\u00f3ng th\u00f9ng theo k\u00edch th\u01b0\u1edbc ti\u00eau chu\u1ea9n c\u1ee7a c\u1ee5c \u0111\u0103ng ki\u1ec3m VI\u1ec7t Nam, c\u1ea3i t\u1ea1o, s\u1eeda ch\u1eefa th\u00f9ng v\u1edbi c\u00e1c lo\u1ea1i v\u1eadt li\u1ec7u m\u1edbi v\u00e0 ch\u1ea5t l\u01b0\u1ee3ng cao nh\u1eb1m mang l\u1ea1i cho Kh\u00e1ch H\u00e0ng nh\u1eefng chi\u1ebfc th\u00f9ng c\u00f3 \u0111\u1ed9 th\u1ea9m m\u1ef9, t\u1ea3i tr\u1ecdng cao v\u00e0 \u0111\u1ed9 b\u1ec1n l\u00e2u d\u00e0i.<\/span>[\/vc_column_text][\/vc_column_inner][\/vc_row_inner][\/vc_column][\/vc_row][vc_row css=&#8221;.vc_custom_1537772298064{margin-bottom: -50px !important;background-image: url(https:\/\/demo8.thuythu.com\/dailyxetai\/wp-content\/uploads\/2018\/09\/corevalue.jpg?id=12462) !important;background-position: center !important;background-repeat: no-repeat !important;background-size: cover !important;}&#8221;][vc_column][vc_custom_heading text=&#8221;Chi\u1ebfn L\u01b0\u1ee3c Kinh Doanh:&#8221; use_theme_fonts=&#8221;yes&#8221; el_class=&#8221;heading&#8221;][vc_row_inner][vc_column_inner][vc_column_text]<\/p>\n<h2 style=\"text-align: left;\">M\u1ee5c ti\u00eau c\u1ee7a <a href=\"https:\/\/demo8.thuythu.com\/dailyxetai\/\">\u0110\u1ea1i L\u00fd Xe T\u1ea3i<\/a> ch\u00fang t\u00f4i theo \u0111u\u1ed5i \u0111\u01b0\u1ee3c th\u1ef1c hi\u1ec7n d\u1ef1a tr\u00ean nh\u1eefng chi\u1ebfn l\u01b0\u1ee3c sau:<\/h2>\n<ul>\n<li style=\"text-align: left;\">C\u1ee7ng c\u1ed1, x\u00e2y d\u1ef1ng v\u00e0 ph\u00e1t tri\u1ec3n m\u1ed9t h\u1ec7 th\u1ed1ng cung c\u1ea5p c\u00e1c d\u00f2ng xe c\u1ee7a c\u00e1c th\u01b0\u01a1ng hi\u1ec7u l\u1edbn \u1edf th\u1ecb tr\u01b0\u1eddng trong n\u01b0\u1edbc, \u0111\u00e1p \u1ee9ng t\u1ed1t c\u00e1c nhu c\u1ea7u v\u00e0 t\u00e2m l\u00fd c\u1ee7a Kh\u00e1ch H\u00e0ng c\u0169ng nh\u01b0 nh\u1eefng y\u00eau c\u1ea7u kh\u1eafc khe c\u1ee7a th\u1ecb tr\u01b0\u1eddng \u1edf th\u1eddi \u0111i\u1ec3m hi\u1ec7n t\u1ea1i.<\/li>\n<li style=\"text-align: left;\">Ph\u00e1t tri\u1ec3n th\u01b0\u01a1ng hi\u1ec7u <span style=\"color: #ff0000;\">Nh\u1eadt T\u00edn<\/span> tr\u1edf th\u00e0nh c\u00f4ng ty chuy\u00ean ph\u00e2n ph\u1ed1i c\u00e1c d\u00f2ng xe t\u1ea3i c\u00f3 uy t\u00edn tr\u00ean kh\u1eafp c\u1ea3 n\u01b0\u1edbc. Tr\u1edf th\u00e0nh \u0111i\u1ec3m t\u1ef1a cho Kh\u00e1ch H\u00e0ng khi mua xe t\u1ea3i.<\/li>\n<li style=\"text-align: left;\">\u0110\u1ea7u t\u01b0 m\u1edf r\u1ed9ng th\u1ecb tr\u01b0\u1eddng kinh doanh v\u1edbi nh\u1eefng s\u1ea3n ph\u1ea9m c\u1ee7a c\u00e1c th\u01b0\u01a1ng hi\u1ec7u ch\u00ednh h\u00e3ng l\u1edbn nh\u01b0 ISUZU, HINO, HYUNDAI, FUSO, VEAM, HOWO,&#8230;.<\/li>\n<li style=\"text-align: left;\">N\u00e2ng c\u1ea5p h\u1ec7 th\u1ed1ng b\u00e1n h\u00e0ng chuy\u00ean nghi\u1ec7p v\u00e0 ch\u1ea5t l\u01b0\u1ee3ng s\u1ea3n ph\u1ea9m nh\u1eafm m\u1edf r\u1ed9ng th\u1ecb tr\u01b0\u1eddng ra c\u00e1c v\u00f9ng n\u00f4ng th\u00f4n v\u00e0 \u0111\u00f4 th\u1ecb nh\u1ecf, m\u1edf r\u1ed9ng quy m\u00f4 ra to\u00e0n qu\u1ed1c.<\/li>\n<\/ul>\n<h2>Ph\u00e1t tri\u1ec3n to\u00e0n di\u1ec7n c\u00e1c l\u0129nh v\u1ef1c <a href=\"https:\/\/demo8.thuythu.com\/dailyxetai\/product-category\/xe-tai\/\">XE T\u1ea2I<\/a>, <a href=\"https:\/\/demo8.thuythu.com\/dailyxetai\/product-category\/xe-chuyen-dung\/\">XE CHUY\u00caN D\u00d9NG<\/a>:<\/h2>\n<ul>\n<li>\u0110\u1ea7u t\u01b0 m\u1edf r\u1ed9ng c\u00e1c d\u1ecbch v\u1ee5 bao g\u1ed3m:\u00a0 B\u1ea3o H\u00e0nh &#8211; B\u1ea3o D\u01b0\u1ee1ng &#8211; S\u1eeda ch\u1eefa,\u00a0 \u0111\u00f3ng th\u00f9ng xe t\u1ea3i th\u01b0\u01a1ng m\u1ea1i v\u00e0 th\u00f9ng xe t\u1ea3i chuy\u00ean d\u1ee5ng, Cung c\u1ea5p ph\u1ee5 t\u00f9ng ch\u00ednh h\u00e3ng v\u1edbi quy m\u00f4 v\u1eeba v\u00e0 l\u1edbn, ch\u1ea5t l\u01b0\u1ee3ng cao, h\u1ed7 tr\u1ee3 kh\u00e1ch h\u00e0ng sau b\u00e1n h\u00e0ng.<\/li>\n<li>T\u1eadp trung ph\u00e1t tri\u1ec3n th\u01b0\u01a1ng hi\u1ec7u v\u1eefng m\u1ea1nh v\u00e0 hi\u1ec7u qu\u1ea3.<\/li>\n<\/ul>\n<p>[\/vc_column_text][\/vc_column_inner][\/vc_row_inner][vc_empty_space height=&#8221;50px&#8221;][vc_row_inner][vc_column_inner width=&#8221;1\/2&#8243;][vc_single_image image=&#8221;12793&#8243; img_size=&#8221;full&#8221;][\/vc_column_inner][vc_column_inner width=&#8221;1\/2&#8243;][vc_column_text]<\/p>\n<p style=\"text-align: left;\">Nh\u1eb1m ph\u00e1t tri\u1ec3n th\u01b0\u01a1ng hi\u1ec7u \u0110\u1ea1i L\u00fd Xe t\u1ea3i Nh\u1eadt T\u00edn ng\u00e0y c\u00e0ng uy t\u00edn, m\u1edf r\u1ed9ng c\u00f4ng ty v\u1edbi quy m\u00f4 l\u1edbn h\u01a1n, th\u01b0\u01a1ng hi\u1ec7u lu\u00f4n \u0111\u01b0\u1ee3c Qu\u00fd Kh\u00e1ch H\u00e0ng tin t\u01b0\u1edfng l\u1ef1a ch\u1ecdn.<\/p>\n<p style=\"text-align: left;\"><strong>\u0110\u1ea1i L\u00fd Xe t\u1ea3i Nh\u1eadt T\u00edn<\/strong> lu\u00f4n xem m\u1ee5c \u0111\u00edch g\u00e2y d\u1ef1ng th\u01b0\u01a1ng hi\u1ec7u l\u00e0 vi\u1ec7c \u0111\u01b0\u1ee3c \u01b0u ti\u00ean h\u00e0ng \u0111\u1ea7u, t\u1ea1o l\u00f2ng tin tuy\u1ec7t \u0111\u1ed1i v\u00e0 c\u1ea3m gi\u00e1c tho\u1ea3i m\u00e1i, an to\u00e0n khi kh\u00e1ch h\u00e0ng mua xe t\u1ea1i C\u00f4ng ty. Ch\u00fang t\u00f4i lu\u00f4n ch\u00fa tr\u1ecdng \u0111\u1ebfn c\u00e1c d\u1ecbch v\u1ee5 h\u1eadu m\u00e3i sau khi b\u00e1n h\u00e0ng: ch\u0103m s\u00f3c v\u00e0 t\u01b0 v\u1ea5n kh\u00e1ch h\u00e0ng, ho\u00e0n th\u00e0nh c\u00e1c d\u1ecbch v\u1ee5 s\u1eefa ch\u1eefa, b\u1ea3o h\u00e0nh, b\u00e3o d\u01b0\u1ee1ng m\u1ed9t c\u00e1ch t\u1ed1t nh\u1ea5t v\u00e0 tuy\u1ec7t \u0111\u1ed1i.<\/p>\n<p style=\"text-align: left;\">V\u1edbi m\u1ee5c ti\u00eau trong 05 n\u0103m ti\u1ebfp theo, <strong>\u0110\u1ea1i L\u00fd Xe t\u1ea3i Nh\u1eadt T\u00edn <\/strong>ch\u00fang t\u00f4i s\u1ebd mang th\u01b0\u01a1ng hi\u1ec7u \u0111i kh\u1eafp khu v\u1ef1c mi\u1ec1n Nam \u0111\u1ed3ng th\u1eddi m\u1edf r\u1ed9ng showroom tr\u01b0ng b\u00e0y xe v\u00e0 c\u00e1c x\u01b0\u1edfng <a href=\"https:\/\/demo8.thuythu.com\/dailyxetai\/portfolio\/\"><strong>d\u1ecbch v\u1ee5<\/strong><\/a> \u0111\u1ec3 ph\u1ee5c v\u1ee5 t\u1eadn t\u00ecnh kh\u00e1ch h\u00e0ng.<\/p>\n<p>[\/vc_column_text][\/vc_column_inner][\/vc_row_inner][\/vc_column][\/vc_row]<\/p>\n","protected":false},"excerpt":{"rendered":"<p>[vc_row css=&#8221;.vc_custom_1537588875732{padding-top: 35px !important;}&#8221;][vc_column][vc_custom_heading text=&#8221;\u0110\u1ea1i L\u00fd Xe t\u1ea3i Nh\u1eadt T\u00edn: &#8221; font_container=&#8221;tag:h1|text_align:left&#8221; use_theme_fonts=&#8221;yes&#8221; el_class=&#8221;heading&#8221;][vc_column_text css=&#8221;.vc_custom_1599933361372{margin-top: 20px !important;}&#8221;] \u0110\u1ea1i L\u00fd Xe T\u1ea3i Nh\u1eadt T\u00edn l\u00e0 c\u00f4ng ty chuy\u00ean ph\u00e2n ph\u1ed1i v\u00e0 kinh doanh c\u00e1c d\u00f2ng xe t\u1ea3i ch\u00ednh h\u00e3ng t\u1ea1i th\u1ecb tr\u01b0\u1eddng Vi\u1ec7t Nam: Hino, Isuzu, Hyundai, Fuso, Veam, Jac, Dongfeng, Dongben, Suzuki,&#8230; v\u1edbi nhi\u1ec1u t\u1ea3i [&hellip;]<\/p>\n","protected":false},"author":3,"featured_media":0,"parent":0,"menu_order":0,"comment_status":"open","ping_status":"open","template":"page-visual-composer.php","meta":[],"yoast_head":"<!-- This site is optimized with the Yoast SEO plugin v14.8 - https:\/\/yoast.com\/wordpress\/plugins\/seo\/ -->\n<title>T\u1ed5ng quan v\u1ec1 \u0111\u1ea1i l\u00fd xe t\u1ea3i Nh\u1eadt T\u00edn - Dailyxetai.com.vn<\/title>\n<meta name=\"robots\" content=\"noindex, follow\" \/>\n<meta property=\"og:locale\" content=\"vi_VN\" \/>\n<meta property=\"og:type\" content=\"article\" \/>\n<meta property=\"og:title\" content=\"T\u1ed5ng quan v\u1ec1 \u0111\u1ea1i l\u00fd xe t\u1ea3i Nh\u1eadt T\u00edn - Dailyxetai.com.vn\" \/>\n<meta property=\"og:description\" content=\"[vc_row css=&#8221;.vc_custom_1537588875732{padding-top: 35px !important;}&#8221;][vc_column][vc_custom_heading text=&#8221;\u0110\u1ea1i L\u00fd Xe t\u1ea3i Nh\u1eadt T\u00edn: &#8221; font_container=&#8221;tag:h1|text_align:left&#8221; use_theme_fonts=&#8221;yes&#8221; el_class=&#8221;heading&#8221;][vc_column_text css=&#8221;.vc_custom_1599933361372{margin-top: 20px !important;}&#8221;] \u0110\u1ea1i L\u00fd Xe T\u1ea3i Nh\u1eadt T\u00edn l\u00e0 c\u00f4ng ty chuy\u00ean ph\u00e2n ph\u1ed1i v\u00e0 kinh doanh c\u00e1c d\u00f2ng xe t\u1ea3i ch\u00ednh h\u00e3ng t\u1ea1i th\u1ecb tr\u01b0\u1eddng Vi\u1ec7t Nam: Hino, Isuzu, Hyundai, Fuso, Veam, Jac, Dongfeng, Dongben, Suzuki,&#8230; v\u1edbi nhi\u1ec1u t\u1ea3i [&hellip;]\" \/>\n<meta property=\"og:url\" content=\"https:\/\/demo8.thuythu.com\/dailyxetai\/tong-quan-ve-dai-ly-xe-tai-nhat-tin\/\" \/>\n<meta property=\"og:site_name\" content=\"Dailyxetai.com.vn\" \/>\n<meta property=\"article:modified_time\" content=\"2021-11-24T19:27:59+00:00\" \/>\n<meta name=\"twitter:card\" content=\"summary_large_image\" \/>\n<script type=\"application\/ld+json\" class=\"yoast-schema-graph\">{\"@context\":\"https:\/\/schema.org\",\"@graph\":[{\"@type\":\"WebSite\",\"@id\":\"https:\/\/demo8.thuythu.com\/dailyxetai\/#website\",\"url\":\"https:\/\/demo8.thuythu.com\/dailyxetai\/\",\"name\":\"Dailyxetai.com.vn\",\"description\":\"\",\"potentialAction\":[{\"@type\":\"SearchAction\",\"target\":\"https:\/\/demo8.thuythu.com\/dailyxetai\/?s={search_term_string}\",\"query-input\":\"required name=search_term_string\"}],\"inLanguage\":\"vi\"},{\"@type\":\"WebPage\",\"@id\":\"https:\/\/demo8.thuythu.com\/dailyxetai\/tong-quan-ve-dai-ly-xe-tai-nhat-tin\/#webpage\",\"url\":\"https:\/\/demo8.thuythu.com\/dailyxetai\/tong-quan-ve-dai-ly-xe-tai-nhat-tin\/\",\"name\":\"T\\u1ed5ng quan v\\u1ec1 \\u0111\\u1ea1i l\\u00fd xe t\\u1ea3i Nh\\u1eadt T\\u00edn - Dailyxetai.com.vn\",\"isPartOf\":{\"@id\":\"https:\/\/demo8.thuythu.com\/dailyxetai\/#website\"},\"datePublished\":\"2015-07-29T17:09:17+00:00\",\"dateModified\":\"2021-11-24T19:27:59+00:00\",\"inLanguage\":\"vi\",\"potentialAction\":[{\"@type\":\"ReadAction\",\"target\":[\"https:\/\/demo8.thuythu.com\/dailyxetai\/tong-quan-ve-dai-ly-xe-tai-nhat-tin\/\"]}]}]}<\/script>\n<!-- \/ Yoast SEO plugin. -->","_links":{"self":[{"href":"https:\/\/demo8.thuythu.com\/dailyxetai\/wp-json\/wp\/v2\/pages\/7325"}],"collection":[{"href":"https:\/\/demo8.thuythu.com\/dailyxetai\/wp-json\/wp\/v2\/pages"}],"about":[{"href":"https:\/\/demo8.thuythu.com\/dailyxetai\/wp-json\/wp\/v2\/types\/page"}],"author":[{"embeddable":true,"href":"https:\/\/demo8.thuythu.com\/dailyxetai\/wp-json\/wp\/v2\/users\/3"}],"replies":[{"embeddable":true,"href":"https:\/\/demo8.thuythu.com\/dailyxetai\/wp-json\/wp\/v2\/comments?post=7325"}],"version-history":[{"count":19,"href":"https:\/\/demo8.thuythu.com\/dailyxetai\/wp-json\/wp\/v2\/pages\/7325\/revisions"}],"predecessor-version":[{"id":13813,"href":"https:\/\/demo8.thuythu.com\/dailyxetai\/wp-json\/wp\/v2\/pages\/7325\/revisions\/13813"}],"wp:attachment":[{"href":"https:\/\/demo8.thuythu.com\/dailyxetai\/wp-json\/wp\/v2\/media?parent=7325"}],"curies":[{"name":"wp","href":"https:\/\/api.w.org\/{rel}","templated":true}]}}