{"id":13585,"date":"2021-08-21T09:56:24","date_gmt":"2021-08-21T09:56:24","guid":{"rendered":"https:\/\/demo8.thuythu.com\/dailyxetai\/?post_type=product&#038;p=13585"},"modified":"2021-11-29T21:52:48","modified_gmt":"2021-11-29T14:52:48","slug":"xe-bon-tron-be-tong-howo-12-khoi-12m3","status":"publish","type":"product","link":"https:\/\/demo8.thuythu.com\/dailyxetai\/san-pham\/xe-bon-tron-be-tong-howo-12-khoi-12m3\/","title":{"rendered":"Xe B\u1ed3n Tr\u1ed9n B\u00ea T\u00f4ng Howo 12 kh\u1ed1i (12m3)"},"content":{"rendered":"","protected":false},"excerpt":{"rendered":"","protected":false},"featured_media":13586,"comment_status":"open","ping_status":"closed","template":"","meta":[],"yoast_head":"<!-- This site is optimized with the Yoast SEO plugin v14.8 - https:\/\/yoast.com\/wordpress\/plugins\/seo\/ -->\n<title>Xe B\u1ed3n Tr\u1ed9n B\u00ea T\u00f4ng Howo 12 kh\u1ed1i (12m3) - Dailyxetai.com.vn<\/title>\n<meta name=\"description\" content=\"Xe B\u1ed3n Tr\u1ed9n B\u00ea T\u00f4ng Howo 12 kh\u1ed1i (12m3) \u0111\u01b0\u1ee3c C\u00f4ng ty ch\u00fang t\u00f4i nh\u1eadp kh\u1ea9u nguy\u00ean chi\u1ebfc v\u1ec1 Vi\u1ec7t Nam v\u00e0 ph\u00e2n ph\u1ed1i ch\u00ednh th\u1ee9c tr\u00ean to\u00e0n qu\u1ed1c\" \/>\n<meta name=\"robots\" content=\"noindex, follow\" \/>\n<meta property=\"og:locale\" content=\"vi_VN\" \/>\n<meta property=\"og:type\" content=\"article\" \/>\n<meta property=\"og:title\" content=\"Xe B\u1ed3n Tr\u1ed9n B\u00ea T\u00f4ng Howo 12 kh\u1ed1i (12m3) - Dailyxetai.com.vn\" \/>\n<meta property=\"og:description\" content=\"Xe B\u1ed3n Tr\u1ed9n B\u00ea T\u00f4ng Howo 12 kh\u1ed1i (12m3) \u0111\u01b0\u1ee3c C\u00f4ng ty ch\u00fang t\u00f4i nh\u1eadp kh\u1ea9u nguy\u00ean chi\u1ebfc v\u1ec1 Vi\u1ec7t Nam v\u00e0 ph\u00e2n ph\u1ed1i ch\u00ednh th\u1ee9c tr\u00ean to\u00e0n qu\u1ed1c\" \/>\n<meta property=\"og:url\" content=\"https:\/\/demo8.thuythu.com\/dailyxetai\/san-pham\/xe-bon-tron-be-tong-howo-12-khoi-12m3\/\" \/>\n<meta property=\"og:site_name\" content=\"Dailyxetai.com.vn\" \/>\n<meta property=\"article:modified_time\" content=\"2021-11-29T14:52:48+00:00\" \/>\n<meta property=\"og:image\" content=\"https:\/\/demo8.thuythu.com\/dailyxetai\/wp-content\/uploads\/2021\/08\/xe-bon-tron-be-tong-howo-12-khoi.jpg\" \/>\n\t<meta property=\"og:image:width\" content=\"800\" \/>\n\t<meta property=\"og:image:height\" content=\"600\" \/>\n<meta name=\"twitter:card\" content=\"summary_large_image\" \/>\n<script type=\"application\/ld+json\" class=\"yoast-schema-graph\">{\"@context\":\"https:\/\/schema.org\",\"@graph\":[{\"@type\":\"WebSite\",\"@id\":\"https:\/\/demo8.thuythu.com\/dailyxetai\/#website\",\"url\":\"https:\/\/demo8.thuythu.com\/dailyxetai\/\",\"name\":\"Dailyxetai.com.vn\",\"description\":\"\",\"potentialAction\":[{\"@type\":\"SearchAction\",\"target\":\"https:\/\/demo8.thuythu.com\/dailyxetai\/?s={search_term_string}\",\"query-input\":\"required name=search_term_string\"}],\"inLanguage\":\"vi\"},{\"@type\":\"ImageObject\",\"@id\":\"https:\/\/demo8.thuythu.com\/dailyxetai\/san-pham\/xe-bon-tron-be-tong-howo-12-khoi-12m3\/#primaryimage\",\"inLanguage\":\"vi\",\"url\":\"https:\/\/demo8.thuythu.com\/dailyxetai\/wp-content\/uploads\/2021\/08\/xe-bon-tron-be-tong-howo-12-khoi.jpg\",\"width\":800,\"height\":600,\"caption\":\"dailyxetai.com.vn\"},{\"@type\":\"WebPage\",\"@id\":\"https:\/\/demo8.thuythu.com\/dailyxetai\/san-pham\/xe-bon-tron-be-tong-howo-12-khoi-12m3\/#webpage\",\"url\":\"https:\/\/demo8.thuythu.com\/dailyxetai\/san-pham\/xe-bon-tron-be-tong-howo-12-khoi-12m3\/\",\"name\":\"Xe B\\u1ed3n Tr\\u1ed9n B\\u00ea T\\u00f4ng Howo 12 kh\\u1ed1i (12m3) - Dailyxetai.com.vn\",\"isPartOf\":{\"@id\":\"https:\/\/demo8.thuythu.com\/dailyxetai\/#website\"},\"primaryImageOfPage\":{\"@id\":\"https:\/\/demo8.thuythu.com\/dailyxetai\/san-pham\/xe-bon-tron-be-tong-howo-12-khoi-12m3\/#primaryimage\"},\"datePublished\":\"2021-08-21T09:56:24+00:00\",\"dateModified\":\"2021-11-29T14:52:48+00:00\",\"description\":\"Xe B\\u1ed3n Tr\\u1ed9n B\\u00ea T\\u00f4ng Howo 12 kh\\u1ed1i (12m3) \\u0111\\u01b0\\u1ee3c C\\u00f4ng ty ch\\u00fang t\\u00f4i nh\\u1eadp kh\\u1ea9u nguy\\u00ean chi\\u1ebfc v\\u1ec1 Vi\\u1ec7t Nam v\\u00e0 ph\\u00e2n ph\\u1ed1i ch\\u00ednh th\\u1ee9c tr\\u00ean to\\u00e0n qu\\u1ed1c\",\"inLanguage\":\"vi\",\"potentialAction\":[{\"@type\":\"ReadAction\",\"target\":[\"https:\/\/demo8.thuythu.com\/dailyxetai\/san-pham\/xe-bon-tron-be-tong-howo-12-khoi-12m3\/\"]}]}]}<\/script>\n<!-- \/ Yoast SEO plugin. -->","_links":{"self":[{"href":"https:\/\/demo8.thuythu.com\/dailyxetai\/wp-json\/wp\/v2\/product\/13585"}],"collection":[{"href":"https:\/\/demo8.thuythu.com\/dailyxetai\/wp-json\/wp\/v2\/product"}],"about":[{"href":"https:\/\/demo8.thuythu.com\/dailyxetai\/wp-json\/wp\/v2\/types\/product"}],"replies":[{"embeddable":true,"href":"https:\/\/demo8.thuythu.com\/dailyxetai\/wp-json\/wp\/v2\/comments?post=13585"}],"wp:featuredmedia":[{"embeddable":true,"href":"https:\/\/demo8.thuythu.com\/dailyxetai\/wp-json\/wp\/v2\/media\/13586"}],"wp:attachment":[{"href":"https:\/\/demo8.thuythu.com\/dailyxetai\/wp-json\/wp\/v2\/media?parent=13585"}],"curies":[{"name":"wp","href":"https:\/\/api.w.org\/{rel}","templated":true}]}}