{"id":23919,"date":"2022-09-29T22:26:36","date_gmt":"2022-09-29T15:26:36","guid":{"rendered":"https:\/\/demo8.thuythu.com\/fdmart\/san-pham\/bang-ve-sinh-diana-sensi-hang-ngay-khan-khuan-40m-them-4-mieng\/"},"modified":"2022-10-03T17:59:34","modified_gmt":"2022-10-03T10:59:34","slug":"bang-ve-sinh-diana-sensi-hang-ngay-khan-khuan-40m-them-4-mieng","status":"publish","type":"product","link":"https:\/\/demo8.thuythu.com\/fdmart\/san-pham\/bang-ve-sinh-diana-sensi-hang-ngay-khan-khuan-40m-them-4-mieng\/","title":{"rendered":"B\u0103ng V\u1ec7 Sinh Diana Sensi H\u00e0ng Ng\u00e0y Kh\u00e1n Khu\u1ea9n 40M + th\u00eam 4 mi\u1ebfng"},"content":{"rendered":"","protected":false},"excerpt":{"rendered":"","protected":false},"featured_media":23918,"comment_status":"open","ping_status":"closed","template":"","meta":[],"product_cat":[501],"product_tag":[],"_links":{"self":[{"href":"https:\/\/demo8.thuythu.com\/fdmart\/wp-json\/wp\/v2\/product\/23919"}],"collection":[{"href":"https:\/\/demo8.thuythu.com\/fdmart\/wp-json\/wp\/v2\/product"}],"about":[{"href":"https:\/\/demo8.thuythu.com\/fdmart\/wp-json\/wp\/v2\/types\/product"}],"replies":[{"embeddable":true,"href":"https:\/\/demo8.thuythu.com\/fdmart\/wp-json\/wp\/v2\/comments?post=23919"}],"wp:featuredmedia":[{"embeddable":true,"href":"https:\/\/demo8.thuythu.com\/fdmart\/wp-json\/wp\/v2\/media\/23918"}],"wp:attachment":[{"href":"https:\/\/demo8.thuythu.com\/fdmart\/wp-json\/wp\/v2\/media?parent=23919"}],"wp:term":[{"taxonomy":"product_cat","embeddable":true,"href":"https:\/\/demo8.thuythu.com\/fdmart\/wp-json\/wp\/v2\/product_cat?post=23919"},{"taxonomy":"product_tag","embeddable":true,"href":"https:\/\/demo8.thuythu.com\/fdmart\/wp-json\/wp\/v2\/product_tag?post=23919"}],"curies":[{"name":"wp","href":"https:\/\/api.w.org\/{rel}","templated":true}]}}