{"id":24092,"date":"2022-09-29T22:29:18","date_gmt":"2022-09-29T15:29:18","guid":{"rendered":"https:\/\/demo8.thuythu.com\/fdmart\/san-pham\/banh-bong-lan-dingpan-gato-tam-giac-ngan-lop-vi-khoai-mon\/"},"modified":"2022-10-03T11:59:15","modified_gmt":"2022-10-03T04:59:15","slug":"banh-bong-lan-dingpan-gato-tam-giac-ngan-lop-vi-khoai-mon","status":"publish","type":"product","link":"https:\/\/demo8.thuythu.com\/fdmart\/san-pham\/banh-bong-lan-dingpan-gato-tam-giac-ngan-lop-vi-khoai-mon\/","title":{"rendered":"B\u00e1nh B\u00f4ng Lan Dingpan Gato Tam Gi\u00e1c Ng\u00e0n L\u1edbp V\u1ecb Khoai M\u00f4n"},"content":{"rendered":"","protected":false},"excerpt":{"rendered":"","protected":false},"featured_media":24091,"comment_status":"open","ping_status":"closed","template":"","meta":[],"product_cat":[544],"product_tag":[],"_links":{"self":[{"href":"https:\/\/demo8.thuythu.com\/fdmart\/wp-json\/wp\/v2\/product\/24092"}],"collection":[{"href":"https:\/\/demo8.thuythu.com\/fdmart\/wp-json\/wp\/v2\/product"}],"about":[{"href":"https:\/\/demo8.thuythu.com\/fdmart\/wp-json\/wp\/v2\/types\/product"}],"replies":[{"embeddable":true,"href":"https:\/\/demo8.thuythu.com\/fdmart\/wp-json\/wp\/v2\/comments?post=24092"}],"wp:featuredmedia":[{"embeddable":true,"href":"https:\/\/demo8.thuythu.com\/fdmart\/wp-json\/wp\/v2\/media\/24091"}],"wp:attachment":[{"href":"https:\/\/demo8.thuythu.com\/fdmart\/wp-json\/wp\/v2\/media?parent=24092"}],"wp:term":[{"taxonomy":"product_cat","embeddable":true,"href":"https:\/\/demo8.thuythu.com\/fdmart\/wp-json\/wp\/v2\/product_cat?post=24092"},{"taxonomy":"product_tag","embeddable":true,"href":"https:\/\/demo8.thuythu.com\/fdmart\/wp-json\/wp\/v2\/product_tag?post=24092"}],"curies":[{"name":"wp","href":"https:\/\/api.w.org\/{rel}","templated":true}]}}