{"id":24552,"date":"2022-09-29T22:36:04","date_gmt":"2022-09-29T15:36:04","guid":{"rendered":"https:\/\/demo8.thuythu.com\/fdmart\/san-pham\/banh-khoai-tay-chien-original-tricks-180g\/"},"modified":"2022-09-29T22:36:04","modified_gmt":"2022-09-29T15:36:04","slug":"banh-khoai-tay-chien-original-tricks-180g","status":"publish","type":"product","link":"https:\/\/demo8.thuythu.com\/fdmart\/san-pham\/banh-khoai-tay-chien-original-tricks-180g\/","title":{"rendered":"B\u00e1nh Khoai T\u00e2y Chi\u00ean Original Tricks 180g"},"content":{"rendered":"","protected":false},"excerpt":{"rendered":"","protected":false},"featured_media":24551,"comment_status":"open","ping_status":"closed","template":"","meta":[],"product_cat":[333],"product_tag":[],"_links":{"self":[{"href":"https:\/\/demo8.thuythu.com\/fdmart\/wp-json\/wp\/v2\/product\/24552"}],"collection":[{"href":"https:\/\/demo8.thuythu.com\/fdmart\/wp-json\/wp\/v2\/product"}],"about":[{"href":"https:\/\/demo8.thuythu.com\/fdmart\/wp-json\/wp\/v2\/types\/product"}],"replies":[{"embeddable":true,"href":"https:\/\/demo8.thuythu.com\/fdmart\/wp-json\/wp\/v2\/comments?post=24552"}],"wp:featuredmedia":[{"embeddable":true,"href":"https:\/\/demo8.thuythu.com\/fdmart\/wp-json\/wp\/v2\/media\/24551"}],"wp:attachment":[{"href":"https:\/\/demo8.thuythu.com\/fdmart\/wp-json\/wp\/v2\/media?parent=24552"}],"wp:term":[{"taxonomy":"product_cat","embeddable":true,"href":"https:\/\/demo8.thuythu.com\/fdmart\/wp-json\/wp\/v2\/product_cat?post=24552"},{"taxonomy":"product_tag","embeddable":true,"href":"https:\/\/demo8.thuythu.com\/fdmart\/wp-json\/wp\/v2\/product_tag?post=24552"}],"curies":[{"name":"wp","href":"https:\/\/api.w.org\/{rel}","templated":true}]}}