{"id":26503,"date":"2022-09-29T23:06:07","date_gmt":"2022-09-29T16:06:07","guid":{"rendered":"https:\/\/demo8.thuythu.com\/fdmart\/san-pham\/ca-phe-sua-hoa-tan-wake-up-cafe-sai-gon-bich-24-goi-19g\/"},"modified":"2022-09-29T23:06:07","modified_gmt":"2022-09-29T16:06:07","slug":"ca-phe-sua-hoa-tan-wake-up-cafe-sai-gon-bich-24-goi-19g","status":"publish","type":"product","link":"https:\/\/demo8.thuythu.com\/fdmart\/san-pham\/ca-phe-sua-hoa-tan-wake-up-cafe-sai-gon-bich-24-goi-19g\/","title":{"rendered":"C\u00e0 Ph\u00ea S\u1eefa H\u00f2a Tan Wake-up Caf\u00e9 S\u00e0i G\u00f2n B\u1ecbch 24 G\u00f3i 19g"},"content":{"rendered":"","protected":false},"excerpt":{"rendered":"","protected":false},"featured_media":0,"comment_status":"open","ping_status":"closed","template":"","meta":[],"product_cat":[412],"product_tag":[],"_links":{"self":[{"href":"https:\/\/demo8.thuythu.com\/fdmart\/wp-json\/wp\/v2\/product\/26503"}],"collection":[{"href":"https:\/\/demo8.thuythu.com\/fdmart\/wp-json\/wp\/v2\/product"}],"about":[{"href":"https:\/\/demo8.thuythu.com\/fdmart\/wp-json\/wp\/v2\/types\/product"}],"replies":[{"embeddable":true,"href":"https:\/\/demo8.thuythu.com\/fdmart\/wp-json\/wp\/v2\/comments?post=26503"}],"wp:attachment":[{"href":"https:\/\/demo8.thuythu.com\/fdmart\/wp-json\/wp\/v2\/media?parent=26503"}],"wp:term":[{"taxonomy":"product_cat","embeddable":true,"href":"https:\/\/demo8.thuythu.com\/fdmart\/wp-json\/wp\/v2\/product_cat?post=26503"},{"taxonomy":"product_tag","embeddable":true,"href":"https:\/\/demo8.thuythu.com\/fdmart\/wp-json\/wp\/v2\/product_tag?post=26503"}],"curies":[{"name":"wp","href":"https:\/\/api.w.org\/{rel}","templated":true}]}}