{"id":27453,"date":"2022-09-29T23:20:13","date_gmt":"2022-09-29T16:20:13","guid":{"rendered":"https:\/\/demo8.thuythu.com\/fdmart\/san-pham\/ddgd-3p-khan-uot-baby-wet-wipes-han-quoc-hinh-gau-hong-120-to\/"},"modified":"2023-10-04T16:07:08","modified_gmt":"2023-10-04T09:07:08","slug":"ddgd-3p-khan-uot-baby-wet-wipes-han-quoc-hinh-gau-hong-120-to","status":"publish","type":"product","link":"https:\/\/demo8.thuythu.com\/fdmart\/san-pham\/ddgd-3p-khan-uot-baby-wet-wipes-han-quoc-hinh-gau-hong-120-to\/","title":{"rendered":"\u0110DG\u0110 3P KH\u0102N \u01af\u1edaT BABY WET WIPES H\u00c0N QU\u1ed0C H\u00ccNH G\u1ea4U H\u1ed2NG 120 T\u1edc"},"content":{"rendered":"","protected":false},"excerpt":{"rendered":"","protected":false},"featured_media":27452,"comment_status":"open","ping_status":"closed","template":"","meta":[],"product_cat":[346],"product_tag":[],"_links":{"self":[{"href":"https:\/\/demo8.thuythu.com\/fdmart\/wp-json\/wp\/v2\/product\/27453"}],"collection":[{"href":"https:\/\/demo8.thuythu.com\/fdmart\/wp-json\/wp\/v2\/product"}],"about":[{"href":"https:\/\/demo8.thuythu.com\/fdmart\/wp-json\/wp\/v2\/types\/product"}],"replies":[{"embeddable":true,"href":"https:\/\/demo8.thuythu.com\/fdmart\/wp-json\/wp\/v2\/comments?post=27453"}],"wp:featuredmedia":[{"embeddable":true,"href":"https:\/\/demo8.thuythu.com\/fdmart\/wp-json\/wp\/v2\/media\/27452"}],"wp:attachment":[{"href":"https:\/\/demo8.thuythu.com\/fdmart\/wp-json\/wp\/v2\/media?parent=27453"}],"wp:term":[{"taxonomy":"product_cat","embeddable":true,"href":"https:\/\/demo8.thuythu.com\/fdmart\/wp-json\/wp\/v2\/product_cat?post=27453"},{"taxonomy":"product_tag","embeddable":true,"href":"https:\/\/demo8.thuythu.com\/fdmart\/wp-json\/wp\/v2\/product_tag?post=27453"}],"curies":[{"name":"wp","href":"https:\/\/api.w.org\/{rel}","templated":true}]}}