{"id":27722,"date":"2022-09-29T23:24:08","date_gmt":"2022-09-29T16:24:08","guid":{"rendered":"https:\/\/demo8.thuythu.com\/fdmart\/san-pham\/gel-tay-te-bao-chet-purederm-da-mat-va-toan-than-50ml\/"},"modified":"2022-09-29T23:24:08","modified_gmt":"2022-09-29T16:24:08","slug":"gel-tay-te-bao-chet-purederm-da-mat-va-toan-than-50ml","status":"publish","type":"product","link":"https:\/\/demo8.thuythu.com\/fdmart\/san-pham\/gel-tay-te-bao-chet-purederm-da-mat-va-toan-than-50ml\/","title":{"rendered":"Gel T\u1ea9y T\u1ebf B\u00e0o Ch\u1ebft Purederm Da M\u1eb7t V\u00e0 To\u00e0n Th\u00e2n 50ml"},"content":{"rendered":"","protected":false},"excerpt":{"rendered":"","protected":false},"featured_media":27721,"comment_status":"open","ping_status":"closed","template":"","meta":[],"product_cat":[363],"product_tag":[],"_links":{"self":[{"href":"https:\/\/demo8.thuythu.com\/fdmart\/wp-json\/wp\/v2\/product\/27722"}],"collection":[{"href":"https:\/\/demo8.thuythu.com\/fdmart\/wp-json\/wp\/v2\/product"}],"about":[{"href":"https:\/\/demo8.thuythu.com\/fdmart\/wp-json\/wp\/v2\/types\/product"}],"replies":[{"embeddable":true,"href":"https:\/\/demo8.thuythu.com\/fdmart\/wp-json\/wp\/v2\/comments?post=27722"}],"wp:featuredmedia":[{"embeddable":true,"href":"https:\/\/demo8.thuythu.com\/fdmart\/wp-json\/wp\/v2\/media\/27721"}],"wp:attachment":[{"href":"https:\/\/demo8.thuythu.com\/fdmart\/wp-json\/wp\/v2\/media?parent=27722"}],"wp:term":[{"taxonomy":"product_cat","embeddable":true,"href":"https:\/\/demo8.thuythu.com\/fdmart\/wp-json\/wp\/v2\/product_cat?post=27722"},{"taxonomy":"product_tag","embeddable":true,"href":"https:\/\/demo8.thuythu.com\/fdmart\/wp-json\/wp\/v2\/product_tag?post=27722"}],"curies":[{"name":"wp","href":"https:\/\/api.w.org\/{rel}","templated":true}]}}