{"id":30023,"date":"2022-09-29T23:59:42","date_gmt":"2022-09-29T16:59:42","guid":{"rendered":"https:\/\/demo8.thuythu.com\/fdmart\/san-pham\/khan-uot-mamamy-khong-mui-co-nap-80-to\/"},"modified":"2022-10-15T16:59:20","modified_gmt":"2022-10-15T09:59:20","slug":"khan-uot-mamamy-khong-mui-co-nap-80-to","status":"publish","type":"product","link":"https:\/\/demo8.thuythu.com\/fdmart\/san-pham\/khan-uot-mamamy-khong-mui-co-nap-80-to\/","title":{"rendered":"Kh\u0103n \u01af\u1edbt Mamamy Kh\u00f4ng M\u00f9i C\u00f3 N\u1eafp 80 T\u1edd"},"content":{"rendered":"","protected":false},"excerpt":{"rendered":"","protected":false},"featured_media":0,"comment_status":"open","ping_status":"closed","template":"","meta":[],"product_cat":[357],"product_tag":[],"_links":{"self":[{"href":"https:\/\/demo8.thuythu.com\/fdmart\/wp-json\/wp\/v2\/product\/30023"}],"collection":[{"href":"https:\/\/demo8.thuythu.com\/fdmart\/wp-json\/wp\/v2\/product"}],"about":[{"href":"https:\/\/demo8.thuythu.com\/fdmart\/wp-json\/wp\/v2\/types\/product"}],"replies":[{"embeddable":true,"href":"https:\/\/demo8.thuythu.com\/fdmart\/wp-json\/wp\/v2\/comments?post=30023"}],"wp:attachment":[{"href":"https:\/\/demo8.thuythu.com\/fdmart\/wp-json\/wp\/v2\/media?parent=30023"}],"wp:term":[{"taxonomy":"product_cat","embeddable":true,"href":"https:\/\/demo8.thuythu.com\/fdmart\/wp-json\/wp\/v2\/product_cat?post=30023"},{"taxonomy":"product_tag","embeddable":true,"href":"https:\/\/demo8.thuythu.com\/fdmart\/wp-json\/wp\/v2\/product_tag?post=30023"}],"curies":[{"name":"wp","href":"https:\/\/api.w.org\/{rel}","templated":true}]}}