{"id":32232,"date":"2022-09-30T00:33:48","date_gmt":"2022-09-29T17:33:48","guid":{"rendered":"https:\/\/demo8.thuythu.com\/fdmart\/san-pham\/pho-mai-lat-con-bo-cuoi-burger-200gr\/"},"modified":"2022-09-30T00:33:48","modified_gmt":"2022-09-29T17:33:48","slug":"pho-mai-lat-con-bo-cuoi-burger-200gr","status":"publish","type":"product","link":"https:\/\/demo8.thuythu.com\/fdmart\/san-pham\/pho-mai-lat-con-bo-cuoi-burger-200gr\/","title":{"rendered":"Ph\u00f4 Mai L\u00e1t Con B\u00f2 C\u01b0\u1eddi Burger 200gr"},"content":{"rendered":"","protected":false},"excerpt":{"rendered":"","protected":false},"featured_media":0,"comment_status":"open","ping_status":"closed","template":"","meta":[],"product_cat":[504],"product_tag":[],"_links":{"self":[{"href":"https:\/\/demo8.thuythu.com\/fdmart\/wp-json\/wp\/v2\/product\/32232"}],"collection":[{"href":"https:\/\/demo8.thuythu.com\/fdmart\/wp-json\/wp\/v2\/product"}],"about":[{"href":"https:\/\/demo8.thuythu.com\/fdmart\/wp-json\/wp\/v2\/types\/product"}],"replies":[{"embeddable":true,"href":"https:\/\/demo8.thuythu.com\/fdmart\/wp-json\/wp\/v2\/comments?post=32232"}],"wp:attachment":[{"href":"https:\/\/demo8.thuythu.com\/fdmart\/wp-json\/wp\/v2\/media?parent=32232"}],"wp:term":[{"taxonomy":"product_cat","embeddable":true,"href":"https:\/\/demo8.thuythu.com\/fdmart\/wp-json\/wp\/v2\/product_cat?post=32232"},{"taxonomy":"product_tag","embeddable":true,"href":"https:\/\/demo8.thuythu.com\/fdmart\/wp-json\/wp\/v2\/product_tag?post=32232"}],"curies":[{"name":"wp","href":"https:\/\/api.w.org\/{rel}","templated":true}]}}