{"id":2116,"date":"2019-09-13T01:46:28","date_gmt":"2019-09-13T01:46:28","guid":{"rendered":"https:\/\/ovatheme.com\/meup\/?page_id=2116"},"modified":"2020-12-25T15:29:29","modified_gmt":"2020-12-25T08:29:29","slug":"gioi-thieu","status":"publish","type":"page","link":"https:\/\/demo8.thuythu.com\/focaleducenter-32\/gioi-thieu\/","title":{"rendered":"Gi\u1edbi thi\u1ec7u"},"content":{"rendered":"\t\t<div data-elementor-type=\"wp-post\" data-elementor-id=\"2116\" class=\"elementor elementor-2116\" data-elementor-settings=\"[]\">\n\t\t\t\t\t\t<div class=\"elementor-inner\">\n\t\t\t\t\t\t\t<div class=\"elementor-section-wrap\">\n\t\t\t\t\t\t\t<section class=\"elementor-section elementor-top-section elementor-element elementor-element-e4b635d elementor-section-boxed elementor-section-height-default elementor-section-height-default\" data-id=\"e4b635d\" data-element_type=\"section\">\n\t\t\t\t\t\t<div class=\"elementor-container elementor-column-gap-default\">\n\t\t\t\t\t\t\t<div class=\"elementor-row\">\n\t\t\t\t\t<div class=\"elementor-column elementor-col-50 elementor-top-column elementor-element elementor-element-d92109b\" data-id=\"d92109b\" data-element_type=\"column\">\n\t\t\t<div class=\"elementor-column-wrap elementor-element-populated\">\n\t\t\t\t\t\t\t<div class=\"elementor-widget-wrap\">\n\t\t\t\t\t\t<div class=\"elementor-element elementor-element-8c3a201 elementor-widget elementor-widget-ova_heading\" data-id=\"8c3a201\" data-element_type=\"widget\" data-widget_type=\"ova_heading.default\">\n\t\t\t\t<div class=\"elementor-widget-container\">\n\t\t\t\t\t<div class=\"ova-heading\">\n\t\t\t\n\t\t\t\t\t\t\t<h3 class=\"title second_font\">Focal Edu Center <\/h3>\n\t\t\t\n\t\t\t\t\t\t\t<p class=\"sub-title \">Tham gia v\u00e0o m\u1ea1ng l\u01b0\u1edbi Chuy\u00ean gia c\u1ee7a Focal Educenter.<\/p>\n\t\t\t\n\t\t\t<span class=\"line \"><\/span>\n\n\t\t<\/div>\n\t\t\t\t<\/div>\n\t\t\t\t<\/div>\n\t\t\t\t<div class=\"elementor-element elementor-element-5961d8a about-us elementor-widget elementor-widget-text-editor\" data-id=\"5961d8a\" data-element_type=\"widget\" data-widget_type=\"text-editor.default\">\n\t\t\t\t<div class=\"elementor-widget-container\">\n\t\t\t\t\t<div class=\"elementor-text-editor elementor-clearfix\"><p><span style=\"letter-spacing: 0px;\">Focal Educenter l\u00e0 m\u1ed9t n\u1ec1n t\u1ea3ng tr\u1ef1c tuy\u1ebfn d\u00e0nh ri\u00eang cho s\u1ef1 ki\u1ec7n gi\u00e1o d\u1ee5c online v\u00e0 offline t\u1ea1i Vi\u1ec7t Nam.Ch\u00fang t\u00f4i cung c\u1ea5p c\u00e1c d\u1ecbch v\u1ee5 sau:<\/span><\/p>\n<p>(1) T\u1ed5 ch\u1ee9c c\u00e1c s\u1ef1 ki\u1ec7n nh\u01b0: H\u1ed9i th\u1ea3o, h\u1ed9i ngh\u1ecb cho c\u00e1c tr\u01b0\u1eddng \u0111\u1ea1i h\u1ecdc v\u00e0 cao \u0111\u1eb3ng.<\/p>\n<p>(2) Focal cung c\u1ea5p danh s\u00e1ch c\u00e1c l\u1edbp do chuy\u00ean gia t\u1ed5 ch\u1ee9c.<\/p>\n<p>(3) T\u1ed5 ch\u1ee9c c\u00e1c s\u1ef1 ki\u1ec7n li\u00ean quan \u0111\u1ebfn ngh\u1ec1 nghi\u1ec7p cho c\u00e1c chuy\u00ean gia tr\u1ebb.<\/p>\n<p>Focal Educenter hi\u1ec7n \u0111ang trong giai \u0111o\u1ea1n chu\u1ea9n b\u1ecb tr\u01b0\u1edbc khi ra m\u1eaft ch\u00ednh th\u1ee9c v\u00e0o \u0111\u1ea7u n\u0103m 2021 \u0111\u1ec3 t\u1ea1o ra M\u1ea1ng l\u01b0\u1edbi chuy\u00ean gia. Sau khi tham gia, b\u1ea1n s\u1ebd c\u00f3 c\u01a1 h\u1ed9i k\u1ebft h\u1ee3p v\u1edbi c\u00e1c s\u1ef1 ki\u1ec7n c\u1ee7a ch\u00fang t\u00f4i v\u1edbi t\u01b0 c\u00e1ch l\u00e0 m\u1ed9t chuy\u00ean gia.Th\u00f4ng tin chi ti\u1ebft v\u1ec1 s\u1ef1 ki\u1ec7n, bao g\u1ed3m n\u1ed9i dung, k\u1ef3 v\u1ecdng, l\u01b0\u01a1ng th\u01b0\u1edfng v\u00e0 h\u01a1n th\u1ebf n\u1eefa, s\u1ebd \u0111\u01b0\u1ee3c g\u1eedi qua email khi ch\u00fang t\u00f4i c\u00f3 c\u01a1 h\u1ed9i ph\u00f9 h\u1ee3p v\u1edbi s\u1edf th\u00edch c\u1ee7a b\u1ea1n.<\/p>\n<p>Ch\u00fang ta c\u00f3 th\u1ec3 c\u00f9ng nhau t\u00e1c \u0111\u1ed9ng t\u1ed1t h\u01a1n \u0111\u1ebfn tr\u1ea3i nghi\u1ec7m v\u00e0 ki\u1ebfn th\u1ee9c c\u1ee7a ng\u01b0\u1eddi h\u1ecdc!<\/p>\n<p>Tr\u00e2n tr\u1ecdng,<\/p>\n<p>Focal Educenter<\/p><\/div>\n\t\t\t\t<\/div>\n\t\t\t\t<\/div>\n\t\t\t\t\t\t<\/div>\n\t\t\t\t\t<\/div>\n\t\t<\/div>\n\t\t\t\t<div class=\"elementor-column elementor-col-50 elementor-top-column elementor-element elementor-element-d1112a5\" data-id=\"d1112a5\" data-element_type=\"column\">\n\t\t\t<div class=\"elementor-column-wrap elementor-element-populated\">\n\t\t\t\t\t\t\t<div class=\"elementor-widget-wrap\">\n\t\t\t\t\t\t<div class=\"elementor-element elementor-element-ed9519b elementor-aspect-ratio-169 elementor-widget elementor-widget-video\" data-id=\"ed9519b\" data-element_type=\"widget\" data-settings=\"{&quot;lightbox&quot;:&quot;yes&quot;,&quot;aspect_ratio&quot;:&quot;169&quot;}\" data-widget_type=\"video.default\">\n\t\t\t\t<div class=\"elementor-widget-container\">\n\t\t\t\t\t<div class=\"elementor-wrapper elementor-open-lightbox\">\n\t\t\t\t\t\t\t<div class=\"elementor-custom-embed-image-overlay\" data-elementor-open-lightbox=\"yes\" data-elementor-lightbox=\"{&quot;type&quot;:&quot;video&quot;,&quot;videoType&quot;:&quot;youtube&quot;,&quot;url&quot;:&quot;https:\\\/\\\/www.youtube.com\\\/embed\\\/XHOmBV4js_E?feature=oembed&amp;start&amp;end&amp;wmode=opaque&amp;loop=0&amp;controls=1&amp;mute=0&amp;rel=0&amp;modestbranding=0&quot;,&quot;modalOptions&quot;:{&quot;id&quot;:&quot;elementor-lightbox-ed9519b&quot;,&quot;entranceAnimation&quot;:&quot;&quot;,&quot;entranceAnimation_tablet&quot;:&quot;&quot;,&quot;entranceAnimation_mobile&quot;:&quot;&quot;,&quot;videoAspectRatio&quot;:&quot;169&quot;}}\">\n\t\t\t\t\t\t\t\t\t\t\t<img width=\"991\" height=\"647\" src=\"https:\/\/demo8.thuythu.com\/focaleducenter-32\/wp-content\/uploads\/2019\/06\/blog_4.jpg\" class=\"attachment-full size-full\" alt=\"\" loading=\"lazy\" \/>\t\t\t\t\t\t\t\t\t\t\t\t\t\t\t\t<div class=\"elementor-custom-embed-play\" role=\"button\">\n\t\t\t\t\t\t\t<i class=\"eicon-play\" aria-hidden=\"true\"><\/i>\n\t\t\t\t\t\t\t<span class=\"elementor-screen-only\">Ch\u01a1i Video<\/span>\n\t\t\t\t\t\t<\/div>\n\t\t\t\t\t\t\t\t\t<\/div>\n\t\t\t\t\t<\/div>\n\t\t\t\t<\/div>\n\t\t\t\t<\/div>\n\t\t\t\t\t\t<\/div>\n\t\t\t\t\t<\/div>\n\t\t<\/div>\n\t\t\t\t\t\t\t\t<\/div>\n\t\t\t\t\t<\/div>\n\t\t<\/section>\n\t\t\t\t<section class=\"elementor-section elementor-top-section elementor-element elementor-element-411eda5 elementor-hidden-desktop elementor-hidden-tablet elementor-hidden-phone elementor-section-boxed elementor-section-height-default elementor-section-height-default\" data-id=\"411eda5\" data-element_type=\"section\">\n\t\t\t\t\t\t<div class=\"elementor-container elementor-column-gap-default\">\n\t\t\t\t\t\t\t<div class=\"elementor-row\">\n\t\t\t\t\t<div class=\"elementor-column elementor-col-50 elementor-top-column elementor-element elementor-element-d6c19e8\" data-id=\"d6c19e8\" data-element_type=\"column\">\n\t\t\t<div class=\"elementor-column-wrap elementor-element-populated\">\n\t\t\t\t\t\t\t<div class=\"elementor-widget-wrap\">\n\t\t\t\t\t\t<div class=\"elementor-element elementor-element-efcdf02 elementor-widget elementor-widget-image\" data-id=\"efcdf02\" data-element_type=\"widget\" data-widget_type=\"image.default\">\n\t\t\t\t<div class=\"elementor-widget-container\">\n\t\t\t\t\t<div class=\"elementor-image\">\n\t\t\t\t\t\t\t\t\t\t<img width=\"991\" height=\"647\" src=\"https:\/\/demo8.thuythu.com\/focaleducenter-32\/wp-content\/uploads\/2019\/06\/blog_10.jpg\" class=\"attachment-large size-large\" alt=\"\" loading=\"lazy\" \/>\t\t\t\t\t\t\t\t\t\t\t<\/div>\n\t\t\t\t<\/div>\n\t\t\t\t<\/div>\n\t\t\t\t\t\t<\/div>\n\t\t\t\t\t<\/div>\n\t\t<\/div>\n\t\t\t\t<div class=\"elementor-column elementor-col-50 elementor-top-column elementor-element elementor-element-ba605e5\" data-id=\"ba605e5\" data-element_type=\"column\">\n\t\t\t<div class=\"elementor-column-wrap elementor-element-populated\">\n\t\t\t\t\t\t\t<div class=\"elementor-widget-wrap\">\n\t\t\t\t\t\t<div class=\"elementor-element elementor-element-0e4201e elementor-widget elementor-widget-ova_heading\" data-id=\"0e4201e\" data-element_type=\"widget\" data-widget_type=\"ova_heading.default\">\n\t\t\t\t<div class=\"elementor-widget-container\">\n\t\t\t\t\t<div class=\"ova-heading\">\n\t\t\t\n\t\t\t\t\t\t\t<h3 class=\"title second_font\">C\u1ea3m Nh\u1eadn Kh\u00e1ch H\u00e0ng<\/h3>\n\t\t\t\n\t\t\t\t\t\t\t<p class=\"sub-title \">Kh\u00e1ch h\u00e0ng ngh\u0129 g\u00ec v\u1ec1 ch\u00fang t\u00f4i<\/p>\n\t\t\t\n\t\t\t<span class=\"line \"><\/span>\n\n\t\t<\/div>\n\t\t\t\t<\/div>\n\t\t\t\t<\/div>\n\t\t\t\t<div class=\"elementor-element elementor-element-6b8aedc elementor-widget elementor-widget-ova_testimonial\" data-id=\"6b8aedc\" data-element_type=\"widget\" data-settings=\"{&quot;pause_on_hover&quot;:&quot;yes&quot;,&quot;infinite&quot;:&quot;yes&quot;,&quot;autoplay&quot;:&quot;yes&quot;,&quot;autoplay_speed&quot;:6000}\" data-widget_type=\"ova_testimonial.default\">\n\t\t\t\t<div class=\"elementor-widget-container\">\n\t\t\t\t\t\t\t\t\t\t\t\t<div class=\"ova-testimonial version_2\">\n\n\t\t\t\t\t<div class=\"wp-testimonial  owl-carousel owl-theme owl-loaded\" data-options=\"{&quot;slideBy&quot;:&quot;1&quot;,&quot;margin&quot;:45,&quot;autoplayHoverPause&quot;:true,&quot;loop&quot;:true,&quot;autoplay&quot;:true,&quot;autoplayTimeout&quot;:6000,&quot;smartSpeed&quot;:500,&quot;dots&quot;:true,&quot;nav&quot;:false}\">\n\t\t\t\t\t\t\t\t\t\t\t\t\t<div class=\"item\">\n\t\t\t\t\t\t\t\t<div class=\"content-testimonial\">\n\t\t\t\t\t\t\t\t\t\t\t\t\t\t\t\t\t\t\t<p class=\"desc\">\u201cCras vehicula ex sem, nec tincidunt sapien lacinia eget. Curab itur porttitor tincidunt nisl vel efficitur. Quisque ut pharetra ante sed fringilla erat\u201d<\/p>\n\t\t\t\t\t\t\t\t\t\t\t\t\t\t\t\t\t<\/div>\n\t\t\t\t\t\t\t\t<div class=\"ova-media\">\n\t\t\t\t\t\t\t\t\t<div class=\"image\">\n\t\t\t\t\t\t\t\t\t\t<img src=\"https:\/\/ovatheme.com\/meup\/wp-content\/uploads\/2019\/09\/about_team_5-1.jpg\" alt=\"Jonh Doe\">\n\t\t\t\t\t\t\t\t\t<\/div>\n\t\t\t\t\t\t\t\t\t<div class=\"wp-title\">\n\t\t\t\t\t\t\t\t\t\t\t\t\t\t\t\t\t\t\t\t\t<p class=\"name-author second_font\">Jonh Doe<\/p>\n\t\t\t\t\t\t\t\t\t\t\t\t\t\t\t\t\t\t\t\t\t\t\t\t\t\t\t\t\t\t\t<p class=\"job\">CEO &amp; Fouder Travel<\/>\n\t\t\t\t\t\t\t\t\t\t\t\t\t\t\t\t\t\t\t\t\t<\/div>\n\t\t\t\t\t\t\t\t\t<\/div>\n\t\t\t\t\t\t\t\t<\/div>\n\t\t\t\t\t\t\t\t\t\t\t\t\t\t<div class=\"item\">\n\t\t\t\t\t\t\t\t<div class=\"content-testimonial\">\n\t\t\t\t\t\t\t\t\t\t\t\t\t\t\t\t\t\t\t<p class=\"desc\">\u201cCras vehicula ex sem, nec tincidunt sapien lacinia eget. Curab itur porttitor tincidunt nisl vel efficitur. Quisque ut pharetra ante sed fringilla erat\u201d<\/p>\n\t\t\t\t\t\t\t\t\t\t\t\t\t\t\t\t\t<\/div>\n\t\t\t\t\t\t\t\t<div class=\"ova-media\">\n\t\t\t\t\t\t\t\t\t<div class=\"image\">\n\t\t\t\t\t\t\t\t\t\t<img src=\"https:\/\/ovatheme.com\/meup\/wp-content\/uploads\/2019\/09\/about_team_4-1.jpg\" alt=\"Gregory Kennedy\">\n\t\t\t\t\t\t\t\t\t<\/div>\n\t\t\t\t\t\t\t\t\t<div class=\"wp-title\">\n\t\t\t\t\t\t\t\t\t\t\t\t\t\t\t\t\t\t\t\t\t<p class=\"name-author second_font\">Gregory Kennedy<\/p>\n\t\t\t\t\t\t\t\t\t\t\t\t\t\t\t\t\t\t\t\t\t\t\t\t\t\t\t\t\t\t\t<p class=\"job\">Developer<\/>\n\t\t\t\t\t\t\t\t\t\t\t\t\t\t\t\t\t\t\t\t\t<\/div>\n\t\t\t\t\t\t\t\t\t<\/div>\n\t\t\t\t\t\t\t\t<\/div>\n\t\t\t\t\t\t\t\t\t\t\t\t\t\t<div class=\"item\">\n\t\t\t\t\t\t\t\t<div class=\"content-testimonial\">\n\t\t\t\t\t\t\t\t\t\t\t\t\t\t\t\t\t\t\t<p class=\"desc\">\u201cCras vehicula ex sem, nec tincidunt sapien lacinia eget. Curab itur porttitor tincidunt nisl vel efficitur. Quisque ut pharetra ante sed fringilla erat\u201d<\/p>\n\t\t\t\t\t\t\t\t\t\t\t\t\t\t\t\t\t<\/div>\n\t\t\t\t\t\t\t\t<div class=\"ova-media\">\n\t\t\t\t\t\t\t\t\t<div class=\"image\">\n\t\t\t\t\t\t\t\t\t\t<img src=\"https:\/\/ovatheme.com\/meup\/wp-content\/uploads\/2019\/09\/about_team_3-1.jpg\" alt=\"Jonh Doe\">\n\t\t\t\t\t\t\t\t\t<\/div>\n\t\t\t\t\t\t\t\t\t<div class=\"wp-title\">\n\t\t\t\t\t\t\t\t\t\t\t\t\t\t\t\t\t\t\t\t\t<p class=\"name-author second_font\">Jonh Doe<\/p>\n\t\t\t\t\t\t\t\t\t\t\t\t\t\t\t\t\t\t\t\t\t\t\t\t\t\t\t\t\t\t\t<p class=\"job\">CEO &amp; Fouder Travel<\/>\n\t\t\t\t\t\t\t\t\t\t\t\t\t\t\t\t\t\t\t\t\t<\/div>\n\t\t\t\t\t\t\t\t\t<\/div>\n\t\t\t\t\t\t\t\t<\/div>\n\t\t\t\t\t\t\t\t\t\t\t\t\t<\/div>\n\t\t\t\t\t<\/div>\n\t\t\t\t\n\t\t\t\t\t\t<\/div>\n\t\t\t\t<\/div>\n\t\t\t\t\t\t<\/div>\n\t\t\t\t\t<\/div>\n\t\t<\/div>\n\t\t\t\t\t\t\t\t<\/div>\n\t\t\t\t\t<\/div>\n\t\t<\/section>\n\t\t\t\t<section class=\"elementor-section elementor-top-section elementor-element elementor-element-3a8d42f elementor-hidden-desktop elementor-hidden-tablet elementor-hidden-phone elementor-section-boxed elementor-section-height-default elementor-section-height-default\" data-id=\"3a8d42f\" data-element_type=\"section\">\n\t\t\t\t\t\t<div class=\"elementor-container elementor-column-gap-default\">\n\t\t\t\t\t\t\t<div class=\"elementor-row\">\n\t\t\t\t\t<div class=\"elementor-column elementor-col-100 elementor-top-column elementor-element elementor-element-8c23bfa\" data-id=\"8c23bfa\" data-element_type=\"column\">\n\t\t\t<div class=\"elementor-column-wrap elementor-element-populated\">\n\t\t\t\t\t\t\t<div class=\"elementor-widget-wrap\">\n\t\t\t\t\t\t<div class=\"elementor-element elementor-element-53dd05c elementor-widget elementor-widget-ova_heading\" data-id=\"53dd05c\" data-element_type=\"widget\" data-widget_type=\"ova_heading.default\">\n\t\t\t\t<div class=\"elementor-widget-container\">\n\t\t\t\t\t<div class=\"ova-heading\">\n\t\t\t\n\t\t\t\t\t\t\t<h3 class=\"title second_font\">Our Team<\/h3>\n\t\t\t\n\t\t\t\t\t\t\t<p class=\"sub-title \">We are strong team about event<\/p>\n\t\t\t\n\t\t\t<span class=\"line \"><\/span>\n\n\t\t<\/div>\n\t\t\t\t<\/div>\n\t\t\t\t<\/div>\n\t\t\t\t\t\t<\/div>\n\t\t\t\t\t<\/div>\n\t\t<\/div>\n\t\t\t\t\t\t\t\t<\/div>\n\t\t\t\t\t<\/div>\n\t\t<\/section>\n\t\t\t\t<section class=\"elementor-section elementor-top-section elementor-element elementor-element-50cafbd elementor-hidden-desktop elementor-hidden-tablet elementor-hidden-phone elementor-section-boxed elementor-section-height-default elementor-section-height-default\" data-id=\"50cafbd\" data-element_type=\"section\">\n\t\t\t\t\t\t<div class=\"elementor-container elementor-column-gap-default\">\n\t\t\t\t\t\t\t<div class=\"elementor-row\">\n\t\t\t\t\t<div class=\"elementor-column elementor-col-25 elementor-top-column elementor-element elementor-element-100b6e3\" data-id=\"100b6e3\" data-element_type=\"column\">\n\t\t\t<div class=\"elementor-column-wrap elementor-element-populated\">\n\t\t\t\t\t\t\t<div class=\"elementor-widget-wrap\">\n\t\t\t\t\t\t<div class=\"elementor-element elementor-element-1797bb7 elementor-widget elementor-widget-ova_about_team\" data-id=\"1797bb7\" data-element_type=\"widget\" data-widget_type=\"ova_about_team.default\">\n\t\t\t\t<div class=\"elementor-widget-container\">\n\t\t\t\t\t<div class=\"ova-about-team\">\n\t\t\t<div class=\"ova-media\">\n\t\t\t\t<div class=\"image\">\n\t\t\t\t\t<img src=\"https:\/\/ovatheme.com\/meup\/wp-content\/uploads\/2019\/09\/about_team_1-1.jpg\" alt=\"Vikas Makwana\">\n\t\t\t\t\t<ul class=\"social\">\n\t\t\t\t\t\t\t\t\t\t\t<li><a href=\"#\"><i class=\"fa fa-facebook\"><\/i><\/a><\/li>\n\t\t\t\t\t\t\t\t\t\t\t<li><a href=\"#\"><i class=\"fa fa-linkedin\"><\/i><\/a><\/li>\n\t\t\t\t\t\t\t\t\t\t\t<li><a href=\"#\"><i class=\"fa fa-instagram\"><\/i><\/a><\/li>\n\t\t\t\t\t\t\t\t\t\t\t<li><a href=\"#\"><i class=\"fa fa-twitter\"><\/i><\/a><\/li>\n\t\t\t\t\t\t\t\t\t<\/ul>\n\t\t\t\t<\/div>\n\t\t\t\t\n\t\t\t<\/div>\n\t\t\t<div class=\"content\">\n\t\t\t\t<p class=\"name second_font\">Vikas Makwana<\/p>\n\t\t\t\t<p class=\"job\">Website Designer<\/p>\n\t\t\t<\/div>\n\t\t\t\n\t\t<\/div>\n\t\t\t\t<\/div>\n\t\t\t\t<\/div>\n\t\t\t\t\t\t<\/div>\n\t\t\t\t\t<\/div>\n\t\t<\/div>\n\t\t\t\t<div class=\"elementor-column elementor-col-25 elementor-top-column elementor-element elementor-element-369f55f\" data-id=\"369f55f\" data-element_type=\"column\">\n\t\t\t<div class=\"elementor-column-wrap elementor-element-populated\">\n\t\t\t\t\t\t\t<div class=\"elementor-widget-wrap\">\n\t\t\t\t\t\t<div class=\"elementor-element elementor-element-d8a271a elementor-widget elementor-widget-ova_about_team\" data-id=\"d8a271a\" data-element_type=\"widget\" data-widget_type=\"ova_about_team.default\">\n\t\t\t\t<div class=\"elementor-widget-container\">\n\t\t\t\t\t<div class=\"ova-about-team\">\n\t\t\t<div class=\"ova-media\">\n\t\t\t\t<div class=\"image\">\n\t\t\t\t\t<img src=\"https:\/\/ovatheme.com\/meup\/wp-content\/uploads\/2019\/09\/about_team_2-1.jpg\" alt=\"Jessica Rothe\">\n\t\t\t\t\t<ul class=\"social\">\n\t\t\t\t\t\t\t\t\t\t\t<li><a href=\"#\"><i class=\"fa fa-facebook\"><\/i><\/a><\/li>\n\t\t\t\t\t\t\t\t\t\t\t<li><a href=\"#\"><i class=\"fa fa-linkedin\"><\/i><\/a><\/li>\n\t\t\t\t\t\t\t\t\t\t\t<li><a href=\"#\"><i class=\"fa fa-instagram\"><\/i><\/a><\/li>\n\t\t\t\t\t\t\t\t\t\t\t<li><a href=\"#\"><i class=\"fa fa-twitter\"><\/i><\/a><\/li>\n\t\t\t\t\t\t\t\t\t<\/ul>\n\t\t\t\t<\/div>\n\t\t\t\t\n\t\t\t<\/div>\n\t\t\t<div class=\"content\">\n\t\t\t\t<p class=\"name second_font\">Jessica Rothe<\/p>\n\t\t\t\t<p class=\"job\">Web Developer<\/p>\n\t\t\t<\/div>\n\t\t\t\n\t\t<\/div>\n\t\t\t\t<\/div>\n\t\t\t\t<\/div>\n\t\t\t\t\t\t<\/div>\n\t\t\t\t\t<\/div>\n\t\t<\/div>\n\t\t\t\t<div class=\"elementor-column elementor-col-25 elementor-top-column elementor-element elementor-element-fc78418\" data-id=\"fc78418\" data-element_type=\"column\">\n\t\t\t<div class=\"elementor-column-wrap elementor-element-populated\">\n\t\t\t\t\t\t\t<div class=\"elementor-widget-wrap\">\n\t\t\t\t\t\t<div class=\"elementor-element elementor-element-8028e14 elementor-widget elementor-widget-ova_about_team\" data-id=\"8028e14\" data-element_type=\"widget\" data-widget_type=\"ova_about_team.default\">\n\t\t\t\t<div class=\"elementor-widget-container\">\n\t\t\t\t\t<div class=\"ova-about-team\">\n\t\t\t<div class=\"ova-media\">\n\t\t\t\t<div class=\"image\">\n\t\t\t\t\t<img src=\"https:\/\/ovatheme.com\/meup\/wp-content\/uploads\/2019\/09\/about_team_3-1.jpg\" alt=\"Sophie Turner\">\n\t\t\t\t\t<ul class=\"social\">\n\t\t\t\t\t\t\t\t\t\t\t<li><a href=\"#\"><i class=\"fa fa-facebook\"><\/i><\/a><\/li>\n\t\t\t\t\t\t\t\t\t\t\t<li><a href=\"#\"><i class=\"fa fa-linkedin\"><\/i><\/a><\/li>\n\t\t\t\t\t\t\t\t\t\t\t<li><a href=\"#\"><i class=\"fa fa-instagram\"><\/i><\/a><\/li>\n\t\t\t\t\t\t\t\t\t\t\t<li><a href=\"#\"><i class=\"fa fa-twitter\"><\/i><\/a><\/li>\n\t\t\t\t\t\t\t\t\t<\/ul>\n\t\t\t\t<\/div>\n\t\t\t\t\n\t\t\t<\/div>\n\t\t\t<div class=\"content\">\n\t\t\t\t<p class=\"name second_font\">Sophie Turner<\/p>\n\t\t\t\t<p class=\"job\">Website Designer<\/p>\n\t\t\t<\/div>\n\t\t\t\n\t\t<\/div>\n\t\t\t\t<\/div>\n\t\t\t\t<\/div>\n\t\t\t\t\t\t<\/div>\n\t\t\t\t\t<\/div>\n\t\t<\/div>\n\t\t\t\t<div class=\"elementor-column elementor-col-25 elementor-top-column elementor-element elementor-element-3695ce6\" data-id=\"3695ce6\" data-element_type=\"column\">\n\t\t\t<div class=\"elementor-column-wrap elementor-element-populated\">\n\t\t\t\t\t\t\t<div class=\"elementor-widget-wrap\">\n\t\t\t\t\t\t<div class=\"elementor-element elementor-element-61ef3db elementor-widget elementor-widget-ova_about_team\" data-id=\"61ef3db\" data-element_type=\"widget\" data-widget_type=\"ova_about_team.default\">\n\t\t\t\t<div class=\"elementor-widget-container\">\n\t\t\t\t\t<div class=\"ova-about-team\">\n\t\t\t<div class=\"ova-media\">\n\t\t\t\t<div class=\"image\">\n\t\t\t\t\t<img src=\"https:\/\/ovatheme.com\/meup\/wp-content\/uploads\/2019\/09\/about_team_5-1.jpg\" alt=\"Milo Manheim\">\n\t\t\t\t\t<ul class=\"social\">\n\t\t\t\t\t\t\t\t\t\t\t<li><a href=\"#\"><i class=\"fa fa-facebook\"><\/i><\/a><\/li>\n\t\t\t\t\t\t\t\t\t\t\t<li><a href=\"#\"><i class=\"fa fa-linkedin\"><\/i><\/a><\/li>\n\t\t\t\t\t\t\t\t\t\t\t<li><a href=\"#\"><i class=\"fa fa-instagram\"><\/i><\/a><\/li>\n\t\t\t\t\t\t\t\t\t\t\t<li><a href=\"#\"><i class=\"fa fa-twitter\"><\/i><\/a><\/li>\n\t\t\t\t\t\t\t\t\t<\/ul>\n\t\t\t\t<\/div>\n\t\t\t\t\n\t\t\t<\/div>\n\t\t\t<div class=\"content\">\n\t\t\t\t<p class=\"name second_font\">Milo Manheim<\/p>\n\t\t\t\t<p class=\"job\">Website Designer<\/p>\n\t\t\t<\/div>\n\t\t\t\n\t\t<\/div>\n\t\t\t\t<\/div>\n\t\t\t\t<\/div>\n\t\t\t\t\t\t<\/div>\n\t\t\t\t\t<\/div>\n\t\t<\/div>\n\t\t\t\t\t\t\t\t<\/div>\n\t\t\t\t\t<\/div>\n\t\t<\/section>\n\t\t\t\t\t\t<\/div>\n\t\t\t\t\t\t<\/div>\n\t\t\t\t\t<\/div>\n\t\t","protected":false},"excerpt":{"rendered":"<p>Focal Edu Center Tham gia v\u00e0o m\u1ea1ng l\u01b0\u1edbi Chuy\u00ean gia c\u1ee7a Focal Educenter. Focal Educenter l\u00e0 m\u1ed9t n\u1ec1n t\u1ea3ng tr\u1ef1c tuy\u1ebfn d\u00e0nh ri\u00eang cho s\u1ef1 ki\u1ec7n gi\u00e1o d\u1ee5c online v\u00e0 offline t\u1ea1i Vi\u1ec7t Nam.Ch\u00fang t\u00f4i cung c\u1ea5p c\u00e1c d\u1ecbch v\u1ee5 sau: (1) T\u1ed5 ch\u1ee9c c\u00e1c s\u1ef1 ki\u1ec7n nh\u01b0: H\u1ed9i th\u1ea3o, h\u1ed9i ngh\u1ecb cho c\u00e1c tr\u01b0\u1eddng [&hellip;]<\/p>\n","protected":false},"author":2,"featured_media":0,"parent":0,"menu_order":0,"comment_status":"closed","ping_status":"closed","template":"elementor_header_footer","meta":[],"_links":{"self":[{"href":"https:\/\/demo8.thuythu.com\/focaleducenter-32\/wp-json\/wp\/v2\/pages\/2116"}],"collection":[{"href":"https:\/\/demo8.thuythu.com\/focaleducenter-32\/wp-json\/wp\/v2\/pages"}],"about":[{"href":"https:\/\/demo8.thuythu.com\/focaleducenter-32\/wp-json\/wp\/v2\/types\/page"}],"author":[{"embeddable":true,"href":"https:\/\/demo8.thuythu.com\/focaleducenter-32\/wp-json\/wp\/v2\/users\/2"}],"replies":[{"embeddable":true,"href":"https:\/\/demo8.thuythu.com\/focaleducenter-32\/wp-json\/wp\/v2\/comments?post=2116"}],"version-history":[{"count":21,"href":"https:\/\/demo8.thuythu.com\/focaleducenter-32\/wp-json\/wp\/v2\/pages\/2116\/revisions"}],"predecessor-version":[{"id":3995,"href":"https:\/\/demo8.thuythu.com\/focaleducenter-32\/wp-json\/wp\/v2\/pages\/2116\/revisions\/3995"}],"wp:attachment":[{"href":"https:\/\/demo8.thuythu.com\/focaleducenter-32\/wp-json\/wp\/v2\/media?parent=2116"}],"curies":[{"name":"wp","href":"https:\/\/api.w.org\/{rel}","templated":true}]}}