





{"id":443,"date":"2022-11-17T07:27:29","date_gmt":"2022-11-17T07:27:29","guid":{"rendered":"https:\/\/demo8.thuythu.com\/hondaototiengiang\/?page_id=443"},"modified":"2022-11-22T07:34:12","modified_gmt":"2022-11-22T07:34:12","slug":"chinh-sach-bao-mat","status":"publish","type":"page","link":"https:\/\/demo8.thuythu.com\/hondaototiengiang\/chinh-sach-bao-mat\/","title":{"rendered":"Ch\u00ednh s\u00e1ch b\u1ea3o m\u1eadt"},"content":{"rendered":"<div>\n<p>Honda \u00d4 t\u00f4 Ti\u1ec1n Giang cam k\u1ebft s\u1ebd b\u1ea3o m\u1eadt nh\u1eefng th\u00f4ng tin mang t\u00ednh ri\u00eang t\u01b0 c\u1ee7a kh\u00e1ch h\u00e0ng. Qu\u00fd kh\u00e1ch vui l\u00f2ng \u0111\u1ecdc \u201cCh\u00ednh s\u00e1ch b\u1ea3o m\u1eadt\u201d d\u01b0\u1edbi \u0111\u00e2y tr\u01b0\u1edbc khi truy c\u1eadp nh\u1eefng n\u1ed9i dung kh\u00e1c \u0111\u1ec3 hi\u1ec3u h\u01a1n nh\u1eefng cam k\u1ebft m\u00e0 ch\u00fang t\u00f4i th\u1ef1c hi\u1ec7n, nh\u1eb1m t\u00f4n tr\u1ecdng v\u00e0 b\u1ea3o v\u1ec7 quy\u1ec1n l\u1ee3i c\u1ee7a ng\u01b0\u1eddi truy c\u1eadp:<\/p>\n<p><strong>1. Thu th\u1eadp th\u00f4ng tin c\u00e1 nh\u00e2n:<\/strong><\/p>\n<p>\u2022 C\u00e1c th\u00f4ng tin thu th\u1eadp s\u1ebd gi\u00fap ch\u00fang t\u00f4i:<br \/>\n\u2022 H\u1ed7 tr\u1ee3 kh\u00e1ch h\u00e0ng khi mua s\u1ea3n ph\u1ea9m.<br \/>\n\u2022 Gi\u1ea3i \u0111\u00e1p th\u1eafc m\u1eafc kh\u00e1ch h\u00e0ng.<br \/>\n\u2022 Cung c\u1ea5p cho qu\u00fd kh\u00e1ch th\u00f4ng tin m\u1edbi nh\u1ea5t c\u1ee7a ch\u00fang t\u00f4i.<br \/>\n\u2022 Xem x\u00e9t v\u00e0 n\u00e2ng c\u1ea5p n\u1ed9i dung v\u00e0 giao di\u1ec7n c\u1ee7a website.<\/p>\n<p>\u2022 Th\u1ef1c hi\u1ec7n c\u00e1c ho\u1ea1t \u0111\u1ed9ng qu\u1ea3ng b\u00e1 li\u00ean quan \u0111\u1ebfn c\u00e1c s\u1ea3n ph\u1ea9m v\u00e0 d\u1ecbch v\u1ee5 c\u1ee7a Honda T\u00e2m Anh<\/p>\n<p>\u2022 \u0110\u1ec3 truy c\u1eadp v\u00e0 s\u1eed d\u1ee5ng m\u1ed9t s\u1ed1 d\u1ecbch v\u1ee5 t\u1ea1i website v\u00e0 \u1ee9ng d\u1ee5ng c\u1ee7a ch\u00fang t\u00f4i, qu\u00fd kh\u00e1ch c\u00f3 th\u1ec3 s\u1ebd \u0111\u01b0\u1ee3c y\u00eau c\u1ea7u \u0111\u0103ng k\u00fd v\u1edbi ch\u00fang t\u00f4i th\u00f4ng tin c\u00e1 nh\u00e2n (H\u1ecd t\u00ean, S\u1ed1 \u0111i\u1ec7n tho\u1ea1i li\u00ean l\u1ea1c, Email\u2026). M\u1ecdi th\u00f4ng tin khai b\u00e1o ph\u1ea3i \u0111\u1ea3m b\u1ea3o t\u00ednh ch\u00ednh x\u00e1c v\u00e0 h\u1ee3p ph\u00e1p. Honda T\u00e2m Anh kh\u00f4ng ch\u1ecbu m\u1ecdi tr\u00e1ch nhi\u1ec7m li\u00ean quan \u0111\u1ebfn ph\u00e1p lu\u1eadt c\u1ee7a th\u00f4ng tin khai b\u00e1o.<\/p>\n<p>\u2022 Ch\u00fang t\u00f4i c\u0169ng c\u00f3 th\u1ec3 thu th\u1eadp th\u00f4ng tin v\u1ec1 s\u1ed1 l\u1ea7n gh\u00e9 th\u0103m, bao g\u1ed3m s\u1ed1 trang qu\u00fd kh\u00e1ch xem, s\u1ed1 li\u00ean k\u1ebft (links) qu\u00fd kh\u00e1ch click v\u00e0 nh\u1eefng th\u00f4ng tin kh\u00e1c li\u00ean quan \u0111\u1ebfn vi\u1ec7c k\u1ebft n\u1ed1i \u0111\u1ebfn Honda T\u00e2m Anh.<\/p>\n<p><strong>2. S\u1eed d\u1ee5ng th\u00f4ng tin c\u00e1 nh\u00e2n:<\/strong><\/p>\n<p>\u2022 Honda T\u00e2m Anh thu th\u1eadp v\u00e0 s\u1eed d\u1ee5ng th\u00f4ng tin c\u00e1 nh\u00e2n qu\u00fd kh\u00e1ch v\u1edbi m\u1ee5c \u0111\u00edch ph\u00f9 h\u1ee3p v\u00e0 ho\u00e0n to\u00e0n tu\u00e2n th\u1ee7 n\u1ed9i dung c\u1ee7a \u201cCh\u00ednh s\u00e1ch b\u1ea3o m\u1eadt\u201d n\u00e0y.<\/p>\n<p>\u2022 Khi c\u1ea7n thi\u1ebft, ch\u00fang t\u00f4i c\u00f3 th\u1ec3 s\u1eed d\u1ee5ng nh\u1eefng th\u00f4ng tin n\u00e0y \u0111\u1ec3 li\u00ean h\u1ec7 tr\u1ef1c ti\u1ebfp v\u1edbi qu\u00fd kh\u00e1ch d\u01b0\u1edbi c\u00e1c h\u00ecnh th\u1ee9c nh\u01b0 email, \u0111i\u1ec7n tho\u1ea1i, tin nh\u1eafn&#8230; Qu\u00fd kh\u00e1ch c\u0169ng c\u00f3 th\u1ec3 nh\u1eadn \u0111\u01b0\u1ee3c email cung c\u1ea5p th\u00f4ng tin s\u1ea3n ph\u1ea9m, d\u1ecbch v\u1ee5 m\u1edbi, th\u00f4ng tin v\u1ec1 c\u00e1c s\u1ef1 ki\u1ec7n s\u1eafp t\u1edbi ho\u1eb7c th\u00f4ng tin tuy\u1ec3n d\u1ee5ng&#8230; n\u1ebfu qu\u00fd kh\u00e1ch \u0111\u0103ng k\u00fd nh\u1eadn email th\u00f4ng b\u00e1o.<\/p>\n<p><strong>3. Chia s\u1ebb th\u00f4ng tin c\u00e1 nh\u00e2n:<\/strong><\/p>\n<p>\u2022 Ngo\u1ea1i tr\u1eeb c\u00e1c tr\u01b0\u1eddng h\u1ee3p v\u1ec1 &#8220;S\u1eed d\u1ee5ng th\u00f4ng tin c\u00e1 nh\u00e2n&#8221; nh\u01b0 \u0111\u00e3 n\u00eau trong ch\u00ednh s\u00e1ch n\u00e0y, ch\u00fang t\u00f4i cam k\u1ebft s\u1ebd kh\u00f4ng ti\u1ebft l\u1ed9 th\u00f4ng tin c\u00e1 nh\u00e2n qu\u00fd kh\u00e1ch ra ngo\u00e0i.<\/p>\n<p>\u2022 Trong m\u1ed9t s\u1ed1 tr\u01b0\u1eddng h\u1ee3p, ch\u00fang t\u00f4i c\u00f3 th\u1ec3 thu\u00ea m\u1ed9t \u0111\u01a1n v\u1ecb \u0111\u1ed9c l\u1eadp \u0111\u1ec3 ti\u1ebfn h\u00e0nh c\u00e1c d\u1ef1 \u00e1n nghi\u00ean c\u1ee9u th\u1ecb tr\u01b0\u1eddng v\u00e0 khi \u0111\u00f3 th\u00f4ng tin c\u1ee7a qu\u00fd kh\u00e1ch s\u1ebd \u0111\u01b0\u1ee3c cung c\u1ea5p cho \u0111\u01a1n v\u1ecb n\u00e0y \u0111\u1ec3 ti\u1ebfn h\u00e0nh d\u1ef1 \u00e1n. B\u00ean th\u1ee9 ba n\u00e0y s\u1ebd b\u1ecb r\u00e0ng bu\u1ed9c b\u1edfi m\u1ed9t th\u1ecfa thu\u1eadn v\u1ec1 b\u1ea3o m\u1eadt m\u00e0 theo \u0111\u00f3 h\u1ecd ch\u1ec9 \u0111\u01b0\u1ee3c ph\u00e9p s\u1eed d\u1ee5ng nh\u1eefng th\u00f4ng tin \u0111\u01b0\u1ee3c cung c\u1ea5p cho m\u1ee5c \u0111\u00edch ho\u00e0n th\u00e0nh d\u1ef1 \u00e1n.<\/p>\n<p>\u2022 Ch\u00fang t\u00f4i c\u00f3 th\u1ec3 ti\u1ebft l\u1ed9 ho\u1eb7c cung c\u1ea5p th\u00f4ng tin c\u00e1 nh\u00e2n c\u1ee7a qu\u00fd kh\u00e1ch trong c\u00e1c tr\u01b0\u1eddng h\u1ee3p th\u1eadt s\u1ef1 c\u1ea7n thi\u1ebft nh\u01b0 sau: (a) khi c\u00f3 y\u00eau c\u1ea7u c\u1ee7a c\u00e1c c\u01a1 quan ph\u00e1p lu\u1eadt; (b) trong tr\u01b0\u1eddng h\u1ee3p m\u00e0 ch\u00fang t\u00f4i tin r\u1eb1ng \u0111i\u1ec1u \u0111\u00f3 s\u1ebd gi\u00fap ch\u00fang t\u00f4i b\u1ea3o v\u1ec7 quy\u1ec1n l\u1ee3i ch\u00ednh \u0111\u00e1ng c\u1ee7a ch\u00fang t\u00f4i tr\u01b0\u1edbc ph\u00e1p lu\u1eadt; (c) t\u00ecnh hu\u1ed1ng kh\u1ea9n c\u1ea5p v\u00e0 c\u1ea7n thi\u1ebft \u0111\u1ec3 b\u1ea3o v\u1ec7 quy\u1ec1n an to\u00e0n c\u00e1 nh\u00e2n c\u1ee7a c\u00e1c th\u00e0nh vi\u00ean Honda T\u00e2m Anh.<\/p>\n<p><strong>4. Truy xu\u1ea5t th\u00f4ng tin c\u00e1 nh\u00e2n:<\/strong><\/p>\n<p>\u2022 B\u1ea5t c\u1ee9 th\u1eddi \u0111i\u1ec3m n\u00e0o qu\u00fd kh\u00e1ch c\u0169ng c\u00f3 th\u1ec3 truy c\u1eadp v\u00e0 ch\u1ec9nh s\u1eeda nh\u1eefng th\u00f4ng tin c\u00e1 nh\u00e2n c\u1ee7a m\u00ecnh theo c\u00e1c li\u00ean k\u1ebft th\u00edch h\u1ee3p m\u00e0 ch\u00fang t\u00f4i cung c\u1ea5p.<\/p>\n<p>Honda \u00d4 t\u00f4 Ti\u1ec1n Giang cam k\u1ebft s\u1ebd b\u1ea3o m\u1eadt nh\u1eefng th\u00f4ng tin mang t\u00ednh ri\u00eang t\u01b0 c\u1ee7a kh\u00e1ch h\u00e0ng. Qu\u00fd kh\u00e1ch vui l\u00f2ng \u0111\u1ecdc \u201cCh\u00ednh s\u00e1ch b\u1ea3o m\u1eadt\u201d d\u01b0\u1edbi \u0111\u00e2y tr\u01b0\u1edbc khi truy c\u1eadp nh\u1eefng n\u1ed9i dung kh\u00e1c \u0111\u1ec3 hi\u1ec3u h\u01a1n nh\u1eefng cam k\u1ebft m\u00e0 ch\u00fang t\u00f4i th\u1ef1c hi\u1ec7n, nh\u1eb1m t\u00f4n tr\u1ecdng v\u00e0 b\u1ea3o v\u1ec7 quy\u1ec1n l\u1ee3i c\u1ee7a ng\u01b0\u1eddi truy c\u1eadp:.<\/p>\n<\/div>\n","protected":false},"excerpt":{"rendered":"<p>Honda \u00d4 t\u00f4 Ti\u1ec1n Giang cam k\u1ebft s\u1ebd b\u1ea3o m\u1eadt nh\u1eefng th\u00f4ng tin mang t\u00ednh ri\u00eang t\u01b0 c\u1ee7a kh\u00e1ch h\u00e0ng. Qu\u00fd kh\u00e1ch vui l\u00f2ng \u0111\u1ecdc \u201cCh\u00ednh s\u00e1ch b\u1ea3o m\u1eadt\u201d d\u01b0\u1edbi \u0111\u00e2y tr\u01b0\u1edbc khi truy c\u1eadp nh\u1eefng n\u1ed9i dung kh\u00e1c \u0111\u1ec3 hi\u1ec3u h\u01a1n nh\u1eefng cam k\u1ebft m\u00e0 ch\u00fang t\u00f4i th\u1ef1c hi\u1ec7n, nh\u1eb1m t\u00f4n tr\u1ecdng v\u00e0 b\u1ea3o &#8230; <a title=\"Ch\u00ednh s\u00e1ch b\u1ea3o m\u1eadt\" class=\"read-more\" href=\"https:\/\/demo8.thuythu.com\/hondaototiengiang\/chinh-sach-bao-mat\/\" aria-label=\"More on Ch\u00ednh s\u00e1ch b\u1ea3o m\u1eadt\">Read more<\/a><\/p>\n","protected":false},"author":1,"featured_media":0,"parent":0,"menu_order":0,"comment_status":"closed","ping_status":"closed","template":"templates\/policy.php","meta":{"inline_featured_image":false},"acf":[],"yoast_head":"<!-- This site is optimized with the Yoast SEO plugin v19.9 - https:\/\/yoast.com\/wordpress\/plugins\/seo\/ -->\n<title>Ch\u00ednh s\u00e1ch b\u1ea3o m\u1eadt - Company Name<\/title>\n<meta name=\"robots\" content=\"noindex, follow, max-snippet:-1, max-image-preview:large, max-video-preview:-1\" \/>\n<meta property=\"og:locale\" content=\"vi_VN\" \/>\n<meta property=\"og:type\" content=\"article\" \/>\n<meta property=\"og:title\" content=\"Ch\u00ednh s\u00e1ch b\u1ea3o m\u1eadt - Company Name\" \/>\n<meta property=\"og:description\" content=\"Honda \u00d4 t\u00f4 Ti\u1ec1n Giang cam k\u1ebft s\u1ebd b\u1ea3o m\u1eadt nh\u1eefng th\u00f4ng tin mang t\u00ednh ri\u00eang t\u01b0 c\u1ee7a kh\u00e1ch h\u00e0ng. Qu\u00fd kh\u00e1ch vui l\u00f2ng \u0111\u1ecdc \u201cCh\u00ednh s\u00e1ch b\u1ea3o m\u1eadt\u201d d\u01b0\u1edbi \u0111\u00e2y tr\u01b0\u1edbc khi truy c\u1eadp nh\u1eefng n\u1ed9i dung kh\u00e1c \u0111\u1ec3 hi\u1ec3u h\u01a1n nh\u1eefng cam k\u1ebft m\u00e0 ch\u00fang t\u00f4i th\u1ef1c hi\u1ec7n, nh\u1eb1m t\u00f4n tr\u1ecdng v\u00e0 b\u1ea3o ... Read more\" \/>\n<meta property=\"og:url\" content=\"https:\/\/demo8.thuythu.com\/hondaototiengiang\/chinh-sach-bao-mat\/\" \/>\n<meta property=\"og:site_name\" content=\"Company Name\" \/>\n<meta property=\"article:modified_time\" content=\"2022-11-22T07:34:12+00:00\" \/>\n<meta name=\"twitter:card\" content=\"summary_large_image\" \/>\n<meta name=\"twitter:label1\" content=\"\u01af\u1edbc t\u00ednh th\u1eddi gian \u0111\u1ecdc\" \/>\n\t<meta name=\"twitter:data1\" content=\"5 ph\u00fat\" \/>\n<script type=\"application\/ld+json\" class=\"yoast-schema-graph\">{\"@context\":\"https:\/\/schema.org\",\"@graph\":[{\"@type\":\"WebPage\",\"@id\":\"https:\/\/demo8.thuythu.com\/hondaototiengiang\/chinh-sach-bao-mat\/\",\"url\":\"https:\/\/demo8.thuythu.com\/hondaototiengiang\/chinh-sach-bao-mat\/\",\"name\":\"Ch\u00ednh s\u00e1ch b\u1ea3o m\u1eadt - Company Name\",\"isPartOf\":{\"@id\":\"https:\/\/demo8.thuythu.com\/hondaototiengiang\/#website\"},\"datePublished\":\"2022-11-17T07:27:29+00:00\",\"dateModified\":\"2022-11-22T07:34:12+00:00\",\"breadcrumb\":{\"@id\":\"https:\/\/demo8.thuythu.com\/hondaototiengiang\/chinh-sach-bao-mat\/#breadcrumb\"},\"inLanguage\":\"vi\",\"potentialAction\":[{\"@type\":\"ReadAction\",\"target\":[\"https:\/\/demo8.thuythu.com\/hondaototiengiang\/chinh-sach-bao-mat\/\"]}]},{\"@type\":\"BreadcrumbList\",\"@id\":\"https:\/\/demo8.thuythu.com\/hondaototiengiang\/chinh-sach-bao-mat\/#breadcrumb\",\"itemListElement\":[{\"@type\":\"ListItem\",\"position\":1,\"name\":\"Home\",\"item\":\"https:\/\/demo8.thuythu.com\/hondaototiengiang\/\"},{\"@type\":\"ListItem\",\"position\":2,\"name\":\"Ch\u00ednh s\u00e1ch b\u1ea3o m\u1eadt\"}]},{\"@type\":\"WebSite\",\"@id\":\"https:\/\/demo8.thuythu.com\/hondaototiengiang\/#website\",\"url\":\"https:\/\/demo8.thuythu.com\/hondaototiengiang\/\",\"name\":\"Company Name\",\"description\":\"Your Slogan\",\"publisher\":{\"@id\":\"https:\/\/demo8.thuythu.com\/hondaototiengiang\/#organization\"},\"potentialAction\":[{\"@type\":\"SearchAction\",\"target\":{\"@type\":\"EntryPoint\",\"urlTemplate\":\"https:\/\/demo8.thuythu.com\/hondaototiengiang\/?s={search_term_string}\"},\"query-input\":\"required name=search_term_string\"}],\"inLanguage\":\"vi\"},{\"@type\":\"Organization\",\"@id\":\"https:\/\/demo8.thuythu.com\/hondaototiengiang\/#organization\",\"name\":\"Company Name\",\"url\":\"https:\/\/demo8.thuythu.com\/hondaototiengiang\/\",\"logo\":{\"@type\":\"ImageObject\",\"inLanguage\":\"vi\",\"@id\":\"https:\/\/demo8.thuythu.com\/hondaototiengiang\/#\/schema\/logo\/image\/\",\"url\":\"https:\/\/demo8.thuythu.com\/hondaototiengiang\/wp-content\/uploads\/2023\/02\/logo-3.png\",\"contentUrl\":\"https:\/\/demo8.thuythu.com\/hondaototiengiang\/wp-content\/uploads\/2023\/02\/logo-3.png\",\"width\":500,\"height\":275,\"caption\":\"Company Name\"},\"image\":{\"@id\":\"https:\/\/demo8.thuythu.com\/hondaototiengiang\/#\/schema\/logo\/image\/\"}}]}<\/script>\n<!-- \/ Yoast SEO plugin. -->","yoast_head_json":{"title":"Ch\u00ednh s\u00e1ch b\u1ea3o m\u1eadt - Company Name","robots":{"index":"noindex","follow":"follow","max-snippet":"max-snippet:-1","max-image-preview":"max-image-preview:large","max-video-preview":"max-video-preview:-1"},"og_locale":"vi_VN","og_type":"article","og_title":"Ch\u00ednh s\u00e1ch b\u1ea3o m\u1eadt - Company Name","og_description":"Honda \u00d4 t\u00f4 Ti\u1ec1n Giang cam k\u1ebft s\u1ebd b\u1ea3o m\u1eadt nh\u1eefng th\u00f4ng tin mang t\u00ednh ri\u00eang t\u01b0 c\u1ee7a kh\u00e1ch h\u00e0ng. Qu\u00fd kh\u00e1ch vui l\u00f2ng \u0111\u1ecdc \u201cCh\u00ednh s\u00e1ch b\u1ea3o m\u1eadt\u201d d\u01b0\u1edbi \u0111\u00e2y tr\u01b0\u1edbc khi truy c\u1eadp nh\u1eefng n\u1ed9i dung kh\u00e1c \u0111\u1ec3 hi\u1ec3u h\u01a1n nh\u1eefng cam k\u1ebft m\u00e0 ch\u00fang t\u00f4i th\u1ef1c hi\u1ec7n, nh\u1eb1m t\u00f4n tr\u1ecdng v\u00e0 b\u1ea3o ... Read more","og_url":"https:\/\/demo8.thuythu.com\/hondaototiengiang\/chinh-sach-bao-mat\/","og_site_name":"Company Name","article_modified_time":"2022-11-22T07:34:12+00:00","twitter_card":"summary_large_image","twitter_misc":{"\u01af\u1edbc t\u00ednh th\u1eddi gian \u0111\u1ecdc":"5 ph\u00fat"},"schema":{"@context":"https:\/\/schema.org","@graph":[{"@type":"WebPage","@id":"https:\/\/demo8.thuythu.com\/hondaototiengiang\/chinh-sach-bao-mat\/","url":"https:\/\/demo8.thuythu.com\/hondaototiengiang\/chinh-sach-bao-mat\/","name":"Ch\u00ednh s\u00e1ch b\u1ea3o m\u1eadt - Company Name","isPartOf":{"@id":"https:\/\/demo8.thuythu.com\/hondaototiengiang\/#website"},"datePublished":"2022-11-17T07:27:29+00:00","dateModified":"2022-11-22T07:34:12+00:00","breadcrumb":{"@id":"https:\/\/demo8.thuythu.com\/hondaototiengiang\/chinh-sach-bao-mat\/#breadcrumb"},"inLanguage":"vi","potentialAction":[{"@type":"ReadAction","target":["https:\/\/demo8.thuythu.com\/hondaototiengiang\/chinh-sach-bao-mat\/"]}]},{"@type":"BreadcrumbList","@id":"https:\/\/demo8.thuythu.com\/hondaototiengiang\/chinh-sach-bao-mat\/#breadcrumb","itemListElement":[{"@type":"ListItem","position":1,"name":"Home","item":"https:\/\/demo8.thuythu.com\/hondaototiengiang\/"},{"@type":"ListItem","position":2,"name":"Ch\u00ednh s\u00e1ch b\u1ea3o m\u1eadt"}]},{"@type":"WebSite","@id":"https:\/\/demo8.thuythu.com\/hondaototiengiang\/#website","url":"https:\/\/demo8.thuythu.com\/hondaototiengiang\/","name":"Company Name","description":"Your Slogan","publisher":{"@id":"https:\/\/demo8.thuythu.com\/hondaototiengiang\/#organization"},"potentialAction":[{"@type":"SearchAction","target":{"@type":"EntryPoint","urlTemplate":"https:\/\/demo8.thuythu.com\/hondaototiengiang\/?s={search_term_string}"},"query-input":"required name=search_term_string"}],"inLanguage":"vi"},{"@type":"Organization","@id":"https:\/\/demo8.thuythu.com\/hondaototiengiang\/#organization","name":"Company Name","url":"https:\/\/demo8.thuythu.com\/hondaototiengiang\/","logo":{"@type":"ImageObject","inLanguage":"vi","@id":"https:\/\/demo8.thuythu.com\/hondaototiengiang\/#\/schema\/logo\/image\/","url":"https:\/\/demo8.thuythu.com\/hondaototiengiang\/wp-content\/uploads\/2023\/02\/logo-3.png","contentUrl":"https:\/\/demo8.thuythu.com\/hondaototiengiang\/wp-content\/uploads\/2023\/02\/logo-3.png","width":500,"height":275,"caption":"Company Name"},"image":{"@id":"https:\/\/demo8.thuythu.com\/hondaototiengiang\/#\/schema\/logo\/image\/"}}]}},"_links":{"self":[{"href":"https:\/\/demo8.thuythu.com\/hondaototiengiang\/wp-json\/wp\/v2\/pages\/443"}],"collection":[{"href":"https:\/\/demo8.thuythu.com\/hondaototiengiang\/wp-json\/wp\/v2\/pages"}],"about":[{"href":"https:\/\/demo8.thuythu.com\/hondaototiengiang\/wp-json\/wp\/v2\/types\/page"}],"author":[{"embeddable":true,"href":"https:\/\/demo8.thuythu.com\/hondaototiengiang\/wp-json\/wp\/v2\/users\/1"}],"replies":[{"embeddable":true,"href":"https:\/\/demo8.thuythu.com\/hondaototiengiang\/wp-json\/wp\/v2\/comments?post=443"}],"version-history":[{"count":3,"href":"https:\/\/demo8.thuythu.com\/hondaototiengiang\/wp-json\/wp\/v2\/pages\/443\/revisions"}],"predecessor-version":[{"id":821,"href":"https:\/\/demo8.thuythu.com\/hondaototiengiang\/wp-json\/wp\/v2\/pages\/443\/revisions\/821"}],"wp:attachment":[{"href":"https:\/\/demo8.thuythu.com\/hondaototiengiang\/wp-json\/wp\/v2\/media?parent=443"}],"curies":[{"name":"wp","href":"https:\/\/api.w.org\/{rel}","templated":true}]}}