{"id":3478,"date":"2020-12-15T11:27:07","date_gmt":"2020-12-15T04:27:07","guid":{"rendered":"https:\/\/demo8.thuythu.com\/kfehouse\/?post_type=product&#038;p=3478"},"modified":"2021-02-03T14:00:04","modified_gmt":"2021-02-03T07:00:04","slug":"cappuccino-da","status":"publish","type":"product","link":"https:\/\/demo8.thuythu.com\/kfehouse\/product\/cappuccino-da\/","title":{"rendered":"Cappuccino \u0110\u00e1"},"content":{"rendered":"<p>Ch\u00fang t\u00f4i mong mu\u1ed1n mang \u0111\u1ebfn cho b\u1ea1n nh\u1eefng tr\u1ea3i nghi\u1ec7m \u0111\u00e1ng nh\u1edb m\u1ed7i l\u1ea7n \u0111\u1ebfn Kafehouse. H\u00e3y chia s\u1ebb v\u1edbi ch\u00fang t\u00f4i \u0111\u1ec3 ch\u00fang t\u00f4i c\u00f3 th\u1ec3 mang \u0111\u1ebfn cho b\u1ea1n nh\u1eefng tr\u1ea3i nghi\u1ec7m tuy\u1ec7t v\u1eddi h\u01a1n th\u1ebf.<\/p>\n","protected":false},"excerpt":{"rendered":"<p>N\u1ebfu b\u1ea1n ch\u01b0a t\u1eebng th\u01b0\u1edfng th\u1ee9c Cappuccino th\u00ec c\u00f3 l\u1ebd \u0111\u00e2y ch\u00ednh l\u00e0 m\u1ed9t thi\u1ebfu s\u00f3t l\u1edbn. M\u1ed9t t\u00e1ch Cappuccino l\u00e0 s\u1ef1 k\u1ebft h\u1ee3p ho\u00e0n h\u1ea3o gi\u1eefa cafe Espresso v\u1edbi b\u1ecdt s\u1eefa t\u1ea1o ra h\u01b0\u01a1ng th\u01a1m n\u1ee9c m\u0169i cho nh\u1eefng ng\u01b0\u1eddi s\u00e0nh s\u1ecfi v\u1ec1 caf\u00e9.<\/p>\n","protected":false},"featured_media":3403,"template":"","meta":[],"_links":{"self":[{"href":"https:\/\/demo8.thuythu.com\/kfehouse\/wp-json\/wp\/v2\/product\/3478"}],"collection":[{"href":"https:\/\/demo8.thuythu.com\/kfehouse\/wp-json\/wp\/v2\/product"}],"about":[{"href":"https:\/\/demo8.thuythu.com\/kfehouse\/wp-json\/wp\/v2\/types\/product"}],"wp:featuredmedia":[{"embeddable":true,"href":"https:\/\/demo8.thuythu.com\/kfehouse\/wp-json\/wp\/v2\/media\/3403"}],"wp:attachment":[{"href":"https:\/\/demo8.thuythu.com\/kfehouse\/wp-json\/wp\/v2\/media?parent=3478"}],"curies":[{"name":"wp","href":"https:\/\/api.w.org\/{rel}","templated":true}]}}