{"id":3553,"date":"2020-12-16T21:18:45","date_gmt":"2020-12-16T14:18:45","guid":{"rendered":"https:\/\/demo8.thuythu.com\/kfehouse\/?post_type=product&#038;p=3553"},"modified":"2021-02-03T14:12:17","modified_gmt":"2021-02-03T07:12:17","slug":"tra-hoa-cuc-mat-ong","status":"publish","type":"product","link":"https:\/\/demo8.thuythu.com\/kfehouse\/product\/tra-hoa-cuc-mat-ong\/","title":{"rendered":"Tr\u00e0 Hoa C\u00fac M\u1eadt Ong"},"content":{"rendered":"<p>Ch\u00fang t\u00f4i mong mu\u1ed1n mang \u0111\u1ebfn cho b\u1ea1n nh\u1eefng tr\u1ea3i nghi\u1ec7m \u0111\u00e1ng nh\u1edb m\u1ed7i l\u1ea7n \u0111\u1ebfn Kafehouse. H\u00e3y chia s\u1ebb v\u1edbi ch\u00fang t\u00f4i \u0111\u1ec3 ch\u00fang t\u00f4i c\u00f3 th\u1ec3 mang \u0111\u1ebfn cho b\u1ea1n nh\u1eefng tr\u1ea3i nghi\u1ec7m tuy\u1ec7t v\u1eddi h\u01a1n th\u1ebf.<\/p>\n","protected":false},"excerpt":{"rendered":"<p>V\u1ecb thanh m\u00e1t c\u1ee7a tr\u00e0 hoa c\u00fac m\u1eadt ong s\u1ebd gi\u00fap b\u1ea1n thanh l\u1ecdc c\u01a1 th\u1ec3 m\u1ed9t c\u00e1ch tuy\u1ec7t v\u1eddi nh\u1ea5t<\/p>\n","protected":false},"featured_media":3507,"template":"","meta":[],"_links":{"self":[{"href":"https:\/\/demo8.thuythu.com\/kfehouse\/wp-json\/wp\/v2\/product\/3553"}],"collection":[{"href":"https:\/\/demo8.thuythu.com\/kfehouse\/wp-json\/wp\/v2\/product"}],"about":[{"href":"https:\/\/demo8.thuythu.com\/kfehouse\/wp-json\/wp\/v2\/types\/product"}],"wp:featuredmedia":[{"embeddable":true,"href":"https:\/\/demo8.thuythu.com\/kfehouse\/wp-json\/wp\/v2\/media\/3507"}],"wp:attachment":[{"href":"https:\/\/demo8.thuythu.com\/kfehouse\/wp-json\/wp\/v2\/media?parent=3553"}],"curies":[{"name":"wp","href":"https:\/\/api.w.org\/{rel}","templated":true}]}}