{"id":3844,"date":"2021-01-27T23:53:45","date_gmt":"2021-01-27T16:53:45","guid":{"rendered":"https:\/\/demo8.thuythu.com\/kfehouse\/?post_type=product&#038;p=3844"},"modified":"2021-02-05T09:45:56","modified_gmt":"2021-02-05T02:45:56","slug":"mi-y-bo-bam-yogurt-pho-mai-sua-tuoi","status":"publish","type":"product","link":"https:\/\/demo8.thuythu.com\/kfehouse\/product\/mi-y-bo-bam-yogurt-pho-mai-sua-tuoi\/","title":{"rendered":"Set Lovely Kids 2: M\u00ec \u00dd B\u00f2 B\u1eb1m + S\u1eefa Chua Ph\u00f4 Mai\/ S\u1eefa T\u01b0\u01a1i"},"content":{"rendered":"","protected":false},"excerpt":{"rendered":"","protected":false},"featured_media":3854,"template":"","meta":[],"_links":{"self":[{"href":"https:\/\/demo8.thuythu.com\/kfehouse\/wp-json\/wp\/v2\/product\/3844"}],"collection":[{"href":"https:\/\/demo8.thuythu.com\/kfehouse\/wp-json\/wp\/v2\/product"}],"about":[{"href":"https:\/\/demo8.thuythu.com\/kfehouse\/wp-json\/wp\/v2\/types\/product"}],"wp:featuredmedia":[{"embeddable":true,"href":"https:\/\/demo8.thuythu.com\/kfehouse\/wp-json\/wp\/v2\/media\/3854"}],"wp:attachment":[{"href":"https:\/\/demo8.thuythu.com\/kfehouse\/wp-json\/wp\/v2\/media?parent=3844"}],"curies":[{"name":"wp","href":"https:\/\/api.w.org\/{rel}","templated":true}]}}