{"id":4067,"date":"2020-12-15T11:07:38","date_gmt":"2020-12-15T04:07:38","guid":{"rendered":"https:\/\/demo8.thuythu.com\/kfehouse\/product\/coldbrew-dua-luoi\/"},"modified":"2020-12-15T11:07:38","modified_gmt":"2020-12-15T04:07:38","slug":"coldbrew-dua-luoi","status":"publish","type":"product","link":"https:\/\/demo8.thuythu.com\/kfehouse\/product\/coldbrew-dua-luoi\/?lang=en","title":{"rendered":"Coldbrew D\u01b0a L\u01b0\u1edbi"},"content":{"rendered":"<p>Ch\u00fang t\u00f4i mong mu\u1ed1n mang \u0111\u1ebfn cho b\u1ea1n nh\u1eefng tr\u1ea3i nghi\u1ec7m \u0111\u00e1ng nh\u1edb m\u1ed7i l\u1ea7n \u0111\u1ebfn Kafehouse. H\u00e3y chia s\u1ebb v\u1edbi ch\u00fang t\u00f4i \u0111\u1ec3 ch\u00fang t\u00f4i c\u00f3 th\u1ec3 mang \u0111\u1ebfn cho b\u1ea1n nh\u1eefng tr\u1ea3i nghi\u1ec7m tuy\u1ec7t v\u1eddi h\u01a1n th\u1ebf.<\/p>\n","protected":false},"excerpt":{"rendered":"<p>Coldbrew d\u01b0a l\u01b0\u1edbi r\u1ea5t d\u1ec5 u\u1ed1ng , c\u00f3 v\u1ecb ng\u1ecdt thanh v\u00e0 h\u01b0\u01a1ng th\u01a1m d\u1ec5 ch\u1ecbu c\u1ee7a d\u01b0a l\u01b0\u1edbi th\u00edch h\u1ee3p cho nh\u1eefng ng\u00e0y th\u1eddi ti\u1ebft n\u1eafng n\u00f3ng kh\u00f3 ch\u1ecbu.<\/p>\n","protected":false},"featured_media":3418,"template":"","meta":[],"_links":{"self":[{"href":"https:\/\/demo8.thuythu.com\/kfehouse\/wp-json\/wp\/v2\/product\/4067"}],"collection":[{"href":"https:\/\/demo8.thuythu.com\/kfehouse\/wp-json\/wp\/v2\/product"}],"about":[{"href":"https:\/\/demo8.thuythu.com\/kfehouse\/wp-json\/wp\/v2\/types\/product"}],"wp:featuredmedia":[{"embeddable":true,"href":"https:\/\/demo8.thuythu.com\/kfehouse\/wp-json\/wp\/v2\/media\/3418"}],"wp:attachment":[{"href":"https:\/\/demo8.thuythu.com\/kfehouse\/wp-json\/wp\/v2\/media?parent=4067"}],"curies":[{"name":"wp","href":"https:\/\/api.w.org\/{rel}","templated":true}]}}