{"id":1632,"date":"2022-09-30T08:38:33","date_gmt":"2022-09-30T08:38:33","guid":{"rendered":"https:\/\/demo8.thuythu.com\/kingson\/?page_id=1632"},"modified":"2023-09-18T06:06:52","modified_gmt":"2023-09-18T06:06:52","slug":"chinh-sach-van-chuyen","status":"publish","type":"page","link":"https:\/\/demo8.thuythu.com\/kingson\/chinh-sach\/chinh-sach-van-chuyen\/","title":{"rendered":"Ch\u00ednh s\u00e1ch v\u1eadn chuy\u1ec3n"},"content":{"rendered":"<p><strong>Ch\u00ednh s\u00e1ch v\u1eadn chuy\u1ec3n<\/strong><\/p>\n<p>Kh\u00e1ch h\u00e0ng c\u00e1 nh\u00e2n mua l\u1ebb c\u00f3 th\u1ec3 \u0111\u1ebfn v\u00e0 mua h\u00e0ng tr\u1ef1c ti\u1ebfp t\u1ea1i c\u00e1c \u0111\u1ea1i l\u00fd ph\u00e2n ph\u1ed1i c\u1ee7a KINGSON.<\/p>\n<p>V\u1edbi c\u00e1 nh\u00e2n mua s\u1ec9*, \u0111\u1ea1i l\u00fd, c\u00f4ng ty mua tr\u1ef1c ti\u1ebfp t\u1eeb KINGSON th\u00ec c\u00f4ng ty c\u00f3 ch\u00ednh s\u00e1ch v\u1eadn chuy\u1ec3n nh\u01b0 sau:<\/p>\n<ol>\n<li><strong> Ph\u1ea1m vi \u00e1p d\u1ee5ng<\/strong><\/li>\n<\/ol>\n<p>T\u1ea5t c\u1ea3 c\u00e1c kh\u00e1ch h\u00e0ng mua tr\u1ef1c ti\u1ebfp s\u1ea3n ph\u1ea9m t\u1ea1i KINGSON d\u00f9 qua b\u1ea5t c\u1ee9 h\u00ecnh th\u1ee9c n\u00e0o: nh\u00e2n vi\u00ean b\u00e1n h\u00e0ng, hotline, zalo, website,\u2026 c\u00f3 nhu c\u1ea7u giao h\u00e0ng.<\/p>\n<ol start=\"2\">\n<li><strong> H\u00ecnh th\u1ee9c giao h\u00e0ng<\/strong><\/li>\n<\/ol>\n<p><strong>Mua tr\u1ef1c ti\u1ebfp<\/strong><\/p>\n<p>Kh\u00e1ch h\u00e0ng c\u00e1 nh\u00e2n c\u00f3 th\u1ec3 t\u1edbi tr\u1ef1c ti\u1ebfp t\u1ee5 s\u1edf KINGSON \u0111\u1ec3 mua, nh\u1eadn, ki\u1ec3m tra h\u00e0ng ho\u00e1. \u0110\u1ed3ng th\u1eddi thanh to\u00e1n v\u00e0 nh\u1eadn h\u00e0ng ho\u00e1 theo y\u00eau c\u1ea7u.<\/p>\n<p>Sau khi \u0111\u1eb7t h\u00e0ng qu\u00fd kh\u00e1ch c\u00f3 th\u1ec3 t\u1edbi tr\u1ef1c ti\u1ebfp tr\u1ee5 s\u1edf KINGSON \u0111\u1ec3 nh\u1eadn v\u00e0 ki\u1ec3m tra h\u00e0ng h\u00f3a*. \u0110\u1ed3ng th\u1eddi thanh to\u00e1n v\u00e0 nh\u1eadn c\u00e1c y\u00eau c\u1ea7u \u0111\u00e3 th\u1ecfa thu\u1eadn tr\u01b0\u1edbc \u0111\u00f3.<\/p>\n<p>M\u1ecdi chi ph\u00ed ph\u00e1t sinh sau khi h\u00e0ng h\u00f3a ra kh\u1ecfi tr\u1ee5 s\u1edf KINGSON s\u1ebd do kh\u00e1ch h\u00e0ng ch\u1ecbu tr\u00e1ch nhi\u1ec7m.<\/p>\n<p><strong>Giao h\u00e0ng t\u1eadn n\u01a1i<\/strong><\/p>\n<p>\u0110\u1ed1i v\u1edbi kh\u00e1ch h\u00e0ng trong khu v\u1ef1c H\u1ed3 Ch\u00ed Minh th\u00ec KINGSON s\u1ebd giao h\u00e0ng t\u1eadn n\u01a1i cho qu\u00fd kh\u00e1ch<\/p>\n<p>Qu\u00fd kh\u00e1ch \u1edf t\u1ec9nh ho\u1eb7c giao h\u00e0ng theo \u0111\u1ecba ch\u1ec9 y\u00eau c\u1ea7u ngo\u00e0i khu v\u1ef1c H\u1ed3 Ch\u00ed Minh th\u00ec KINGSON s\u1ebd g\u1eedi h\u00e0ng th\u00f4ng qua \u0111\u01a1n v\u1ecb v\u1eadn chuy\u1ec3n ho\u1eb7c th\u00f4ng qua ch\u00e0nh xe.<\/p>\n<ol start=\"3\">\n<li><strong> Ph\u00ed v\u1eadn chuy\u1ec3n<\/strong><\/li>\n<\/ol>\n<p><strong>Giao h\u00e0ng mi\u1ec5n ph\u00ed <\/strong><\/p>\n<p>Mi\u1ec5n ph\u00ed giao h\u00e0ng \u0111\u1ed1i v\u1edbi \u0111\u01a1n h\u00e0ng giao trong ph\u1ea1m vi TPHCM.<\/p>\n<p>\u0110\u1ed1i v\u1edbi \u0111\u01a1n h\u00e0ng ngo\u00e0i ph\u1ea1m vi ngo\u1ea1i th\u00e0nh HCM, KINGSON s\u1ebd v\u1eadn chuy\u1ec3n mi\u1ec5n ph\u00ed ra ch\u00e0nh xe ho\u1eb7c \u0111\u01a1n v\u1ecb v\u1eadn chuy\u1ec3n m\u00e0 kh\u00e1ch y\u00eau c\u1ea7u nh\u01b0ng kh\u00f4ng ra kh\u1ecfi khu v\u1ef1c H\u1ed3 Ch\u00ed Minh.<\/p>\n<p><strong>Giao h\u00e0ng t\u00ednh ph\u00ed<\/strong><\/p>\n<p>Ngo\u00e0i c\u00e1c tr\u01b0\u1eddng h\u1ee3p tr\u00ean, c\u1ee5 th\u1ec3 \u0111\u1ed1i v\u1edbi c\u00e1c \u0111\u01a1n h\u00e0ng n\u1eb1m ngo\u00e0i khu v\u1ef1c H\u1ed3 Ch\u00ed Minh. Ph\u00ed v\u1eadn chuy\u1ec3n s\u1ebd t\u00f9y thu\u1ed9c v\u00e0o bi\u1ec3u ph\u00ed v\u1eadn chuy\u1ec3n c\u1ee7a \u0111\u01a1n v\u1ecb v\u1eadn chuy\u1ec3n th\u1ee9 3 ho\u1eb7c t\u00f9y thu\u1ed9c v\u00e0o th\u1ecfa thu\u1eadn tr\u01b0\u1edbc \u0111\u00f3 v\u1edbi KINGSON. (Xem x\u00e9t b\u1ecf)<\/p>\n<p>Ch\u00fang t\u00f4i s\u1ebd x\u00e1c nh\u1eadn chi ph\u00ed v\u00e0 \u0111\u01a1n v\u1ecb do qu\u00fd kh\u00e1ch h\u00e0ng ch\u1ecdn tr\u01b0\u1edbc khi g\u1eedi h\u00e0ng v\u00e0 qu\u00fd kh\u00e1ch thanh to\u00e1n cho ch\u00e0nh xe v\u1eadn chuy\u1ec3n cho qu\u00fd kh\u00e1ch tr\u01b0\u1edbc khi g\u1eedi h\u00e0ng v\u00e0 thanh to\u00e1n.<\/p>\n<ol start=\"4\">\n<li><strong> Th\u1eddi gian giao h\u00e0ng<\/strong><\/li>\n<\/ol>\n<p>Th\u1eddi gian giao h\u00e0ng ph\u1ee5 thu\u1ed9c v\u00e0o \u0111i\u1ec1u ki\u1ec7n th\u1ef1c t\u1ebf c\u1ee7a r\u1ea5t nhi\u1ec1u y\u1ebfu t\u1ed1:<\/p>\n<ul>\n<li>Th\u1eddi gian chu\u1ea9n b\u1ecb h\u00e0ng<\/li>\n<li>Kho\u1ea3ng c\u00e1ch v\u1eadn chuy\u1ec3n<\/li>\n<\/ul>\n<p>Tuy nhi\u00ean, KINGSON v\u1eabn lu\u00f4n n\u1ed7 l\u1ef1c \u0111\u1ec3 g\u1eedi h\u00e0ng s\u1edbm nh\u1ea5t cho qu\u00fd kh\u00e1ch trong th\u1eddi gian s\u1edbm nh\u1ea5t sau khi nh\u1eadn \u0111\u01b0\u1ee3c \u0111\u01a1n h\u00e0ng<\/p>\n<p>Trong tr\u01b0\u1eddng h\u1ee3p x\u1ea3y ra s\u1ef1 c\u1ed1, ch\u00fang t\u00f4i s\u1ebd th\u00f4ng b\u00e1o cho qu\u00fd kh\u00e1ch v\u00e0 th\u1ecfa thu\u1eadn th\u1eddi gian nh\u1eadn h\u00e0ng v\u1edbi quan \u0111i\u1ec3m thu\u1eadn l\u1ee3i cho c\u1ea3 \u0111\u00f4i b\u00ean.<\/p>\n<p>&#8211; Trong th\u1eddi gian ch\u1edd \u0111\u1ee3i nh\u1eadn h\u00e0ng, Qu\u00ed kh\u00e1ch c\u00f3 b\u1ea5t c\u1ee9 th\u1eafc m\u1eafc g\u00ec v\u1ec1 th\u00f4ng tin v\u1eadn chuy\u1ec3n xin vui l\u00f2ng li\u00ean h\u1ec7 hotline c\u1ee7a ch\u00fang t\u00f4i \u0111\u1ec3 nh\u1eadn tr\u1ee3 gi\u00fap.<\/p>\n<p>&nbsp;<\/p>\n<ol start=\"5\">\n<li><strong> Tr\u00e1ch nhi\u1ec7m<\/strong><\/li>\n<\/ol>\n<p>Ngo\u00e0i khu v\u1ef1c HCM th\u00ec KINGSON kh\u00f4ng t\u1ef1 v\u1eadn chuy\u1ec3n tr\u1ef1c ti\u1ebfp t\u1edbi qu\u00fd kh\u00e1ch n\u00ean c\u00e1c r\u1ee7i ro v\u1ec1 h\u01b0 h\u1ea1i hay m\u1ea5t h\u00e0ng trong qu\u00e1 tr\u00ecnh v\u1eadn chuy\u1ec3n ho\u00e0n to\u00e0n c\u00f3 th\u1ec3 x\u1ea3y ra.<\/p>\n<p>Tuy nhi\u00ean, ch\u00fang t\u00f4i v\u1eabn lu\u00f4n n\u1ed7 l\u1ef1c \u0111\u1ec3 h\u1ea1n ch\u1ebf thi\u1ec7t h\u1ea1i cho kh\u00e1ch h\u00e0ng khi mua h\u00e0ng t\u1ea1i KINGSON.<\/p>\n<p>Ch\u00ednh v\u00ec v\u1eady, ch\u00fang t\u00f4i c\u00f3 m\u1ed9t s\u1ed1 l\u01b0u \u00fd d\u01b0\u1edbi \u0111\u00e2y trong qu\u00e1 tr\u00ecnh v\u1eadn chuy\u1ec3n:<\/p>\n<p>KINGSON s\u1ebd ch\u1ecbu tr\u00e1ch nhi\u1ec7m v\u1ec1 t\u00ecnh tr\u1ea1ng h\u00e0ng h\u00f3a t\u1eeb kho t\u1edbi ch\u00e0nh xe<\/p>\n<p>Qu\u00fd kh\u00e1ch c\u00f3 tr\u00e1ch nhi\u1ec7m ki\u1ec3m tra h\u00e0ng h\u00f3a khi nh\u1eadn. Khi ph\u00e1t hi\u1ec7n h\u01b0 h\u1ecfng, thi\u1ebfu h\u00e0ng, sai h\u00e0ng\u2026 qu\u00fd kh\u00e1ch vui l\u00f2ng ch\u1ee5p h\u00ecnh ghi nh\u1eadn l\u1ea1i t\u00ecnh tr\u1ea1ng v\u00e0 g\u1ecdi t\u1edbi hotline KINGSON \u0111\u1ec3 gi\u1ea3i quy\u1ebft v\u00e0 \u0111\u01b0\u1ee3c h\u1ed7 tr\u1ee3.<\/p>\n<p>Sau th\u1eddi \u0111i\u1ec3m n\u00e0y, m\u1ecdi ghi nh\u1eadn v\u1ec1 t\u00ecnh tr\u1ea1ng h\u00e0ng, KINGSON s\u1ebd kh\u00f4ng gi\u1ea3i quy\u1ebft v\u00e0 ch\u1ec9 b\u1ea3o h\u00e0nh \u0111\u1ed5i tr\u1ea3 n\u1ebfu c\u00f3 l\u1ed7i c\u1ee7a nh\u00e0 s\u1ea3n xu\u1ea5t theo ch\u00ednh s\u00e1ch c\u1ee7a ch\u00fang t\u00f4i.<\/p>\n<p>Kh\u00e1ch h\u00e0ng ngo\u00e0i HCM s\u1eed d\u1ee5ng d\u1ecbch v\u1ee5 v\u1eadn chuy\u1ec3n th\u1ee9 3 do qu\u00ed kh\u00e1ch ch\u1ec9 \u0111\u1ecbnh v\u00e0 l\u1ef1a ch\u1ecdn th\u00ec qu\u00ed kh\u00e1ch s\u1ebd ch\u1ecbu tr\u00e1ch nhi\u1ec7m v\u1edbi h\u00e0ng h\u00f3a v\u00e0 c\u00e1c r\u1ee7i ro nh\u01b0 m\u1ea5t m\u00e1t ho\u1eb7c h\u01b0 h\u1ea1i c\u1ee7a h\u00e0ng h\u00f3a trong t\u1eeb ch\u00e0nh xe t\u1edbi tay qu\u00fd kh\u00e1ch su\u1ed1t qu\u00e1 tr\u00ecnh v\u1eadn chuy\u1ec3n h\u00e0ng t\u1eeb kho h\u00e0ng c\u1ee7a ch\u00fang t\u00f4i \u0111\u1ebfn qu\u00ed kh\u00e1ch. Kh\u00e1ch h\u00e0ng s\u1ebd ch\u1ecbu tr\u00e1ch nhi\u1ec7m c\u01b0\u1edbc ph\u00ed v\u00e0 t\u1ed5n th\u1ea5t li\u00ean quan.<\/p>\n<p>&nbsp;<\/p>\n<ol start=\"6\">\n<li><strong> L\u01b0u \u00fd<\/strong><\/li>\n<\/ol>\n<p>Ch\u00ednh s\u00e1ch giao h\u00e0ng kh\u00f4ng \u00e1p d\u1ee5ng v\u1edbi kh\u00e1ch h\u00e0ng mua l\u1ebb. \u0110\u1ed1i v\u1edbi kh\u00e1ch l\u1ebb, vi\u1ec7c giao nh\u1eadn s\u1ebd ph\u1ee5 thu\u1ed9c v\u00e0o ch\u00ednh s\u00e1ch c\u1ee7a t\u1eebng \u0111\u1ea1i l\u00fd m\u00e0 qu\u00fd kh\u00e1ch mua h\u00e0ng.<\/p>\n<p>Ch\u00fang t\u00f4i ch\u1ec9 giao h\u00e0ng cho \u0111\u00fang ng\u01b0\u1eddi m\u00e0 qu\u00fd kh\u00e1ch ch\u1ec9 \u0111\u1ecbnh khi l\u00ean \u0111\u01a1n h\u00e0ng. Trong qu\u00e1 tr\u00ecnh g\u1eedi, n\u1ebfu c\u00f3 s\u1ef1 thay \u0111\u1ed5i v\u1ec1 ng\u01b0\u1eddi nh\u1eadn kh\u00f4ng r\u00f5 r\u00e0ng ho\u1eb7c kh\u00f4ng b\u00e1o tr\u01b0\u1edbc, ch\u00fang t\u00f4i s\u1ebd t\u1eeb ch\u1ed1i giao h\u00e0ng v\u00e0 y\u00eau c\u1ea7u qu\u00fd kh\u00e1ch nh\u1eadn h\u00e0ng t\u1ea1i \u0111\u1ecba \u0111i\u1ec3m ch\u1ec9 \u0111\u1ecbnh.<\/p>\n<p>Trong tr\u01b0\u1eddng h\u1ee3p \u0111\u1ecba ch\u1ec9 kh\u00f4ng r\u00f5 r\u00e0ng, n\u1eb1m trong ng\u00f5 ng\u00e1ch \u0111i l\u1ea1i kh\u00f3 kh\u0103n, ch\u00fang t\u00f4i c\u00f3 quy\u1ec1n t\u1eeb ch\u1ed1i giao h\u00e0ng v\u00e0 ch\u1ec9 \u0111\u1ecbnh \u0111\u1ecba \u0111i\u1ec3m giao h\u00e0ng g\u1ea7n \u0111\u00f3.<\/p>\n<p>Trong c\u00e1c tr\u01b0\u1eddng h\u1ee3p b\u1ea5t kh\u1ea3 kh\u00e1ng, m\u1ecdi chi ph\u00ed ph\u00e1t sinh s\u1ebd th\u1ecfa thu\u1eadn l\u1ea1i v\u1edbi kh\u00e1ch h\u00e0ng v\u1edbi ph\u01b0\u01a1ng ch\u00e2m chia s\u1ebb r\u1ee7i ro v\u00e0 \u0111\u00f4i b\u00ean c\u00f9ng c\u00f3 l\u1ee3i.<\/p>\n<p>&#8211; Trong c\u00e1c tr\u01b0\u1eddng h\u1ee3p b\u1ea5t kh\u1ea3 kh\u00e1ng, do thi\u00ean tai, l\u0169 l\u1ee5t, h\u1ecfng h\u00f3c c\u1ea7u ph\u00e0 \u2026, ch\u00fang t\u00f4i kh\u00f4ng ch\u1ecbu tr\u00e1ch nhi\u1ec7m b\u1ed3i th\u01b0\u1eddng thi\u1ec7t h\u1ea1i ph\u00e1t sinh do giao h\u00e0ng kh\u00f4ng \u0111\u00fang th\u1eddi gian ho\u1eb7c kh\u00f4ng v\u1eadn chuy\u1ec3n h\u00e0ng h\u00f3a \u0111\u1ebfn \u0111\u1ecba \u0111i\u1ec3m nh\u01b0 \u0111\u00e3 th\u1ecfa thu\u1eadn v\u1edbi kh\u00e1ch h\u00e0ng.<\/p>\n<p>Trong c\u00e1c tr\u01b0\u1eddng h\u1ee3p kh\u00e1c nh\u01b0 kh\u00e1ch h\u00e0ng \u0111\u1ed5i \u00fd, kh\u00f4ng li\u00ean l\u1ea1c \u0111\u01b0\u1ee3c\u2026 KINGSON s\u1ebd li\u00ean h\u1ec7 l\u1ea1i v\u1edbi kh\u00e1ch h\u00e0ng \u0111\u1ec3 th\u1ecfa thu\u1eadn l\u1ea1i. Trong tr\u01b0\u1eddng h\u1ee3p kh\u00f4ng th\u1ed1ng nh\u1ea5t \u0111\u01b0\u1ee3c, ch\u00fang t\u00f4i s\u1ebd ho\u00e0n h\u00e0ng v\u1ec1.<\/p>\n","protected":false},"excerpt":{"rendered":"<p>Ch\u00ednh s\u00e1ch v\u1eadn chuy\u1ec3n Kh\u00e1ch h\u00e0ng c\u00e1 nh\u00e2n mua l\u1ebb c\u00f3 th\u1ec3 \u0111\u1ebfn v\u00e0 mua h\u00e0ng tr\u1ef1c ti\u1ebfp t\u1ea1i c\u00e1c \u0111\u1ea1i l\u00fd ph\u00e2n ph\u1ed1i c\u1ee7a KINGSON. V\u1edbi c\u00e1 nh\u00e2n mua s\u1ec9*, \u0111\u1ea1i l\u00fd, c\u00f4ng ty mua tr\u1ef1c ti\u1ebfp t\u1eeb KINGSON th\u00ec c\u00f4ng ty c\u00f3 ch\u00ednh s\u00e1ch v\u1eadn chuy\u1ec3n nh\u01b0 sau: Ph\u1ea1m vi \u00e1p d\u1ee5ng T\u1ea5t &#8230; <a title=\"Ch\u00ednh s\u00e1ch v\u1eadn chuy\u1ec3n\" class=\"read-more\" href=\"https:\/\/demo8.thuythu.com\/kingson\/chinh-sach\/chinh-sach-van-chuyen\/\" aria-label=\"More on Ch\u00ednh s\u00e1ch v\u1eadn chuy\u1ec3n\">Read more<\/a><\/p>\n","protected":false},"author":1,"featured_media":0,"parent":865,"menu_order":0,"comment_status":"closed","ping_status":"closed","template":"","meta":[],"acf":[],"_links":{"self":[{"href":"https:\/\/demo8.thuythu.com\/kingson\/wp-json\/wp\/v2\/pages\/1632"}],"collection":[{"href":"https:\/\/demo8.thuythu.com\/kingson\/wp-json\/wp\/v2\/pages"}],"about":[{"href":"https:\/\/demo8.thuythu.com\/kingson\/wp-json\/wp\/v2\/types\/page"}],"author":[{"embeddable":true,"href":"https:\/\/demo8.thuythu.com\/kingson\/wp-json\/wp\/v2\/users\/1"}],"replies":[{"embeddable":true,"href":"https:\/\/demo8.thuythu.com\/kingson\/wp-json\/wp\/v2\/comments?post=1632"}],"version-history":[{"count":3,"href":"https:\/\/demo8.thuythu.com\/kingson\/wp-json\/wp\/v2\/pages\/1632\/revisions"}],"predecessor-version":[{"id":6959,"href":"https:\/\/demo8.thuythu.com\/kingson\/wp-json\/wp\/v2\/pages\/1632\/revisions\/6959"}],"up":[{"embeddable":true,"href":"https:\/\/demo8.thuythu.com\/kingson\/wp-json\/wp\/v2\/pages\/865"}],"wp:attachment":[{"href":"https:\/\/demo8.thuythu.com\/kingson\/wp-json\/wp\/v2\/media?parent=1632"}],"curies":[{"name":"wp","href":"https:\/\/api.w.org\/{rel}","templated":true}]}}