{"id":865,"date":"2022-08-24T07:02:05","date_gmt":"2022-08-24T07:02:05","guid":{"rendered":"https:\/\/demo8.thuythu.com\/kingson\/?page_id=865"},"modified":"2023-09-20T07:32:31","modified_gmt":"2023-09-20T07:32:31","slug":"chinh-sach","status":"publish","type":"page","link":"https:\/\/demo8.thuythu.com\/kingson\/chinh-sach\/","title":{"rendered":"Ch\u00ednh s\u00e1ch"},"content":{"rendered":"<p>Nh\u1eb1m \u0111\u01a1n gi\u1ea3n h\u00f3a v\u00e0 minh b\u1ea1ch quy tr\u00ecnh mua h\u00e0ng, KINGSON PAINT c\u00f3 nh\u1eefng ch\u00ednh s\u00e1ch d\u01b0\u1edbi \u0111\u00e2y. C\u00e1c ch\u00ednh s\u00e1ch nh\u01b0 kim ch\u1ec9 nam trong ho\u1ea1t \u0111\u1ed9ng mua b\u00e1n c\u0169ng nh\u01b0 gi\u1ea3i quy\u1ebft s\u1ef1 c\u1ed1 c\u1ee7a kh\u00e1ch h\u00e0ng.<\/p>\n<p>&nbsp;<\/p>\n<figure id=\"attachment_7568\" aria-describedby=\"caption-attachment-7568\" style=\"width: 243px\" class=\"wp-caption alignleft\"><img loading=\"lazy\" class=\"wp-image-7568\" src=\"https:\/\/demo8.thuythu.com\/kingson\/wp-content\/uploads\/2023\/09\/12-300x300.png\" alt=\"\" width=\"253\" height=\"253\" srcset=\"https:\/\/demo8.thuythu.com\/kingson\/wp-content\/uploads\/2023\/09\/12-300x300.png 300w, https:\/\/demo8.thuythu.com\/kingson\/wp-content\/uploads\/2023\/09\/12-150x150.png 150w, https:\/\/demo8.thuythu.com\/kingson\/wp-content\/uploads\/2023\/09\/12-24x24.png 24w, https:\/\/demo8.thuythu.com\/kingson\/wp-content\/uploads\/2023\/09\/12-36x36.png 36w, https:\/\/demo8.thuythu.com\/kingson\/wp-content\/uploads\/2023\/09\/12-48x48.png 48w, https:\/\/demo8.thuythu.com\/kingson\/wp-content\/uploads\/2023\/09\/12-100x100.png 100w, https:\/\/demo8.thuythu.com\/kingson\/wp-content\/uploads\/2023\/09\/12.png 563w\" sizes=\"(max-width: 253px) 100vw, 253px\" \/><figcaption id=\"caption-attachment-7568\" class=\"wp-caption-text\"><span style=\"font-size: 14pt;\"><a href=\"https:\/\/demo8.thuythu.com\/kingson\/chinh-sach\/chinh-sach-bao-hanh\/\">CH\u00cdNH S\u00c1CH B\u1ea2O H\u00c0NH<\/a><\/span><\/figcaption><\/figure>\n<figure id=\"attachment_7567\" aria-describedby=\"caption-attachment-7567\" style=\"width: 243px\" class=\"wp-caption alignleft\"><img loading=\"lazy\" class=\"wp-image-7567\" src=\"https:\/\/demo8.thuythu.com\/kingson\/wp-content\/uploads\/2023\/09\/11-300x300.png\" alt=\"\" width=\"253\" height=\"253\" srcset=\"https:\/\/demo8.thuythu.com\/kingson\/wp-content\/uploads\/2023\/09\/11-300x300.png 300w, https:\/\/demo8.thuythu.com\/kingson\/wp-content\/uploads\/2023\/09\/11-150x150.png 150w, https:\/\/demo8.thuythu.com\/kingson\/wp-content\/uploads\/2023\/09\/11-24x24.png 24w, https:\/\/demo8.thuythu.com\/kingson\/wp-content\/uploads\/2023\/09\/11-36x36.png 36w, https:\/\/demo8.thuythu.com\/kingson\/wp-content\/uploads\/2023\/09\/11-48x48.png 48w, https:\/\/demo8.thuythu.com\/kingson\/wp-content\/uploads\/2023\/09\/11-100x100.png 100w, https:\/\/demo8.thuythu.com\/kingson\/wp-content\/uploads\/2023\/09\/11.png 563w\" sizes=\"(max-width: 253px) 100vw, 253px\" \/><figcaption id=\"caption-attachment-7567\" class=\"wp-caption-text\"><span style=\"font-size: 14pt;\"><a href=\"https:\/\/demo8.thuythu.com\/kingson\/chinh-sach\/chinh-sach-van-chuyen\/\">CH\u00cdNH S\u00c1CH V\u1eacN CHUY\u1ec2N<\/a><\/span><\/figcaption><\/figure>\n<figure id=\"attachment_7570\" aria-describedby=\"caption-attachment-7570\" style=\"width: 240px\" class=\"wp-caption alignleft\"><img loading=\"lazy\" class=\"wp-image-7570\" src=\"https:\/\/demo8.thuythu.com\/kingson\/wp-content\/uploads\/2023\/09\/14-300x300.png\" alt=\"\" width=\"250\" height=\"250\" srcset=\"https:\/\/demo8.thuythu.com\/kingson\/wp-content\/uploads\/2023\/09\/14-300x300.png 300w, https:\/\/demo8.thuythu.com\/kingson\/wp-content\/uploads\/2023\/09\/14-150x150.png 150w, https:\/\/demo8.thuythu.com\/kingson\/wp-content\/uploads\/2023\/09\/14-24x24.png 24w, https:\/\/demo8.thuythu.com\/kingson\/wp-content\/uploads\/2023\/09\/14-36x36.png 36w, https:\/\/demo8.thuythu.com\/kingson\/wp-content\/uploads\/2023\/09\/14-48x48.png 48w, https:\/\/demo8.thuythu.com\/kingson\/wp-content\/uploads\/2023\/09\/14-100x100.png 100w, https:\/\/demo8.thuythu.com\/kingson\/wp-content\/uploads\/2023\/09\/14.png 563w\" sizes=\"(max-width: 250px) 100vw, 250px\" \/><figcaption id=\"caption-attachment-7570\" class=\"wp-caption-text\"><span style=\"font-size: 14pt;\"><a href=\"https:\/\/demo8.thuythu.com\/kingson\/chinh-sach\/chinh-sach-bao-mat-thong-tin\/\">CH\u00cdNH S\u00c1CH B\u1ea2O M\u1eacT TH\u00d4NG TIN<\/a><\/span><\/figcaption><\/figure>\n<figure id=\"attachment_7569\" aria-describedby=\"caption-attachment-7569\" style=\"width: 242px\" class=\"wp-caption alignleft\"><img loading=\"lazy\" class=\"wp-image-7569\" src=\"https:\/\/demo8.thuythu.com\/kingson\/wp-content\/uploads\/2023\/09\/13-300x300.png\" alt=\"\" width=\"252\" height=\"252\" srcset=\"https:\/\/demo8.thuythu.com\/kingson\/wp-content\/uploads\/2023\/09\/13-300x300.png 300w, https:\/\/demo8.thuythu.com\/kingson\/wp-content\/uploads\/2023\/09\/13-150x150.png 150w, https:\/\/demo8.thuythu.com\/kingson\/wp-content\/uploads\/2023\/09\/13-24x24.png 24w, https:\/\/demo8.thuythu.com\/kingson\/wp-content\/uploads\/2023\/09\/13-36x36.png 36w, https:\/\/demo8.thuythu.com\/kingson\/wp-content\/uploads\/2023\/09\/13-48x48.png 48w, https:\/\/demo8.thuythu.com\/kingson\/wp-content\/uploads\/2023\/09\/13-100x100.png 100w, https:\/\/demo8.thuythu.com\/kingson\/wp-content\/uploads\/2023\/09\/13.png 563w\" sizes=\"(max-width: 252px) 100vw, 252px\" \/><figcaption id=\"caption-attachment-7569\" class=\"wp-caption-text\"><span style=\"font-size: 14pt;\"><a href=\"https:\/\/demo8.thuythu.com\/kingson\/chinh-sach\/chinh-sach-dai-ly\/\">CH\u00cdNH S\u00c1CH \u0110\u1ea0I L\u00dd<\/a><\/span><\/figcaption><\/figure>\n","protected":false},"excerpt":{"rendered":"<p>Nh\u1eb1m \u0111\u01a1n gi\u1ea3n h\u00f3a v\u00e0 minh b\u1ea1ch quy tr\u00ecnh mua h\u00e0ng, KINGSON PAINT c\u00f3 nh\u1eefng ch\u00ednh s\u00e1ch d\u01b0\u1edbi \u0111\u00e2y. C\u00e1c ch\u00ednh s\u00e1ch nh\u01b0 kim ch\u1ec9 nam trong ho\u1ea1t \u0111\u1ed9ng mua b\u00e1n c\u0169ng nh\u01b0 gi\u1ea3i quy\u1ebft s\u1ef1 c\u1ed1 c\u1ee7a kh\u00e1ch h\u00e0ng. &nbsp;<\/p>\n","protected":false},"author":1,"featured_media":0,"parent":0,"menu_order":0,"comment_status":"closed","ping_status":"closed","template":"","meta":[],"acf":[],"_links":{"self":[{"href":"https:\/\/demo8.thuythu.com\/kingson\/wp-json\/wp\/v2\/pages\/865"}],"collection":[{"href":"https:\/\/demo8.thuythu.com\/kingson\/wp-json\/wp\/v2\/pages"}],"about":[{"href":"https:\/\/demo8.thuythu.com\/kingson\/wp-json\/wp\/v2\/types\/page"}],"author":[{"embeddable":true,"href":"https:\/\/demo8.thuythu.com\/kingson\/wp-json\/wp\/v2\/users\/1"}],"replies":[{"embeddable":true,"href":"https:\/\/demo8.thuythu.com\/kingson\/wp-json\/wp\/v2\/comments?post=865"}],"version-history":[{"count":22,"href":"https:\/\/demo8.thuythu.com\/kingson\/wp-json\/wp\/v2\/pages\/865\/revisions"}],"predecessor-version":[{"id":7582,"href":"https:\/\/demo8.thuythu.com\/kingson\/wp-json\/wp\/v2\/pages\/865\/revisions\/7582"}],"wp:attachment":[{"href":"https:\/\/demo8.thuythu.com\/kingson\/wp-json\/wp\/v2\/media?parent=865"}],"curies":[{"name":"wp","href":"https:\/\/api.w.org\/{rel}","templated":true}]}}