{"id":7211,"date":"2023-07-27T03:47:29","date_gmt":"2023-07-27T03:47:29","guid":{"rendered":"https:\/\/demo8.thuythu.com\/kingson\/?post_type=product&#038;p=7211"},"modified":"2023-08-18T04:30:45","modified_gmt":"2023-08-18T04:30:45","slug":"bot-tret-royal-putty-ext","status":"publish","type":"product","link":"https:\/\/demo8.thuythu.com\/kingson\/kingcoat\/bot-tret-royal-putty-ext\/","title":{"rendered":"ROYAL PUTTY EXT"},"content":{"rendered":"<div class=\"wap-title-tt\">\n<div class=\"wap-title-tt\">\n<h2 class=\"title-tt font-weight-bold mb-3\"><span class=\"ez-toc-section\" id=\"Dac_tinh_vuot_troi\"><\/span>\u0110\u1eb7c t\u00ednh v\u01b0\u1ee3t tr\u1ed9i<span class=\"ez-toc-section-end\"><\/span><\/h2>\n<\/div>\n<div class=\"mb-4\">\n<p><strong><em>B\u1ed9t tr\u00e9t ngo\u1ea1i th\u1ea5t ROYAL PUTTY (ROYAL PUTTY EXT)<\/em><\/strong> d\u00f9ng\u00a0 \u0111\u1ec3 che l\u1ea5p c\u00e1c l\u1ed7 h\u1ed5ng v\u00e0 l\u00e0m ph\u1eb3ng c\u00e1c b\u1ec1 m\u1eb7t h\u1ed3 v\u1eefa hay b\u00ea t\u00f4ng tr\u01b0\u1edbc khi s\u01a1n l\u00f3t. S\u1ea3n ph\u1ea9m <strong>ROYAL PUTTY EXT<\/strong> c\u00f3 \u0111\u1ed9 d\u1ebbo cao, m\u1ecbn, d\u1ec5 thi c\u00f4ng. T\u0103ng t\u00ednh th\u1ea9m m\u1ef9 cho l\u1edbp s\u01a1n ho\u00e0n ch\u1ec9nh. Th\u00edch h\u1ee3p cho c\u00e1c lo\u1ea1i s\u01a1n mang nh\u00e3n hi\u1ec7u KINGCOAT.<\/p>\n<\/div>\n<div class=\"wap-title-tt\">\n<h2 class=\"title-tt font-weight-bold mb-3\"><span class=\"ez-toc-section\" id=\"Thong_tin_san_pham\"><\/span>Th\u00f4ng tin s\u1ea3n ph\u1ea9m<span class=\"ez-toc-section-end\"><\/span><\/h2>\n<p>&nbsp;<\/p>\n<\/div>\n<\/div>\n<h3><span class=\"ez-toc-section\" id=\"Thanh_phan_cau_tao\"><\/span>Th\u00e0nh ph\u1ea7n c\u1ea5u t\u1ea1o<span class=\"ez-toc-section-end\"><\/span><\/h3>\n<p>B\u1ed9t kho\u00e1ng, xi m\u0103ng, b\u1ed9t nh\u1ef1a v\u00e0 ph\u1ee5 gia.<\/p>\n<div class=\"wap-title-tt\">\n<div class=\"mb-4\">\n<h3><span class=\"ez-toc-section\" id=\"Chi_tieu_ky_thuat\"><\/span><strong>Ch\u1ec9 ti\u00eau k\u1ef9 thu\u1eadt<\/strong><span class=\"ez-toc-section-end\"><\/span><\/h3>\n<table style=\"width: 100%; height: 336px;\" border=\"1\" cellspacing=\"0\" cellpadding=\"0\">\n<tbody>\n<tr style=\"height: 24px;\">\n<td style=\"height: 24px; width: 19.9825%;\"><strong>STT<\/strong><\/td>\n<td style=\"height: 24px; width: 19.9825%;\"><strong>T\u00ean ch\u1ec9 ti\u00eau<\/strong><\/td>\n<td style=\"height: 24px; width: 19.9825%;\"><strong>\u0110\u01a1n v\u1ecb<\/strong><\/td>\n<td style=\"height: 24px; width: 19.9825%;\"><strong>K\u1ebft qu\u1ea3<\/strong><\/td>\n<td style=\"height: 24px; width: 19.9825%;\"><strong>Ph\u01b0\u01a1ng ph\u00e1p th\u1eed<\/strong><\/td>\n<\/tr>\n<tr style=\"height: 62px;\">\n<td style=\"height: 62px; width: 19.9825%;\">1<\/td>\n<td style=\"height: 62px; width: 19.9825%;\">\u0110\u1ed9 m\u1ecbn<\/td>\n<td style=\"height: 62px; width: 19.9825%;\">%<\/td>\n<td style=\"height: 62px; width: 19.9825%;\">2,1<\/td>\n<td style=\"height: 62px; width: 19.9825%;\">TCVN 4030:2003<\/td>\n<\/tr>\n<tr style=\"height: 10px;\">\n<td style=\"height: 10px; width: 19.9825%;\">2<\/td>\n<td style=\"height: 10px; width: 19.9825%;\">Th\u1eddi gian \u0111\u00f4ng k\u1ebft<\/td>\n<td style=\"height: 10px; width: 19.9825%;\">Min<\/td>\n<td style=\"height: 10px; width: 19.9825%;\">141<\/td>\n<td style=\"width: 19.9825%; height: 10px;\">TCVN 6017:2015<\/td>\n<\/tr>\n<tr style=\"height: 48px;\">\n<td style=\"width: 19.9825%; height: 48px;\">3<\/td>\n<td style=\"height: 48px; width: 19.9825%;\">\u0110\u1ed9 gi\u1eef n\u01b0\u1edbc<\/td>\n<td style=\"width: 19.9825%; height: 48px;\">%<\/td>\n<td style=\"height: 48px; width: 19.9825%;\">101<\/td>\n<td style=\"width: 19.9825%; height: 240px;\" rowspan=\"5\">TCVN 7239:2014<\/td>\n<\/tr>\n<tr style=\"height: 48px;\">\n<td style=\"width: 19.9825%; height: 48px;\">4<\/td>\n<td style=\"height: 48px; width: 19.9825%;\">\u0110\u1ed9 c\u1ee9ng b\u1ec1 m\u1eb7t<\/td>\n<td style=\"width: 19.9825%; height: 48px;\">&#8211;<\/td>\n<td style=\"height: 48px; width: 19.9825%;\">0.21<\/td>\n<\/tr>\n<tr style=\"height: 48px;\">\n<td style=\"width: 19.9825%; height: 48px;\">5<\/td>\n<td style=\"height: 48px; width: 19.9825%;\">C\u01b0\u1eddng \u0111\u1ed9 b\u00e1m d\u00ednh \u1edf \u0111i\u1ec1u ki\u1ec7n chu\u1ea9n<\/td>\n<td style=\"width: 19.9825%; height: 48px;\">N\/mm\u00b2<\/td>\n<td style=\"height: 48px; width: 19.9825%;\">0,46<\/td>\n<\/tr>\n<tr style=\"height: 48px;\">\n<td style=\"width: 19.9825%; height: 48px;\">6<\/td>\n<td style=\"height: 48px; width: 19.9825%;\">C\u01b0\u1eddng \u0111\u1ed9 b\u00e1m d\u00ednh sau khi ng\u00e2m n\u01b0\u1edbc 72h<\/td>\n<td style=\"width: 19.9825%; height: 48px;\">N\/mm\u00b2<\/td>\n<td style=\"height: 48px; width: 19.9825%;\">0,38<\/td>\n<\/tr>\n<tr style=\"height: 48px;\">\n<td style=\"height: 48px; width: 19.9825%;\">7<\/td>\n<td style=\"height: 48px; width: 19.9825%;\">C\u01b0\u1eddng \u0111\u1ed9 b\u00e1m d\u00ednh sau khi th\u1eed chu k\u1ef3 s\u1ed1c nhi\u1ec7t<\/td>\n<td style=\"height: 48px; width: 19.9825%;\">N\/mm\u00b2<\/td>\n<td style=\"height: 48px; width: 19.9825%;\">0,36<\/td>\n<\/tr>\n<\/tbody>\n<\/table>\n<p>&nbsp;<\/p>\n<h3><span class=\"ez-toc-section\" id=\"Buoc_chuan_bi\"><\/span><strong>B\u01b0\u1edbc chu\u1ea9n b\u1ecb<\/strong><span class=\"ez-toc-section-end\"><\/span><\/h3>\n<p>T\u01b0\u1eddng ph\u1ea3i d\u01b0\u1ee3c x\u1eed l\u00fd tr\u01b0\u1edbc khi tr\u1ebb, t\u1ea5t c\u1ea3 c\u00e1c b\u1ec1 m\u1eb7t ph\u1ea3i s\u1ea1ch v\u00e0 kh\u00f4. \u0110\u1ed9 \u1ea9m kh\u00f4ng qu\u00e1 16%, kh\u00f4ng b\u00e1m b\u1ee5i, s\u00e1p d\u1ea7u m\u1ee1, c\u00e1c v\u1ebft n\u1ee9t l\u1edbn tr\u00ean b\u1ec1 m\u1eb7t t\u01b0\u1eddng. N\u1ebfu b\u1ebf m\u1eb7t b\u1ecb m\u1ed1c ph\u1ea3i s\u1eed d\u1ee5ng h\u00f3a ch\u1ea5t ph\u00f9 h\u1ee3p \u0111\u1ec3 di\u1ec7t n\u1ea5m m\u1ed1c.<\/p>\n<h3><span class=\"ez-toc-section\" id=\"Bao_quan\"><\/span><strong>B\u1ea3o qu\u1ea3n<\/strong><span class=\"ez-toc-section-end\"><\/span><\/h3>\n<p>B\u1ed9t tr\u00e9t ph\u1ea3i \u0111\u01b0\u1ee3c t\u1ed3n tr\u1eef b\u00ean trong nh\u00e0 ho\u1eb7c n\u01a1i c\u00f3 m\u00e1i che, t\u1ea1i c\u00e1c khu v\u1ef1c kh\u00f4 r\u00e1o v\u00e0 th\u00f4ng tho\u00e1ng, tr\u00e1nh ti\u1ebfp x\u00fac tr\u1ef1c ti\u1ebfp v\u1edbi m\u1eb7t s\u00e0n v\u00e0 ph\u1ea3i \u0111\u01b0\u1ee3c \u0111\u1eb7t tr\u00ean k\u1ec7 g\u1ed7 c\u00e1ch m\u1eb7t s\u00e0n t\u1eeb 10cm, tr\u00e1nh \u00e1nh n\u1eafng tr\u1ef1c ti\u1ebfp, bao b\u00ec ph\u1ea3i \u0111\u01b0\u1ee3c \u0111\u00f3ng k\u00edn trong qu\u00e1 tr\u00ecnh l\u01b0u tr\u1eef v\u00e0 sau m\u1ed7i l\u1ea7n s\u1eed d\u1ee5ng. D\u00f9ng ngay sau khi m\u1edf bao b\u00ec.<\/p>\n<h3><span class=\"ez-toc-section\" id=\"Khuyen_cao\"><\/span><strong>Khuy\u1ebfn c\u00e1o<\/strong><span class=\"ez-toc-section-end\"><\/span><\/h3>\n<ul>\n<li>\u0110\u1ec3 tr\u00e1nh nh\u1eefng s\u1ef1 c\u1ed1 sau khi s\u01a1n nh\u01b0 bong tr\u00f3c, \u1ed1 m\u00e0u, loang m\u00e0u c\u1ea7n tu\u00e2n th\u1ee7 nh\u1eefng h\u01b0\u1edbng d\u1eabn c\u1ee7a nh\u00e0 s\u1ea3n xu\u1ea5t;<\/li>\n<li>\u0110\u1eb7c bi\u1ec7t c\u1ea7n ch\u00fa \u00fd nh\u1eefng \u0111i\u1ec1u sau \u0111\u00e2y:\n<ul>\n<li>Kh\u00f4ng tr\u00e9t l\u00ean b\u1ec1 m\u1eb7t c\u00f3 nhi\u1ec7t \u0111\u1ed9 tr\u00ean 40 \u0111\u1ed9 C;<\/li>\n<li>Tr\u01b0\u1eddng h\u1ee3p t\u01b0\u1eddng qu\u00e1 kh\u00f4 v\u00e0 b\u1ec1 m\u1eb7t h\u00fat n\u01b0\u1edbc, c\u1ea7n ph\u1ea3i l\u00e0m \u1ea9m v\u00e0 gi\u1ea3m nhi\u1ec7t \u0111\u1ed9 b\u1ec1 m\u1eb7t t\u01b0\u1eddng b\u1eb1ng n\u01b0\u1edbc s\u1ea1ch theo ph\u01b0\u01a1ng ph\u00e1p phun s\u01b0\u01a1ng.<\/li>\n<\/ul>\n<\/li>\n<li>\u0110\u1ecdc k\u1ef9 h\u01b0\u1edbng d\u1eabn s\u1eed d\u1ee5ng tr\u01b0\u1edbc khi d\u00f9ng.<\/li>\n<\/ul>\n<h3><span class=\"ez-toc-section\" id=\"Cach_su_dung\"><\/span><strong>C\u00e1ch s\u1eed d\u1ee5ng<\/strong><span class=\"ez-toc-section-end\"><\/span><\/h3>\n<ul>\n<li>B\u1ea3o \u0111\u1ea3m b\u1ec1 m\u1eb7t \u00e1p d\u1ee5ng ph\u1ea3i th\u1eadt s\u1ea1ch, kh\u00f4ng qu\u00e1 l\u1ed3i l\u00f5m v\u00e0 c\u00f3 \u0111\u1ed9 \u1ea9m b\u1ec1 m\u1eb7t kh\u00f4ng v\u01b0\u1ee3t qu\u00e1 16%;<\/li>\n<li>T\u1ef7 l\u1ec7 pha tr\u1ed9n v\u1edbi n\u01b0\u1edbc l\u00e0 0,4 l\u00edt n\u01b0\u1edbc s\u1ea1ch cho 1kg b\u1ed9t ho\u1eb7c 16 l\u00edt n\u01b0\u1edbc khi 1 bao 40kg;<\/li>\n<li>\u0110\u1ed5 b\u1ed9t t\u1eeb t\u1eeb v\u00e0o n\u01b0\u1edbc \u0111\u1ec3 tr\u00e1nh v\u00f3n c\u1ee5c;<\/li>\n<li>Sau khi tr\u1ed9n d\u1ec1u th\u00e0nh m\u1ed9t h\u1ed7n h\u1ee3p \u0111\u1ed3ng nh\u1ea5t, n\u00ean ch\u1edd kho\u1ea3ng 5 &#8211; 7 ph\u00fat cho h\u00f3a ch\u1ea5t ph\u00e1t huy. Sau \u0111\u00f3 tr\u1ed9n b\u1ed9t l\u1ea1i m\u1ed9t l\u1ea7n r\u1ed3i thi c\u00f4ng;<\/li>\n<li>N\u00ean thi c\u00f4ng b\u1eb1ng dao (bay) th\u00e9p. C\u00f3 th\u1ec3 thi c\u00f4ng b\u1eb1ng dao nh\u1ef1a;<\/li>\n<li>Kh\u00f4ng n\u00ean thi c\u00f4ng l\u1edbp ph\u1ee7 (mastic) d\u00e0y qu\u00e1 3mm.<\/li>\n<\/ul>\n<h3><span class=\"ez-toc-section\" id=\"Thi_cong\"><\/span><strong>Thi c\u00f4ng<\/strong><span class=\"ez-toc-section-end\"><\/span><\/h3>\n<ul>\n<li>L\u1edbp 1:\n<ul>\n<li>D\u00f9ng bay th\u00e9p hay dao tr\u00e9t \u0111\u1ec3 tr\u00e9t b\u1ed9t d\u1ebbo tr\u00ean t\u01b0\u1eddng;<\/li>\n<li>Sau khi tr\u00e9t l\u1edbp th\u1ee9 nh\u1ea5t \u0111\u1ec3 kh\u00f4 t\u1ef1 nhi\u00ean t\u1eeb 1 \u0111\u1ebfn 2 gi\u1edd tr\u01b0\u1edbc khi tr\u00e9t l\u1edbp th\u1ee9 hai.<\/li>\n<\/ul>\n<\/li>\n<li>L\u1edbp 2:\n<ul>\n<li>D\u00f9ng tay tr\u00e9t hai dao tr\u00e9t \u0111\u1ec3 tr\u00e9t b\u1ed9t d\u1ebbo tr\u00ean t\u01b0\u1eddng sau khi tr\u00e9t l\u1edbp th\u1ee9 hai kho\u1ea3ng 1 \u0111\u1ebfn 2 ng\u00e0y th\u00ec ti\u1ebfn h\u00e0nh x\u1ea3 nh\u00e1m;<\/li>\n<li>Sau khi x\u1ea3 nh\u00e1m d\u00f9ng ch\u1ed5i qu\u00e9t nh\u1eb9 b\u1ec1 m\u1eb7t b\u1ed9t tr\u00e9t cho h\u1ebft l\u1edbp 1 \u00e1o b\u00e1m ngo\u00e0i do d\u00f9ng gi\u1ebb \u01b0\u1edbt ho\u1eb7c con l\u0103n th\u1ea5m n\u01b0\u1edbc l\u0103n l\u1ea1i sau \u0111\u00f3 ch\u1edd kho\u1ea3ng n\u1eeda ng\u00e0y cho t\u01b0\u1eddng kh\u00f4 tr\u1edf l\u1ea1i.<\/li>\n<\/ul>\n<\/li>\n<\/ul>\n<\/div>\n<p><strong>Th\u00f4ng tin v\u1ec1 an to\u00e0n s\u1ee9c kh\u1ecfe v\u00e0 m\u00f4i tr\u01b0\u1eddng:<\/strong><\/p>\n<ul>\n<li>Th\u00e0nh ph\u1ea7n c\u00f3 xi m\u0103ng ch\u1ee9a Crom \u00a0VI v\u1edbi n\u1ed3ng \u0111\u1ed9 &gt; 2 PPM. C\u00f3 th\u1ec3 g\u00e2y d\u1ecb \u1ee9ng.<\/li>\n<li>K\u00edch th\u00edch h\u1ec7 th\u1ed1ng h\u00f4 h\u1ea5p v\u00e0 da. Tr\u00e1nh h\u00edt b\u1ee5i s\u1ea3n ph\u1ea9m<\/li>\n<li>Tr\u00e1nh ti\u1ebfp x\u00fac v\u1edbi m\u1eaft, g\u00e2y nguy h\u1ea1i nghi\u00eam tr\u1ecdng cho m\u1eaft, n\u1ebfu c\u00f3 ti\u1ebfp x\u00fac. Trong tr\u01b0\u1eddng h\u1ee3p n\u1ebfu ti\u1ebfp x\u00fac v\u1edbi m\u1eaft, r\u1eeda m\u1eaft ngay l\u1eadp t\u1ee9c v\u1edbi th\u1eadt nhi\u1ec1u n\u01b0\u1edbc v\u00e0 \u0111i \u0111\u1ebfn b\u00e1c s\u0129 ngay<\/li>\n<li>Mang k\u00ednh b\u1ea3o h\u1ed9, kh\u1ea9u trang ch\u1ed1ng b\u1ee5i, g\u0103ng tay ch\u1ed1ng h\u00f3a ch\u1ea5t v\u00e0 m\u1eb7c qu\u1ea7n \u00e1o b\u1ea3o h\u1ed9 ph\u00f9 h\u1ee3p khi thi c\u00f4ng. \u0110\u1ec3 tr\u00e1nh xa t\u1ea7m tay tr\u1ebb em<\/li>\n<li>N\u1ebfu nu\u1ed1t ph\u1ea3i s\u1ea3n ph\u1ea9m, r\u1eeda mi\u1ec7ng v\u1edbi n\u01b0\u1edbc s\u1ea1ch (ch\u1ec9 khi b\u1ec7nh nh\u00e2n c\u00f2n t\u1ec9nh) v\u00e0 th\u1ef1c hi\u1ec7n ch\u0103m s\u00f3c y t\u1ebf ngay l\u1eadp t\u1ee9c v\u00e0 \u0111\u01b0a bao b\u00ec\/ nh\u00e3n hi\u1ec7u s\u1ea3n ph\u1ea9m cho b\u00e1c s\u0129.<\/li>\n<li>X\u1ea3 nh\u00e1m kh\u00f4, c\u1eaft m\u00e0ng s\u01a1n kh\u00f4 b\u1eb1ng k\u1ef9 thu\u1eadt h\u00e0n ho\u1eb7c l\u1eeda s\u1ebd t\u1ea1o b\u1ee5i v\u00e0\/ho\u1eb7c kh\u00f3i \u0111\u1ed9c. N\u00ean x\u1ea3 nh\u00e1m \u01b0\u1edbt n\u1ebfu c\u00f3 th\u1ec3. N\u1ebfu \u0111i\u1ec1u ki\u1ec7n l\u00e0m vi\u1ec7c t\u1ea1i ch\u1ed7 kh\u00f4ng th\u00f4ng tho\u00e1ng \u0111\u1ec3 tr\u00e1nh ti\u1ebfp x\u00fac v\u1edbi kh\u00f3i \u0111\u1ed9c n\u00ean s\u1eed d\u1ee5ng thi\u1ebft b\u1ecb th\u00edch h\u1ee3p b\u1ea3o v\u1ec7 \u0111\u01b0\u1eddng h\u00f4 h\u1ea5p.<\/li>\n<li>X\u1eed l\u00fd b\u1ed9t tr\u00e9t c\u00f2n d\u01b0 theo \u0111\u00fang c\u00e1c quy \u0111\u1ecbnh v\u1ec1 m\u00f4i tr\u01b0\u1eddng.<\/li>\n<li>\u0110\u1ecdc k\u1ef9 th\u00f4ng s\u1ed1 k\u1ef9 thu\u1eadt v\u00e0 h\u01b0\u1edbng d\u1eabn s\u1eed d\u1ee5ng tr\u01b0\u1edbc khi d\u00f9ng.<\/li>\n<\/ul>\n<\/div>\n","protected":false},"excerpt":{"rendered":"<p>\u0110\u1eb7c t\u00ednh v\u01b0\u1ee3t tr\u1ed9i B\u1ed9t tr\u00e9t ngo\u1ea1i th\u1ea5t ROYAL PUTTY (ROYAL PUTTY EXT) d\u00f9ng\u00a0 \u0111\u1ec3 che l\u1ea5p c\u00e1c l\u1ed7 h\u1ed5ng v\u00e0 l\u00e0m ph\u1eb3ng c\u00e1c b\u1ec1 m\u1eb7t h\u1ed3 v\u1eefa hay b\u00ea t\u00f4ng tr\u01b0\u1edbc khi s\u01a1n l\u00f3t. S\u1ea3n ph\u1ea9m ROYAL PUTTY EXT c\u00f3 \u0111\u1ed9 d\u1ebbo cao, m\u1ecbn, d\u1ec5 thi c\u00f4ng. T\u0103ng t\u00ednh th\u1ea9m m\u1ef9 cho l\u1edbp s\u01a1n &#8230; <a title=\"ROYAL PUTTY EXT\" class=\"read-more\" href=\"https:\/\/demo8.thuythu.com\/kingson\/kingcoat\/bot-tret-royal-putty-ext\/\" aria-label=\"More on ROYAL PUTTY EXT\">Read more<\/a><\/p>\n","protected":false},"featured_media":7190,"comment_status":"closed","ping_status":"closed","template":"","meta":[],"product_cat":[275,35,303],"product_tag":[],"acf":[],"_links":{"self":[{"href":"https:\/\/demo8.thuythu.com\/kingson\/wp-json\/wp\/v2\/product\/7211"}],"collection":[{"href":"https:\/\/demo8.thuythu.com\/kingson\/wp-json\/wp\/v2\/product"}],"about":[{"href":"https:\/\/demo8.thuythu.com\/kingson\/wp-json\/wp\/v2\/types\/product"}],"replies":[{"embeddable":true,"href":"https:\/\/demo8.thuythu.com\/kingson\/wp-json\/wp\/v2\/comments?post=7211"}],"wp:featuredmedia":[{"embeddable":true,"href":"https:\/\/demo8.thuythu.com\/kingson\/wp-json\/wp\/v2\/media\/7190"}],"wp:attachment":[{"href":"https:\/\/demo8.thuythu.com\/kingson\/wp-json\/wp\/v2\/media?parent=7211"}],"wp:term":[{"taxonomy":"product_cat","embeddable":true,"href":"https:\/\/demo8.thuythu.com\/kingson\/wp-json\/wp\/v2\/product_cat?post=7211"},{"taxonomy":"product_tag","embeddable":true,"href":"https:\/\/demo8.thuythu.com\/kingson\/wp-json\/wp\/v2\/product_tag?post=7211"}],"curies":[{"name":"wp","href":"https:\/\/api.w.org\/{rel}","templated":true}]}}