{"id":7219,"date":"2023-07-27T05:29:09","date_gmt":"2023-07-27T05:29:09","guid":{"rendered":"https:\/\/demo8.thuythu.com\/kingson\/?post_type=product&#038;p=7219"},"modified":"2023-08-18T04:29:12","modified_gmt":"2023-08-18T04:29:12","slug":"son-ngoi-kingcoat","status":"publish","type":"product","link":"https:\/\/demo8.thuythu.com\/kingson\/kingcoat\/son-ngoi-kingcoat\/","title":{"rendered":"S\u01a1n ng\u00f3i KINGCOAT"},"content":{"rendered":"<div class=\"wap-title-tt\">\n<div class=\"wap-title-tt\">\n<div class=\"wap-title-tt\">\n<div class=\"wap-title-tt\">\n<h2 class=\"title-tt font-weight-bold mb-3\"><span class=\"ez-toc-section\" id=\"Dac_tinh_vuot_troi\"><\/span>\u0110\u1eb7c t\u00ednh v\u01b0\u1ee3t tr\u1ed9i<span class=\"ez-toc-section-end\"><\/span><\/h2>\n<p><span class=\"WdYUQQ text-decoration-none text-strikethrough-none\"><strong><em>S\u01a1n ng\u00f3i KINGCOAT <\/em><\/strong>l\u00e0 lo\u1ea1i s\u01a1n nh\u0169 t\u01b0\u01a1ng \u0111\u01b0\u1ee3c c\u1ea5u t\u1ea1o t\u1eeb nh\u1ef1a Acrylic nguy\u00ean ch\u1ea5t v\u1edbi c\u00f4ng th\u1ee9c \u0111\u1eb7c bi\u1ec7t t\u1ed5ng h\u1ee3p t\u1eeb Acrylonitrile v\u00e0 Alkylsiloxan, c\u00f3 t\u00e1c d\u1ee5ng ng\u0103n ch\u1eb7n s\u1ef1 th\u1ea5m n\u01b0\u1edbc ch\u1ed1ng r\u00eau m\u1ed1c cho ng\u00f3i. <em><strong>S\u01a1n ng\u00f3i KINGCOAT<\/strong> c<\/em>\u00f3 m\u00e0u s\u1eafc phong ph\u00fa v\u00e0 gi\u1eef cho m\u00e1i nh\u00e0 th\u00e2n y\u00eau c\u1ee7a b\u1ea1n \u0111\u1eb9p m\u00e3i v\u1edbi th\u1eddi gian.<\/span><\/p>\n<\/div>\n<h3 class=\" font-weight-bold mb-3\"><span class=\"ez-toc-section\" id=\"Diem_noi_bat\"><\/span>\u0110i\u1ec3m n\u1ed5i b\u1eadt<span class=\"ez-toc-section-end\"><\/span><\/h3>\n<ul>\n<li class=\"_04xlpA direction-ltr align-start para-style-body\"><span class=\"WdYUQQ text-decoration-none text-strikethrough-none\"><em><strong>S\u01a1n ng\u00f3i KINGCOAT<\/strong>\u00a0<\/em> c\u00f3 m<\/span>\u00e0ng s\u01a1n b\u00f3ng, c\u00f3 \u0111\u1ed9 b\u1ec1n m\u00e0u r\u1ea5t cao, ch\u1ecbu \u0111\u1ef1ng t\u1ed1t c\u00e1c t\u00e1c \u0111\u1ed9ng v\u1ec1 c\u01a1 l\u00fd v\u00e0 m\u00f4i tr\u01b0\u1eddng;<\/li>\n<li class=\"_04xlpA direction-ltr align-start para-style-body\">C\u00f3 kh\u1ea3 n\u0103ng ch\u1ed1ng r\u00eau m\u1ed1c, d\u1ec5 ch\u00f9i r\u1eeda;<\/li>\n<li class=\"_04xlpA direction-ltr align-start para-style-body\">\u0110\u1ed9 che ph\u1ee7 c\u00f9ng kh\u1ea3 n\u0103ng \u0111\u00e0n h\u1ed3i cao c\u1ee7a m\u00e0ng <strong>s\u01a1n ng\u00f3i KINGCOAT<\/strong> cao, c\u00f3 th\u1ec3 t\u1ef1 co gi\u00e3n n\u1ebfu c\u00f3 c\u00e1c v\u1ebft n\u1ee9t ph\u00e1t sinh tr\u00ean b\u1ec1 m\u1eb7t ng\u00f3i;<\/li>\n<li>M\u00e0ng s\u01a1n c\u00f3 kh\u1ea3 n\u0103ng ph\u1ea3n x\u1ea1 \u00e1nh s\u00e1ng m\u1eb7t tr\u1eddi n\u00ean gi\u00fap gi\u1ea3m nhi\u1ec7t \u0111\u1ed9 b\u1ec1 m\u1eb7t ng\u00f3i, nh\u1edd \u0111\u00f3 gi\u00fap c\u00f4ng tr\u00ecnh tr\u1edf n\u00ean m\u00e1t m\u1ebb h\u01a1n v\u00e0o nh\u1eefng ng\u00e0y oi b\u1ee9c;<\/li>\n<li>Thi\u0301ch h\u01a1\u0323p v\u01a1\u0301i th\u01a1\u0300i ti\u00ea\u0301t \u01a1\u0309 ca\u0301c vu\u0300ng ven bi\u00ea\u0309n co\u0301 h\u01a1i \u00e2\u0309m va\u0300 ki\u00ea\u0300m ho\u0301a cao;<\/li>\n<li>Th\u00e2n thi\u1ec7n v\u1edbi m\u00f4i tr\u01b0\u1eddng;<\/li>\n<li>D\u1ec5 d\u00e0ng thay \u0111\u1ed5i m\u00e0u s\u01a1n ng\u00f3i sau m\u1ed9t th\u1eddi gian s\u1eed d\u1ee5ng.<\/li>\n<\/ul>\n<p><strong>Th\u00e0nh ph\u1ea7n c\u1ea5u t\u1ea1o<\/strong><\/p>\n<div class=\"mb-4\">\n<ul>\n<li><span class=\"WdYUQQ text-decoration-none text-strikethrough-none\">Nh\u1ef1a nh\u0169 t\u01b0\u01a1ng Acrylic, b\u1ed9t m\u00e0u, filler, ph\u1ee5 gia, n\u01b0\u1edbc.<\/span><\/li>\n<\/ul>\n<\/div>\n<h2 class=\"title-tt font-weight-bold mb-3\"><span class=\"ez-toc-section\" id=\"Thong_tin_thi_cong\"><\/span>Th\u00f4ng tin thi c\u00f4ng<span class=\"ez-toc-section-end\"><\/span><\/h2>\n<p>&nbsp;<\/p>\n<div class=\"mb-4\">\n<h3><span class=\"ez-toc-section\" id=\"Dieu_kien_thi_cong\"><\/span><strong>\u0110i\u1ec1u ki\u1ec7n thi c\u00f4ng<\/strong><span class=\"ez-toc-section-end\"><\/span><\/h3>\n<p>T\u01b0\u1eddng ph\u1ea3i \u0111\u01b0\u1ee3c x\u1eed l\u00fd tr\u01b0\u1edbc khi s\u01a1n, t\u1ea5t c\u1ea3 b\u1ec1 m\u1eb7t \u0111\u01b0\u1ee3c s\u01a1n ph\u1ea3i s\u1ea1ch v\u00e0 kh\u00f4, \u0111\u1ed9 \u1ea9m c\u1ee7a b\u1ec1 m\u1eb7t d\u01b0\u1edbi 15% theo m\u00e1y \u0111o \u0111\u1ed9 \u1ea9m Protimeter hay b\u1ec1 m\u1eb7t t\u01b0\u1eddng kh\u00f4 t\u1eeb 21 &#8211; 28 ng\u00e0y trong \u0111i\u1ec1u ki\u1ec7n b\u00ecnh th\u01b0\u1eddng. \u0110\u1ed1i v\u1edbi b\u1ec1 m\u1eb7t c\u0169 ph\u1ea3i \u0111\u01b0\u1ee3c t\u1ea9y s\u1ea1ch b\u1eb1ng m\u00e1y ch\u00e0 x\u00e1t ho\u1eb7c d\u1ee5ng c\u1ee5 th\u00edch h\u1ee3p \u0111\u1ec3 l\u1ea5y \u0111i b\u1ee5i b\u1ea9n, r\u00eau m\u1ed1c. N\u1ebfu b\u1ec1 m\u1eb7t kh\u00f4ng b\u1eb1ng ph\u1eb3ng c\u1ea7n \u0111\u01b0\u1ee3c tr\u00e9t l\u1ea1i b\u1eb1ng b\u1ed9t tr\u00e9t th\u00edch h\u1ee3p.<\/p>\n<h3><span class=\"ez-toc-section\" id=\"Thi_cong\"><\/span><strong>Thi c\u00f4ng<\/strong><span class=\"ez-toc-section-end\"><\/span><\/h3>\n<ul>\n<li>D\u00f9ng c\u1ecd, ru l\u00f4, con l\u0103n,\u2026 \u0111\u1ec3 qu\u00e9t s\u01a1n l\u00ean m\u1eb7t m\u1eb7t ng\u00f3i;<\/li>\n<li>Ph\u1ea3i khu\u1ea5y \u0111\u1ec1u lon s\u01a1n tr\u01b0\u1edbc khi s\u1eed d\u1ee5ng \u0111\u1ec3 tr\u00e1nh tr\u01b0\u1eddng h\u1ee3p s\u01a1n kh\u00f4ng \u0111\u1ec1u m\u00e0u hay b\u1ecb t\u00e1ch l\u1edbp.<\/li>\n<\/ul>\n<p class=\"_04xlpA direction-ltr align-start para-style-body\"><em><span class=\"WdYUQQ text-decoration-none text-strikethrough-none\">L\u01afU \u00dd :<\/span><\/em><\/p>\n<ul>\n<li>Ki\u1ec3m tra nhi\u1ec7t \u0111\u1ed9 ngo\u00e0i tr\u1eddi tr\u01b0\u1edbc khi ti\u1ebfn h\u00e0nh b\u1eaft tay v\u00e0o s\u01a1n. N\u1ebfu trong qu\u00e1 tr\u00ecnh s\u01a1n ho\u1eb7c sau khi v\u1eeba s\u01a1n xong m\u00e0 g\u1eb7p m\u01b0a s\u1ebd b\u1ecb tr\u00f4i s\u01a1n. N\u1ebfu tr\u1eddi c\u00f3 gi\u00f3 th\u00ec kh\u00f4ng tr\u00e1nh kh\u1ecfi c\u00e1c h\u1ea1t c\u00e1t, b\u1ee5i b\u00e1m l\u00ean l\u1edbp s\u01a1n, m\u1ea5t th\u1ea9m m\u1ef9;<\/li>\n<li class=\"_04xlpA direction-ltr align-start para-style-body\"><span class=\"WdYUQQ text-decoration-none text-strikethrough-none\">Kh\u00f4ng \u0111\u01b0\u1ee3c \u0111i l\u00ean l\u1edbp m\u00e0ng tr\u01b0\u1edbc 24 gi\u1edd;<\/span><\/li>\n<li class=\"_04xlpA direction-ltr align-start para-style-body\">B\u1ea3o v\u1ec7 b\u1ec1 m\u1eb7t l\u1edbp m\u00e0ng kh\u00f4ng \u0111\u01b0\u1ee3c ti\u1ebfp x\u00fac v\u1edbi n\u01b0\u1edbc tr\u01b0\u1edbc khi kh\u00f4 ho\u00e0n to\u00e0n;<\/li>\n<li class=\"_04xlpA direction-ltr align-start para-style-body\">Kh\u00f4ng thi c\u00f4ng khi tr\u1eddi \u0111ang m\u01b0a ho\u1eb7c b\u1ec1 m\u1eb7t \u0111\u1ecdng n\u01b0\u1edbc.<\/li>\n<\/ul>\n<h3><span class=\"ez-toc-section\" id=\"Bao_quan\"><\/span><strong>B\u1ea3o qu\u1ea3n<\/strong><span class=\"ez-toc-section-end\"><\/span><\/h3>\n<ul>\n<li>\u0110\u1eady k\u00edn n\u1eafp, \u0111\u1ec3 n\u01a1i kh\u00f4 r\u00e1o, tho\u00e1ng m\u00e1t;<\/li>\n<li>K\u1ebft h\u1ee3p v\u1edbi th\u00f4ng gi\u00f3 t\u1ed1t;<\/li>\n<li>C\u00e1ch xa ngu\u1ed3n nhi\u1ec7t v\u00e0 thi\u1ebft b\u1ecb ph\u00e1t l\u1eeda.<\/li>\n<\/ul>\n<\/div>\n<div><\/div>\n<div><\/div>\n<div>\n<p><span style=\"font-size: 10pt;\"><em><strong>Th\u00f4ng tin an to\u00e0n, s\u1ee9c kh\u1ecfe v\u00e0 m\u00f4i tr\u01b0\u1eddng<\/strong><\/em><\/span><\/p>\n<ul>\n<li>\n<p class=\"_04xlpA direction-ltr align-start para-style-body\"><em><span class=\"WdYUQQ text-decoration-none text-strikethrough-none\" style=\"font-size: 10pt;\">Kh\u00f4ng \u0111\u01b0\u1ee3c \u0111\u1ed5 v\u00e0o c\u1ed1ng, n\u01b0\u1edbc ho\u1eb7c \u0111\u1ea5t m\u00e0 ph\u1ea3i h\u1ee7y b\u1ecf theo <\/span><\/em><em><span class=\"WdYUQQ text-decoration-none text-strikethrough-none\" style=\"font-size: 10pt;\">\u0111\u00fang quy \u0111\u1ecbnh;<\/span><\/em><\/p>\n<\/li>\n<li>\n<p class=\"_04xlpA direction-ltr align-start para-style-body\"><em><span class=\"WdYUQQ text-decoration-none text-strikethrough-none\" style=\"font-size: 10pt;\">Mang k\u00ednh, gi\u00e0y, g\u0103ng tay v\u00e0 \u00e1o b\u1ea3o h\u1ed9 trong khi thi c\u00f4ng s\u1ea3n ph\u1ea9m;<\/span><\/em><\/p>\n<\/li>\n<li>\n<p class=\"_04xlpA direction-ltr align-start para-style-body\"><em><span class=\"WdYUQQ text-decoration-none text-strikethrough-none\" style=\"font-size: 10pt;\">Tr\u00e1nh ti\u1ebfp x\u00fac tr\u1ef1c ti\u1ebfp v\u1edbi da v\u00e0 m\u1eaft. N\u1ebfu b\u1ecb v\u0103ng v\u00e0o m\u1eaft, d\u00f9ng n\u01b0\u1edbc s\u1ea1ch r\u1eeda m\u1eaft nhi\u1ec1u l\u1ea7n;<\/span><\/em><\/p>\n<\/li>\n<li>\n<p class=\"_04xlpA direction-ltr align-start para-style-body\"><em><span class=\"WdYUQQ text-decoration-none text-strikethrough-none\" style=\"font-size: 10pt;\">Mang g\u0103ng tay, kh\u1ea9u trang v\u00e0 c\u00e1c d\u1ee5ng c\u1ee5 b\u1ea3o h\u1ed9 khi thi c\u00f4ng. <\/span><\/em><\/p>\n<\/li>\n<li>\n<p class=\"_04xlpA direction-ltr align-start para-style-body\"><em><span class=\"WdYUQQ text-decoration-none text-strikethrough-none\" style=\"font-size: 10pt;\">\u0110\u1ec3 hi\u1ec3u th\u00eam c\u00e1c th\u00f4ng tin v\u00e0 c\u00e1c khuy\u1ebfn c\u00e1o v\u1ec1 an to\u00e0n <\/span><\/em><em><span class=\"WdYUQQ text-decoration-none text-strikethrough-none\" style=\"font-size: 10pt;\">khi s\u1eed d\u1ee5ng, l\u01b0u tr\u1eef v\u00e0 th\u1ea3i b\u1ecf s\u1ea3n ph\u1ea9m, ng\u01b0\u1eddi s\u1eed d\u1ee5ng n\u00ean <\/span><\/em><em><span class=\"WdYUQQ text-decoration-none text-strikethrough-none\" style=\"font-size: 10pt;\">tham kh\u1ea3o t\u00e0i li\u1ec7u k\u1ef9 thu\u1eadt an to\u00e0n m\u1edbi nh\u1ea5t c\u1ee7a s\u1ea3n ph\u1ea9m <\/span><\/em><em><span class=\"WdYUQQ text-decoration-none text-strikethrough-none\" style=\"font-size: 10pt;\">tr\u00ecnh b\u00e0y v\u1ec1 t\u00ednh c\u01a1 l\u00fd, t\u00ednh sinh th\u00e1i, t\u00ednh \u0111\u1ed9c h\u1ea1i v\u00e0 c\u00e1c ch\u1ec9 ti\u00eau an to\u00e0n li\u00ean quan kh\u00e1c.<\/span><\/em><\/p>\n<\/li>\n<\/ul>\n<\/div>\n<\/div>\n<div><\/div>\n<\/div>\n<\/div>\n","protected":false},"excerpt":{"rendered":"<p>\u0110\u1eb7c t\u00ednh v\u01b0\u1ee3t tr\u1ed9i S\u01a1n ng\u00f3i KINGCOAT l\u00e0 lo\u1ea1i s\u01a1n nh\u0169 t\u01b0\u01a1ng \u0111\u01b0\u1ee3c c\u1ea5u t\u1ea1o t\u1eeb nh\u1ef1a Acrylic nguy\u00ean ch\u1ea5t v\u1edbi c\u00f4ng th\u1ee9c \u0111\u1eb7c bi\u1ec7t t\u1ed5ng h\u1ee3p t\u1eeb Acrylonitrile v\u00e0 Alkylsiloxan, c\u00f3 t\u00e1c d\u1ee5ng ng\u0103n ch\u1eb7n s\u1ef1 th\u1ea5m n\u01b0\u1edbc ch\u1ed1ng r\u00eau m\u1ed1c cho ng\u00f3i. S\u01a1n ng\u00f3i KINGCOAT c\u00f3 m\u00e0u s\u1eafc phong ph\u00fa v\u00e0 gi\u1eef cho &#8230; <a title=\"S\u01a1n ng\u00f3i KINGCOAT\" class=\"read-more\" href=\"https:\/\/demo8.thuythu.com\/kingson\/kingcoat\/son-ngoi-kingcoat\/\" aria-label=\"More on S\u01a1n ng\u00f3i KINGCOAT\">Read more<\/a><\/p>\n","protected":false},"featured_media":7174,"comment_status":"closed","ping_status":"closed","template":"","meta":[],"product_cat":[275,35,325],"product_tag":[],"acf":[],"_links":{"self":[{"href":"https:\/\/demo8.thuythu.com\/kingson\/wp-json\/wp\/v2\/product\/7219"}],"collection":[{"href":"https:\/\/demo8.thuythu.com\/kingson\/wp-json\/wp\/v2\/product"}],"about":[{"href":"https:\/\/demo8.thuythu.com\/kingson\/wp-json\/wp\/v2\/types\/product"}],"replies":[{"embeddable":true,"href":"https:\/\/demo8.thuythu.com\/kingson\/wp-json\/wp\/v2\/comments?post=7219"}],"wp:featuredmedia":[{"embeddable":true,"href":"https:\/\/demo8.thuythu.com\/kingson\/wp-json\/wp\/v2\/media\/7174"}],"wp:attachment":[{"href":"https:\/\/demo8.thuythu.com\/kingson\/wp-json\/wp\/v2\/media?parent=7219"}],"wp:term":[{"taxonomy":"product_cat","embeddable":true,"href":"https:\/\/demo8.thuythu.com\/kingson\/wp-json\/wp\/v2\/product_cat?post=7219"},{"taxonomy":"product_tag","embeddable":true,"href":"https:\/\/demo8.thuythu.com\/kingson\/wp-json\/wp\/v2\/product_tag?post=7219"}],"curies":[{"name":"wp","href":"https:\/\/api.w.org\/{rel}","templated":true}]}}