{"id":7298,"date":"2023-08-07T09:02:02","date_gmt":"2023-08-07T09:02:02","guid":{"rendered":"https:\/\/demo8.thuythu.com\/kingson\/?post_type=product&#038;p=7298"},"modified":"2023-08-14T08:19:20","modified_gmt":"2023-08-14T08:19:20","slug":"chong-tham-super-seal","status":"publish","type":"product","link":"https:\/\/demo8.thuythu.com\/kingson\/kingkote\/chong-tham-super-seal\/","title":{"rendered":"SUPER SEAL"},"content":{"rendered":"<h2 class=\"title-tt font-weight-bold mb-3\"><span class=\"ez-toc-section\" id=\"Dac_tinh_vuot_troi\"><\/span>\u0110\u1eb7c t\u00ednh v\u01b0\u1ee3t tr\u1ed9i<span class=\"ez-toc-section-end\"><\/span><\/h2>\n<p>&nbsp;<\/p>\n<p class=\"_04xlpA direction-ltr align-start para-style-body\"><span class=\"WdYUQQ text-decoration-none text-strikethrough-none\"><em><strong>Ch\u1ed1ng th\u1ea5m ng\u01b0\u1ee3c SUPER SEAL<\/strong><\/em> l\u00e0 s\u1ea3n ph\u1ea9m ch\u1ed1ng th\u1ea5m th\u1ea9m th\u1ea5u d\u1ea1ng l\u1ecfng c\u00f3 kh\u1ea3 n\u0103ng th\u1ea9m th\u1ea5u s\u00e2u v\u00e0o trong b\u00ea t\u00f4ng t\u1ea1o th\u00e0nh nh\u1eefng h\u1ee3p ch\u1ea5t ch\u1ed1ng th\u1ea5m tuy\u1ec7t h\u1ea3o.<\/span><\/p>\n<p class=\"_04xlpA direction-ltr align-start para-style-body\"><span class=\"WdYUQQ text-decoration-none text-strikethrough-none\"><b>SUPER SEAL<\/b> ch\u1ecbu \u0111\u01b0\u1ee3c \u00e1p su\u1ea5t th\u1ee7y t\u0129nh, ph\u00f9 h\u1ee3p ch\u1ed1ng th\u1ea5m thu\u1eadn v\u00e0 ngh\u1ecbch cho c\u00e1c c\u00f4ng tr\u00ecnh b\u00ea t\u00f4ng m\u1edbi ho\u1eb7c c\u0169. V\u1eadt li\u1ec7u sau khi \u0111\u01b0\u1ee3c ch\u1ed1ng th\u1ea5m v\u1eabn \u0111\u1ea3m b\u1ea3o v\u1ebb t\u1ef1 nhi\u00ean, kh\u00f4ng thay \u0111\u1ed5i m\u00e0u s\u1eafc.<\/span><\/p>\n<h2 class=\"title-tt font-weight-bold mb-3\"><span class=\"ez-toc-section\" id=\"Thong_tin_thi_cong\"><\/span>Th\u00f4ng tin thi c\u00f4ng<span class=\"ez-toc-section-end\"><\/span><\/h2>\n<p>&nbsp;<\/p>\n<h3><span class=\"ez-toc-section\" id=\"Dieu_kien_thi_cong\"><\/span><strong>\u0110i\u1ec1u ki\u1ec7n thi c\u00f4ng<\/strong><span class=\"ez-toc-section-end\"><\/span><\/h3>\n<div>\n<ul>\n<li>C\u00f3 th\u1ec3 s\u1eed d\u1ee5ng thi\u1ebft b\u1ecb th\u1ed5i \u00e1p l\u1ef1c cao ho\u1eb7c nh\u1eefng d\u1ee5ng c\u1ee5 c\u00f3 s\u1eb5n \u0111\u1ec3 l\u00e0m s\u1ea1ch c\u00e1c v\u1ebft d\u1ea7u m\u1ee1, ch\u1ea5t b\u1ea3o d\u01b0\u1ee1ng, b\u1ee5i b\u1ea9n, c\u00e1c ch\u1ea5t b\u00e1m d\u00ednh tr\u00ean b\u1ec1 m\u1eb7t.<\/li>\n<li>B\u1ec1 m\u1eb7t n\u1ee9t n\u1ebb, r\u1ed7 c\u1ea7n \u0111\u01b0\u1ee3c s\u1eeda ch\u1eefa d\u1eb7m v\u00e1 tr\u01b0\u1edbc khi \u00e1p d\u1ee5ng <span class=\"WdYUQQ text-decoration-none text-strikethrough-none\"><b>SUPER SEAL.<\/b><\/span><\/li>\n<li>B\u1ec1 m\u1eb7t n\u00ean \u0111\u01b0\u1ee3c gi\u1eef kh\u00f4 ho\u1eb7c \u1ea9m nh\u01b0ng kh\u00f4ng \u0111\u01b0\u1ee3c b\u00e3o h\u00f2a n\u01b0\u1edbc.<\/li>\n<li>\u0110\u1ed1i v\u1edbi b\u1ec1 m\u1eb7t b\u00ea t\u00f4ng m\u1edbi \u0111\u1ed5, c\u1ea7n \u0111\u1ec3 \u00edt nh\u1ea5t 14 ng\u00e0y m\u1edbi \u00e1p d\u1ee5ng <span class=\"WdYUQQ text-decoration-none text-strikethrough-none\"><b>SUPER SEAL.<\/b><\/span><\/li>\n<li><strong>Super Seal<\/strong> n\u00ean \u00e1p d\u1ee5ng sau khi b\u1ec1 m\u1eb7t ho\u00e0n to\u00e0n kh\u00f4.<\/li>\n<\/ul>\n<h3><span class=\"ez-toc-section\" id=\"Thi_cong\"><\/span><strong>Thi c\u00f4ng<\/strong><span class=\"ez-toc-section-end\"><\/span><\/h3>\n<p class=\"_04xlpA direction-ltr align-justify para-style-body\"><span class=\"WdYUQQ text-decoration-none text-strikethrough-none\">C\u00f3 hai ph\u01b0\u01a1ng ph\u00e1p thi c\u00f4ng l\u00e0 Phun v\u00e0 Qu\u00e9t<\/span><\/p>\n<p class=\"_04xlpA direction-ltr align-justify para-style-body\"><span class=\"WdYUQQ text-decoration-none text-strikethrough-none\">1. <em>Ph\u01b0\u01a1ng ph\u00e1p phun<\/em>: Phun \u0111\u1ec1u dung d\u1ecbch <b>SUPER SEAL<\/b>\u00a0l\u00ean b\u1ec1 m\u1eb7t v\u1eadt li\u1ec7u cho \u0111\u1ebfn khi b\u00e3o h\u00f2a.<\/span><\/p>\n<p class=\"_04xlpA direction-ltr align-justify para-style-body\"><span class=\"WdYUQQ text-decoration-none text-strikethrough-none\">2. <em>Ph\u01b0\u01a1ng ph\u00e1p qu\u00e9t<\/em>: D\u00f9ng c\u1ecd qu\u00e9t <b>SUPER SEAL<\/b>\u00a0l\u00ean b\u1ec1 m\u1eb7t v\u1eadt li\u1ec7u cho \u0111\u1ebfn khi b\u00e3o h\u00f2a. Tr\u00e1nh b\u1ecf x\u00f3t.<\/span><\/p>\n<ul>\n<li class=\"_04xlpA direction-ltr align-justify para-style-body\"><span class=\"WdYUQQ text-decoration-none text-strikethrough-none\">\u0110\u1ecbnh m\u1ee9c: 2 \u2013 5 m2 \/kg t\u00f9y thu\u1ed9c v\u00e0o b\u1ec1 m\u1eb7t v\u1eadt li\u1ec7u.<\/span><\/li>\n<\/ul>\n<h3><span class=\"ez-toc-section\" id=\"Ve_sinh\"><\/span><strong>V\u1ec7 sinh<\/strong><span class=\"ez-toc-section-end\"><\/span><\/h3>\n<div>\n<p>L\u00e0m s\u1ea1ch t\u1ea5t c\u1ea3 d\u1ee5ng c\u1ee5, thi\u1ebft b\u1ecb b\u1eb1ng n\u01b0\u1edbc s\u1ea1ch ngay sau khi thi c\u00f4ng.<\/p>\n<h3><span class=\"ez-toc-section\" id=\"Bao_quan\"><\/span><strong>B\u1ea3o qu\u1ea3n<\/strong><span class=\"ez-toc-section-end\"><\/span><\/h3>\n<ul>\n<li>N\u01a1i kh\u00f4 r\u00e1o tho\u00e1ng m\u00e1t;<\/li>\n<li>Tr\u00e1nh \u0111\u1ec3 s\u1ea3n ph\u1ea9m tr\u1ef1c ti\u1ebfp d\u01b0\u1edbi \u00e1nh s\u00e1ng m\u1eb7t tr\u1eddi.<\/li>\n<\/ul>\n<p><em>Th\u1eddi h\u1ea1n s\u1eed d\u1ee5ng: T\u1ed1i thi\u1ec3u 2 n\u0103m n\u1ebfu l\u01b0u tr\u1eef \u0111\u00fang c\u00e1ch trong bao b\u00ec nguy\u00ean ch\u01b0a m\u1edf.<\/em><\/p>\n<p><strong>S\u1ea3n xu\u1ea5t theo : TCCS 29\/2019\/CTY &#8211; KS<\/strong><\/p>\n<\/div>\n<\/div>\n<p>&nbsp;<\/p>\n<p>&nbsp;<\/p>\n<p><span style=\"font-size: 10pt;\"><em><strong>Th\u00f4ng tin an to\u00e0n, s\u1ee9c kh\u1ecfe v\u00e0 m\u00f4i tr\u01b0\u1eddng<\/strong><\/em><\/span><\/p>\n<ul>\n<li>\n<p class=\"_04xlpA direction-ltr align-start para-style-body\"><em><span class=\"WdYUQQ text-decoration-none text-strikethrough-none\" style=\"font-size: 10pt;\">Kh\u00f4ng \u0111\u01b0\u1ee3c \u0111\u1ed5 v\u00e0o c\u1ed1ng, n\u01b0\u1edbc ho\u1eb7c \u0111\u1ea5t m\u00e0 ph\u1ea3i h\u1ee7y b\u1ecf theo <\/span><\/em><em><span class=\"WdYUQQ text-decoration-none text-strikethrough-none\" style=\"font-size: 10pt;\">\u0111\u00fang quy \u0111\u1ecbnh;<\/span><\/em><\/p>\n<\/li>\n<li>\n<p class=\"_04xlpA direction-ltr align-start para-style-body\"><em><span class=\"WdYUQQ text-decoration-none text-strikethrough-none\" style=\"font-size: 10pt;\">Mang k\u00ednh, gi\u00e0y, g\u0103ng tay v\u00e0 \u00e1o b\u1ea3o h\u1ed9 trong khi thi c\u00f4ng s\u1ea3n ph\u1ea9m;<\/span><\/em><\/p>\n<\/li>\n<li>\n<p class=\"_04xlpA direction-ltr align-start para-style-body\"><em><span class=\"WdYUQQ text-decoration-none text-strikethrough-none\" style=\"font-size: 10pt;\">Tr\u00e1nh ti\u1ebfp x\u00fac tr\u1ef1c ti\u1ebfp v\u1edbi da v\u00e0 m\u1eaft. N\u1ebfu b\u1ecb v\u0103ng v\u00e0o m\u1eaft, d\u00f9ng n\u01b0\u1edbc s\u1ea1ch r\u1eeda m\u1eaft nhi\u1ec1u l\u1ea7n;<\/span><\/em><\/p>\n<\/li>\n<li>\n<p class=\"_04xlpA direction-ltr align-start para-style-body\"><em><span class=\"WdYUQQ text-decoration-none text-strikethrough-none\" style=\"font-size: 10pt;\">Mang g\u0103ng tay, kh\u1ea9u trang v\u00e0 c\u00e1c d\u1ee5ng c\u1ee5 b\u1ea3o h\u1ed9 khi thi c\u00f4ng.<\/span><\/em><\/p>\n<\/li>\n<li>\n<p class=\"_04xlpA direction-ltr align-start para-style-body\"><em><span class=\"WdYUQQ text-decoration-none text-strikethrough-none\" style=\"font-size: 10pt;\">\u0110\u1ec3 hi\u1ec3u th\u00eam c\u00e1c th\u00f4ng tin v\u00e0 c\u00e1c khuy\u1ebfn c\u00e1o v\u1ec1 an to\u00e0n <\/span><\/em><em><span class=\"WdYUQQ text-decoration-none text-strikethrough-none\" style=\"font-size: 10pt;\">khi s\u1eed d\u1ee5ng, l\u01b0u tr\u1eef v\u00e0 th\u1ea3i b\u1ecf s\u1ea3n ph\u1ea9m, ng\u01b0\u1eddi s\u1eed d\u1ee5ng n\u00ean <\/span><\/em><em><span class=\"WdYUQQ text-decoration-none text-strikethrough-none\" style=\"font-size: 10pt;\">tham kh\u1ea3o t\u00e0i li\u1ec7u k\u1ef9 thu\u1eadt an to\u00e0n m\u1edbi nh\u1ea5t c\u1ee7a s\u1ea3n ph\u1ea9m <\/span><\/em><em><span class=\"WdYUQQ text-decoration-none text-strikethrough-none\" style=\"font-size: 10pt;\">tr\u00ecnh b\u00e0y v\u1ec1 t\u00ednh c\u01a1 l\u00fd, t\u00ednh sinh th\u00e1i, t\u00ednh \u0111\u1ed9c h\u1ea1i v\u00e0 c\u00e1c ch\u1ec9 ti\u00eau an to\u00e0n li\u00ean quan kh\u00e1c.<\/span><\/em><\/p>\n<\/li>\n<\/ul>\n","protected":false},"excerpt":{"rendered":"<p>\u0110\u1eb7c t\u00ednh v\u01b0\u1ee3t tr\u1ed9i &nbsp; Ch\u1ed1ng th\u1ea5m ng\u01b0\u1ee3c SUPER SEAL l\u00e0 s\u1ea3n ph\u1ea9m ch\u1ed1ng th\u1ea5m th\u1ea9m th\u1ea5u d\u1ea1ng l\u1ecfng c\u00f3 kh\u1ea3 n\u0103ng th\u1ea9m th\u1ea5u s\u00e2u v\u00e0o trong b\u00ea t\u00f4ng t\u1ea1o th\u00e0nh nh\u1eefng h\u1ee3p ch\u1ea5t ch\u1ed1ng th\u1ea5m tuy\u1ec7t h\u1ea3o. SUPER SEAL ch\u1ecbu \u0111\u01b0\u1ee3c \u00e1p su\u1ea5t th\u1ee7y t\u0129nh, ph\u00f9 h\u1ee3p ch\u1ed1ng th\u1ea5m thu\u1eadn v\u00e0 ngh\u1ecbch cho c\u00e1c &#8230; <a title=\"SUPER SEAL\" class=\"read-more\" href=\"https:\/\/demo8.thuythu.com\/kingson\/kingkote\/chong-tham-super-seal\/\" aria-label=\"More on SUPER SEAL\">Read more<\/a><\/p>\n","protected":false},"featured_media":7255,"comment_status":"closed","ping_status":"closed","template":"","meta":[],"product_cat":[294,292,35],"product_tag":[],"acf":[],"_links":{"self":[{"href":"https:\/\/demo8.thuythu.com\/kingson\/wp-json\/wp\/v2\/product\/7298"}],"collection":[{"href":"https:\/\/demo8.thuythu.com\/kingson\/wp-json\/wp\/v2\/product"}],"about":[{"href":"https:\/\/demo8.thuythu.com\/kingson\/wp-json\/wp\/v2\/types\/product"}],"replies":[{"embeddable":true,"href":"https:\/\/demo8.thuythu.com\/kingson\/wp-json\/wp\/v2\/comments?post=7298"}],"wp:featuredmedia":[{"embeddable":true,"href":"https:\/\/demo8.thuythu.com\/kingson\/wp-json\/wp\/v2\/media\/7255"}],"wp:attachment":[{"href":"https:\/\/demo8.thuythu.com\/kingson\/wp-json\/wp\/v2\/media?parent=7298"}],"wp:term":[{"taxonomy":"product_cat","embeddable":true,"href":"https:\/\/demo8.thuythu.com\/kingson\/wp-json\/wp\/v2\/product_cat?post=7298"},{"taxonomy":"product_tag","embeddable":true,"href":"https:\/\/demo8.thuythu.com\/kingson\/wp-json\/wp\/v2\/product_tag?post=7298"}],"curies":[{"name":"wp","href":"https:\/\/api.w.org\/{rel}","templated":true}]}}