{"id":7301,"date":"2023-08-08T10:07:24","date_gmt":"2023-08-08T10:07:24","guid":{"rendered":"https:\/\/demo8.thuythu.com\/kingson\/?post_type=product&#038;p=7301"},"modified":"2023-08-14T08:18:01","modified_gmt":"2023-08-14T08:18:01","slug":"chong-tham-lotus","status":"publish","type":"product","link":"https:\/\/demo8.thuythu.com\/kingson\/kingkote\/chong-tham-lotus\/","title":{"rendered":"LOTUS"},"content":{"rendered":"<h2 class=\"title-tt font-weight-bold mb-3\"><span class=\"ez-toc-section\" id=\"Dac_tinh_vuot_troi\"><\/span>\u0110\u1eb7c t\u00ednh v\u01b0\u1ee3t tr\u1ed9i<span class=\"ez-toc-section-end\"><\/span><\/h2>\n<p>&nbsp;<\/p>\n<p class=\"_04xlpA direction-ltr align-start para-style-body\"><span class=\"WdYUQQ text-decoration-none text-strikethrough-none\"><strong>LOTUS <\/strong>l\u00e0 s\u1ea3n ph\u1ea9m ch\u1ed1ng th\u1ea5m g\u1ed1c n\u01b0\u1edbc d\u1ea1ng l\u1ecfng. C\u00f3 kh\u1ea3 n\u0103ng ch\u1ed1ng th\u1ea5m cao, c\u00f3 m\u00e0u tr\u1eafng s\u1eefa. Khi d\u00f9ng ch\u1ec9 c\u1ea7n ph\u1ee7 tr\u1ef1c ti\u1ebfp l\u00ean b\u1ec1 m\u1eb7t v\u1eadt li\u1ec7u. V\u1eadt li\u1ec7u sau khi ch\u1ed1ng th\u1ea5m v\u1eabn \u0111\u1ea3m b\u1ea3o v\u1ebb t\u1ef1 nhi\u00ean, kh\u00f4ng m\u00f9i, kh\u00f4ng \u0111\u1ed9c h\u1ea1i. Thi c\u00f4ng \u0111\u01a1n gi\u1ea3n, hi\u1ec7u qu\u1ea3 cao. <\/span><\/p>\n<h2 class=\"title-tt font-weight-bold mb-3\"><span class=\"ez-toc-section\" id=\"Thong_tin_thi_cong\"><\/span>Th\u00f4ng tin thi c\u00f4ng<span class=\"ez-toc-section-end\"><\/span><\/h2>\n<p>&nbsp;<\/p>\n<h3><span class=\"ez-toc-section\" id=\"Dieu_kien_thi_cong\"><\/span><strong>\u0110i\u1ec1u ki\u1ec7n thi c\u00f4ng<\/strong><span class=\"ez-toc-section-end\"><\/span><\/h3>\n<div>\n<p><span class=\"WdYUQQ text-decoration-none text-strikethrough-none\">V\u1ec7 sinh s\u1ea1ch s\u1ebd b\u1ec1 m\u1eb7t, c\u1ea1o s\u1ea1ch c\u00e1c l\u1edbp rong r\u00eau, bong d\u1ed9p, b\u1ee5i, c\u1ee5c v\u1eefa h\u1ed3 c\u0169, d\u1ea7u m\u1ee1, c\u00e1c v\u1ebft n\u1ee9t n\u1ebb, r\u1ed7, l\u1ed7 r\u1ed7ng c\u1ea7n \u0111\u01b0\u1ee3c s\u1eefa ch\u1eefa, d\u1eb7m v\u00e1, tr\u00e1m tr\u00e9t l\u1ea1i. B\u1ec1 m\u1eb7t tr\u01b0\u1edbc khi qu\u00e9t ch\u1ed1ng th\u1ea5m ph\u1ea3i l\u00e1ng (\u0111\u1ed9 r\u1ed7ng \u00edt) v\u00e0 kh\u00f4 r\u00e1o.<\/span><\/p>\n<h3><span class=\"ez-toc-section\" id=\"Thi_cong\"><\/span><strong>Thi c\u00f4ng<\/strong><span class=\"ez-toc-section-end\"><\/span><\/h3>\n<p class=\"_04xlpA direction-ltr align-justify para-style-body\"><span class=\"WdYUQQ text-decoration-none text-strikethrough-none\">1. \u0110\u1ed1i v\u1edbi m\u00e1i b\u1eb1ng (s\u00e2n th\u01b0\u1ee3ng, nh\u00e0 v\u1ec7 sinh, t\u1ea7ng h\u1ea7m, s\u00ea <\/span><span class=\"WdYUQQ text-decoration-none text-strikethrough-none\">n\u00f4, \u00f4 v\u0103n, con l\u01b0\u01a1n, \u2026)<\/span><\/p>\n<ul>\n<li><span class=\"WdYUQQ text-decoration-none text-strikethrough-none\">Ch\u1ec9 ph\u1ee7 1 l\u1edbp <strong>LOTUS<\/strong> l\u00ean b\u1ec1 m\u1eb7t \u0111\u1ec3 <strong>LOTUS<\/strong> th\u1ea9m th\u1ea5u v\u00e0o v\u1eadt li\u1ec7u cho \u0111\u1ebfn khi b\u00e3o h\u00f2a (b\u1ec1 m\u1eb7t kh\u00f4ng c\u00f2n r\u00fat \u0111\u01b0\u1ee3c n\u1eefa).<\/span><\/li>\n<li><em><span class=\"WdYUQQ text-decoration-none text-strikethrough-none\">\u0110\u1ecbnh m\u1ee9c: 2,5 \u2013 4 m2 \/Kg\/ 1 l\u1edbp.<\/span><\/em><\/li>\n<\/ul>\n<p class=\"_04xlpA direction-ltr align-justify para-style-body\"><span class=\"WdYUQQ text-decoration-none text-strikethrough-none\">2. \u0110\u1ed1i v\u1edbi t\u01b0\u1eddng \u0111\u1ee9ng \u0111\u00e3 ho\u00e0n ch\u1ec9nh b\u1ec1 m\u1eb7t (t\u01b0\u1eddng \u0111\u00e3 s\u01a1n n\u01b0\u1edbc ho\u1eb7c \u0111\u00e3 t\u00f4 v\u1eefa h\u1ed3 ho\u1eb7c \u0111\u00e3 qu\u00e9t v\u00f4i ho\u1eb7c t\u01b0\u1eddng c\u0169, b\u1ec3 n\u01b0\u1edbc, t\u1ea7ng h\u1ea7m, h\u1ed1 thang m\u00e1y, \u2026)<\/span><\/p>\n<ul>\n<li><span class=\"WdYUQQ text-decoration-none text-strikethrough-none\">Ch\u1ec9 ph\u1ee7 1 l\u1edbp <strong>LOTUS<\/strong> l\u00ean b\u1ec1 m\u1eb7t \u0111\u1ec3 <strong>LOTUS<\/strong> th\u1ea9m th\u1ea5u v\u00e0o v\u1eadt li\u1ec7u cho \u0111\u1ebfn khi b\u00e3o h\u00f2a(b\u1ec1 m\u1eb7t kh\u00f4ng c\u00f2n r\u00fat \u0111\u01b0\u1ee3c n\u1eefa)<\/span><\/li>\n<li><em><span class=\"WdYUQQ text-decoration-none text-strikethrough-none\">\u0110\u1ecbnh m\u1ee9c: 3 \u2013 6 m2 \/Kg\/ 1 l\u1edbp.<\/span><\/em><\/li>\n<\/ul>\n<h3><span class=\"ez-toc-section\" id=\"Ve_sinh\"><\/span><strong>V\u1ec7 sinh<\/strong><span class=\"ez-toc-section-end\"><\/span><\/h3>\n<div>\n<p>L\u00e0m s\u1ea1ch t\u1ea5t c\u1ea3 d\u1ee5ng c\u1ee5, thi\u1ebft b\u1ecb b\u1eb1ng n\u01b0\u1edbc s\u1ea1ch ngay sau khi thi c\u00f4ng.<\/p>\n<h3><span class=\"ez-toc-section\" id=\"Bao_quan\"><\/span><strong>B\u1ea3o qu\u1ea3n<\/strong><span class=\"ez-toc-section-end\"><\/span><\/h3>\n<ul>\n<li>N\u01a1i kh\u00f4 r\u00e1o tho\u00e1ng m\u00e1t;<\/li>\n<li>Tr\u00e1nh \u0111\u1ec3 s\u1ea3n ph\u1ea9m tr\u1ef1c ti\u1ebfp d\u01b0\u1edbi \u00e1nh s\u00e1ng m\u1eb7t tr\u1eddi.<\/li>\n<\/ul>\n<p><em>Th\u1eddi h\u1ea1n s\u1eed d\u1ee5ng: T\u1ed1i thi\u1ec3u 2 n\u0103m n\u1ebfu l\u01b0u tr\u1eef \u0111\u00fang c\u00e1ch trong bao b\u00ec nguy\u00ean ch\u01b0a m\u1edf.<\/em><\/p>\n<p><strong>S\u1ea3n xu\u1ea5t theo : TCCS 31\/2019\/CTY &#8211; KS<\/strong><\/p>\n<\/div>\n<\/div>\n<p>&nbsp;<\/p>\n<p>&nbsp;<\/p>\n<p><span style=\"font-size: 10pt;\"><em><strong>Th\u00f4ng tin an to\u00e0n, s\u1ee9c kh\u1ecfe v\u00e0 m\u00f4i tr\u01b0\u1eddng<\/strong><\/em><\/span><\/p>\n<ul>\n<li>\n<p class=\"_04xlpA direction-ltr align-start para-style-body\"><em><span class=\"WdYUQQ text-decoration-none text-strikethrough-none\" style=\"font-size: 10pt;\">Kh\u00f4ng \u0111\u01b0\u1ee3c \u0111\u1ed5 v\u00e0o c\u1ed1ng, n\u01b0\u1edbc ho\u1eb7c \u0111\u1ea5t m\u00e0 ph\u1ea3i h\u1ee7y b\u1ecf theo <\/span><\/em><em><span class=\"WdYUQQ text-decoration-none text-strikethrough-none\" style=\"font-size: 10pt;\">\u0111\u00fang quy \u0111\u1ecbnh;<\/span><\/em><\/p>\n<\/li>\n<li>\n<p class=\"_04xlpA direction-ltr align-start para-style-body\"><em><span class=\"WdYUQQ text-decoration-none text-strikethrough-none\" style=\"font-size: 10pt;\">Mang k\u00ednh, gi\u00e0y, g\u0103ng tay v\u00e0 \u00e1o b\u1ea3o h\u1ed9 trong khi thi c\u00f4ng s\u1ea3n ph\u1ea9m;<\/span><\/em><\/p>\n<\/li>\n<li>\n<p class=\"_04xlpA direction-ltr align-start para-style-body\"><em><span class=\"WdYUQQ text-decoration-none text-strikethrough-none\" style=\"font-size: 10pt;\">Tr\u00e1nh ti\u1ebfp x\u00fac tr\u1ef1c ti\u1ebfp v\u1edbi da v\u00e0 m\u1eaft. N\u1ebfu b\u1ecb v\u0103ng v\u00e0o m\u1eaft, d\u00f9ng n\u01b0\u1edbc s\u1ea1ch r\u1eeda m\u1eaft nhi\u1ec1u l\u1ea7n;<\/span><\/em><\/p>\n<\/li>\n<li>\n<p class=\"_04xlpA direction-ltr align-start para-style-body\"><em><span class=\"WdYUQQ text-decoration-none text-strikethrough-none\" style=\"font-size: 10pt;\">Mang g\u0103ng tay, kh\u1ea9u trang v\u00e0 c\u00e1c d\u1ee5ng c\u1ee5 b\u1ea3o h\u1ed9 khi thi c\u00f4ng.<\/span><\/em><\/p>\n<\/li>\n<li>\n<p class=\"_04xlpA direction-ltr align-start para-style-body\"><em><span class=\"WdYUQQ text-decoration-none text-strikethrough-none\" style=\"font-size: 10pt;\">\u0110\u1ec3 hi\u1ec3u th\u00eam c\u00e1c th\u00f4ng tin v\u00e0 c\u00e1c khuy\u1ebfn c\u00e1o v\u1ec1 an to\u00e0n <\/span><\/em><em><span class=\"WdYUQQ text-decoration-none text-strikethrough-none\" style=\"font-size: 10pt;\">khi s\u1eed d\u1ee5ng, l\u01b0u tr\u1eef v\u00e0 th\u1ea3i b\u1ecf s\u1ea3n ph\u1ea9m, ng\u01b0\u1eddi s\u1eed d\u1ee5ng n\u00ean <\/span><\/em><em><span class=\"WdYUQQ text-decoration-none text-strikethrough-none\" style=\"font-size: 10pt;\">tham kh\u1ea3o t\u00e0i li\u1ec7u k\u1ef9 thu\u1eadt an to\u00e0n m\u1edbi nh\u1ea5t c\u1ee7a s\u1ea3n ph\u1ea9m <\/span><\/em><em><span class=\"WdYUQQ text-decoration-none text-strikethrough-none\" style=\"font-size: 10pt;\">tr\u00ecnh b\u00e0y v\u1ec1 t\u00ednh c\u01a1 l\u00fd, t\u00ednh sinh th\u00e1i, t\u00ednh \u0111\u1ed9c h\u1ea1i v\u00e0 c\u00e1c ch\u1ec9 ti\u00eau an to\u00e0n li\u00ean quan kh\u00e1c.<\/span><\/em><\/p>\n<\/li>\n<\/ul>\n","protected":false},"excerpt":{"rendered":"<p>\u0110\u1eb7c t\u00ednh v\u01b0\u1ee3t tr\u1ed9i &nbsp; LOTUS l\u00e0 s\u1ea3n ph\u1ea9m ch\u1ed1ng th\u1ea5m g\u1ed1c n\u01b0\u1edbc d\u1ea1ng l\u1ecfng. C\u00f3 kh\u1ea3 n\u0103ng ch\u1ed1ng th\u1ea5m cao, c\u00f3 m\u00e0u tr\u1eafng s\u1eefa. Khi d\u00f9ng ch\u1ec9 c\u1ea7n ph\u1ee7 tr\u1ef1c ti\u1ebfp l\u00ean b\u1ec1 m\u1eb7t v\u1eadt li\u1ec7u. V\u1eadt li\u1ec7u sau khi ch\u1ed1ng th\u1ea5m v\u1eabn \u0111\u1ea3m b\u1ea3o v\u1ebb t\u1ef1 nhi\u00ean, kh\u00f4ng m\u00f9i, kh\u00f4ng \u0111\u1ed9c h\u1ea1i. Thi &#8230; <a title=\"LOTUS\" class=\"read-more\" href=\"https:\/\/demo8.thuythu.com\/kingson\/kingkote\/chong-tham-lotus\/\" aria-label=\"More on LOTUS\">Read more<\/a><\/p>\n","protected":false},"featured_media":7268,"comment_status":"closed","ping_status":"closed","template":"","meta":[],"product_cat":[294,292,35],"product_tag":[],"acf":[],"_links":{"self":[{"href":"https:\/\/demo8.thuythu.com\/kingson\/wp-json\/wp\/v2\/product\/7301"}],"collection":[{"href":"https:\/\/demo8.thuythu.com\/kingson\/wp-json\/wp\/v2\/product"}],"about":[{"href":"https:\/\/demo8.thuythu.com\/kingson\/wp-json\/wp\/v2\/types\/product"}],"replies":[{"embeddable":true,"href":"https:\/\/demo8.thuythu.com\/kingson\/wp-json\/wp\/v2\/comments?post=7301"}],"wp:featuredmedia":[{"embeddable":true,"href":"https:\/\/demo8.thuythu.com\/kingson\/wp-json\/wp\/v2\/media\/7268"}],"wp:attachment":[{"href":"https:\/\/demo8.thuythu.com\/kingson\/wp-json\/wp\/v2\/media?parent=7301"}],"wp:term":[{"taxonomy":"product_cat","embeddable":true,"href":"https:\/\/demo8.thuythu.com\/kingson\/wp-json\/wp\/v2\/product_cat?post=7301"},{"taxonomy":"product_tag","embeddable":true,"href":"https:\/\/demo8.thuythu.com\/kingson\/wp-json\/wp\/v2\/product_tag?post=7301"}],"curies":[{"name":"wp","href":"https:\/\/api.w.org\/{rel}","templated":true}]}}