{"id":2489,"date":"2022-01-21T11:48:35","date_gmt":"2022-01-21T04:48:35","guid":{"rendered":"https:\/\/demo8.thuythu.com\/lebaostore\/product\/iphone-se-64gb\/"},"modified":"2022-02-19T12:32:07","modified_gmt":"2022-02-19T05:32:07","slug":"iphone-se-64gb-vn-a","status":"publish","type":"product","link":"https:\/\/demo8.thuythu.com\/lebaostore\/iphone\/iphone-se\/iphone-se-64gb-vn-a\/","title":{"rendered":"iPhone SE 64GB VN\/a"},"content":{"rendered":"<h3><strong>N\u1ed9i dung v\u1ec1 t\u00ednh n\u0103ng<\/strong><\/h3>\n<p>iPhone SE l\u00e0 chi\u1ebfc iPhone 4.7 inch m\u1ea1nh nh\u1ea5t t\u1eeb tr\u01b0\u1edbc \u0111\u1ebfn nay<sup>1<\/sup>. V\u1edbi con chip A13 Bionic m\u1ea1nh m\u1ebd, m\u00e1y \u0111\u1ea3m b\u1ea3o hi\u1ec7u n\u0103ng c\u1ef1c t\u1ed1t, th\u1ecfa s\u1ee9c ch\u1ea1y \u1ee9ng d\u1ee5ng, ch\u01a1i game v\u00e0 ch\u1ee5p \u1ea3nh. Ch\u1ebf \u0111\u1ed9 ch\u1ee5p Ch\u00e2n Dung cho ra nh\u1eefng h\u00ecnh \u1ea3nh ch\u00e2n dung t\u01b0\u01a1ng \u0111\u01b0\u01a1ng ch\u1ea5t l\u01b0\u1ee3ng ch\u1ee5p trong studio, c\u00f9ng v\u1edbi 6 hi\u1ec7u \u1ee9ng \u00e1nh s\u00e1ng. HDR th\u00f4ng minh th\u1ebf h\u1ec7 m\u1edbi cho ra chi ti\u1ebft tuy\u1ec7t v\u1eddi t\u1eeb c\u00e1c v\u00f9ng s\u00e1ng cho \u0111\u1ebfn v\u00f9ng b\u00f3ng. Quay video 4K \u0111\u1ea1t chu\u1ea9n \u0111i\u1ec7n \u1ea3nh. C\u00f9ng t\u1ea5t c\u1ea3 c\u00e1c t\u00ednh n\u0103ng ti\u00ean ti\u1ebfn c\u1ee7a iOS. V\u1edbi th\u1eddi l\u01b0\u1ee3ng pin d\u00e0i<sup>2<\/sup>\u00a0v\u00e0 kh\u1ea3 n\u0103ng ch\u1ed1ng n\u01b0\u1edbc<sup>3<\/sup>, chi\u1ebfc iPhone n\u00e0y c\u00f3 r\u1ea5t nhi\u1ec1u \u0111i\u1ec3m \u0111\u1ec3 b\u1ea1n y\u00eau th\u00edch, trong m\u1ed9t k\u00edch th\u01b0\u1edbc kh\u00f4ng qu\u00e1 l\u1edbn.<\/p>\n<h3><strong>T\u00ednh n\u0103ng n\u1ed5i b\u1eadt<\/strong><\/h3>\n<p>\u2022 M\u00e0n h\u00ecnh Retina HD 4.7 inch<sup>1<\/sup>\u00a0.<\/p>\n<p>\u2022 Ch\u1ed1ng n\u01b0\u1edbc v\u00e0 ch\u1ed1ng b\u1ee5i (ch\u1ed1ng n\u01b0\u1edbc \u1edf \u0111\u1ed9 s\u00e2u 1 m\u00e9t trong v\u00f2ng t\u1ed1i \u0111a 30 ph\u00fat, \u0111\u1ea1t m\u1ee9c IP67)<sup>3<\/sup>.<\/p>\n<p>\u2022 Camera Wide 12MP; ch\u1ebf \u0111\u1ed9 ch\u1ee5p Ch\u00e2n Dung, hi\u1ec7u \u1ee9ng Chi\u1ebfu S\u00e1ng Ch\u00e2n Dung, Depth Control, HDR th\u00f4ng minh th\u1ebf h\u1ec7 m\u1edbi v\u00e0 video 4K.<\/p>\n<p>\u2022 Camera tr\u01b0\u1edbc 7MP v\u1edbi ch\u1ebf \u0111\u1ed9 ch\u1ee5p Ch\u00e2n Dung, hi\u1ec7u \u1ee9ng Chi\u1ebfu S\u00e1ng Ch\u00e2n Dung v\u00e0 Depth Control.<\/p>\n<p>\u2022 X\u00e1c th\u1ef1c b\u1ea3o m\u1eadt v\u1edbi Touch ID.<\/p>\n<p>\u2022 Chip A13 Bionic v\u1edbi Neural Engine th\u1ebf h\u1ec7 th\u1ee9 ba.<\/p>\n<p>\u2022 Kh\u1ea3 n\u0103ng s\u1ea1c nhanh.<\/p>\n<p>\u2022 S\u1ea1c kh\u00f4ng d\u00e2y<sup>4<\/sup>.<\/p>\n<p>\u2022 iOS 14 v\u1edbi c\u00e1c ti\u1ec7n \u00edch \u0111\u01b0\u1ee3c thi\u1ebft k\u1ebf l\u1ea1i tr\u00ean M\u00e0n H\u00ecnh Ch\u00ednh, Th\u01b0 Vi\u1ec7n \u1ee8ng D\u1ee5ng ho\u00e0n to\u00e0n m\u1edbi, App Clips c\u00f9ng nhi\u1ec1u t\u00ednh n\u0103ng kh\u00e1c.<\/p>\n<h3><strong>Ph\u00e1p l\u00fd<\/strong><\/h3>\n<p><sup>1<\/sup>K\u00edch th\u01b0\u1edbc m\u00e0n h\u00ecnh t\u00ednh theo \u0111\u01b0\u1eddng ch\u00e9o.<\/p>\n<p><sup>2<\/sup>Th\u1eddi l\u01b0\u1ee3ng pin kh\u00e1c nhau t\u00f9y theo c\u00e1ch s\u1eed d\u1ee5ng v\u00e0 c\u1ea5u h\u00ecnh. Truy c\u1eadp apple.com\/batteries \u0111\u1ec3 bi\u1ebft th\u00eam th\u00f4ng tin.<\/p>\n<p><sup>3<\/sup>iPhone SE c\u00f3 kh\u1ea3 n\u0103ng ch\u1ed1ng tia n\u01b0\u1edbc, ch\u1ed1ng n\u01b0\u1edbc v\u00e0 ch\u1ed1ng b\u1ee5i. S\u1ea3n ph\u1ea9m \u0111\u00e3 qua ki\u1ec3m nghi\u1ec7m trong \u0111i\u1ec1u ki\u1ec7n ph\u00f2ng th\u00ed nghi\u1ec7m c\u00f3 ki\u1ec3m so\u00e1t. iPhone SE \u0111\u1ea1t m\u1ee9c IP67 theo ti\u00eau chu\u1ea9n IEC 60529 (ch\u1ed1ng n\u01b0\u1edbc \u1edf \u0111\u1ed9 s\u00e2u t\u1ed1i \u0111a 1 m\u00e9t trong v\u00f2ng t\u1ed1i \u0111a 30 ph\u00fat). Kh\u1ea3 n\u0103ng ch\u1ed1ng tia n\u01b0\u1edbc, ch\u1ed1ng n\u01b0\u1edbc v\u00e0 ch\u1ed1ng b\u1ee5i kh\u00f4ng ph\u1ea3i l\u00e0 c\u00e1c \u0111i\u1ec1u ki\u1ec7n v\u0129nh vi\u1ec5n, v\u00e0 kh\u1ea3 n\u0103ng n\u00e0y c\u00f3 th\u1ec3 gi\u1ea3m do hao m\u00f2n th\u00f4ng th\u01b0\u1eddng. Kh\u00f4ng s\u1ea1c pin khi iPhone \u0111ang b\u1ecb \u01b0\u1edbt. Vui l\u00f2ng tham kh\u1ea3o h\u01b0\u1edbng d\u1eabn s\u1eed d\u1ee5ng \u0111\u1ec3 bi\u1ebft c\u00e1ch lau s\u1ea1ch v\u00e0 l\u00e0m kh\u00f4 m\u00e1y. Kh\u00f4ng b\u1ea3o h\u00e0nh s\u1ea3n ph\u1ea9m b\u1ecb h\u1ecfng do th\u1ea5m ch\u1ea5t l\u1ecfng.<\/p>\n<p><sup>4<\/sup>Kh\u00f4ng b\u00e1n k\u00e8m b\u1ed9 s\u1ea1c kh\u00f4ng d\u00e2y Qi.<\/p>\n<div class=\"bg-article\"><\/div>\n<p><a class=\"btn-detail\">Xem th\u00eam<\/a><\/p>\n","protected":false},"excerpt":{"rendered":"<p>N\u1ed9i dung v\u1ec1 t\u00ednh n\u0103ng iPhone SE l\u00e0 chi\u1ebfc iPhone 4.7 inch m\u1ea1nh nh\u1ea5t t\u1eeb tr\u01b0\u1edbc \u0111\u1ebfn nay1. V\u1edbi con chip A13 Bionic m\u1ea1nh m\u1ebd, m\u00e1y \u0111\u1ea3m b\u1ea3o hi\u1ec7u n\u0103ng c\u1ef1c t\u1ed1t, th\u1ecfa s\u1ee9c ch\u1ea1y \u1ee9ng d\u1ee5ng, ch\u01a1i game v\u00e0 ch\u1ee5p \u1ea3nh. Ch\u1ebf \u0111\u1ed9 ch\u1ee5p Ch\u00e2n Dung cho ra nh\u1eefng h\u00ecnh \u1ea3nh ch\u00e2n dung t\u01b0\u01a1ng &#8230; <a title=\"iPhone SE 64GB VN\/a\" class=\"read-more\" href=\"https:\/\/demo8.thuythu.com\/lebaostore\/iphone\/iphone-se\/iphone-se-64gb-vn-a\/\" aria-label=\"More on iPhone SE 64GB VN\/a\">Read more<\/a><\/p>\n","protected":false},"featured_media":496,"template":"","meta":[],"product_cat":[16,47],"product_tag":[],"_links":{"self":[{"href":"https:\/\/demo8.thuythu.com\/lebaostore\/wp-json\/wp\/v2\/product\/2489"}],"collection":[{"href":"https:\/\/demo8.thuythu.com\/lebaostore\/wp-json\/wp\/v2\/product"}],"about":[{"href":"https:\/\/demo8.thuythu.com\/lebaostore\/wp-json\/wp\/v2\/types\/product"}],"wp:featuredmedia":[{"embeddable":true,"href":"https:\/\/demo8.thuythu.com\/lebaostore\/wp-json\/wp\/v2\/media\/496"}],"wp:attachment":[{"href":"https:\/\/demo8.thuythu.com\/lebaostore\/wp-json\/wp\/v2\/media?parent=2489"}],"wp:term":[{"taxonomy":"product_cat","embeddable":true,"href":"https:\/\/demo8.thuythu.com\/lebaostore\/wp-json\/wp\/v2\/product_cat?post=2489"},{"taxonomy":"product_tag","embeddable":true,"href":"https:\/\/demo8.thuythu.com\/lebaostore\/wp-json\/wp\/v2\/product_tag?post=2489"}],"curies":[{"name":"wp","href":"https:\/\/api.w.org\/{rel}","templated":true}]}}