{"id":2715,"date":"2022-01-21T11:49:52","date_gmt":"2022-01-21T04:49:52","guid":{"rendered":"https:\/\/demo8.thuythu.com\/lebaostore\/product\/mac-mini-i3-2020-ram-8-gb-ssd-256-gb\/"},"modified":"2022-01-24T14:57:37","modified_gmt":"2022-01-24T07:57:37","slug":"mac-mini-i3-2020-ram-8-gb-ssd-256-gb","status":"publish","type":"product","link":"https:\/\/demo8.thuythu.com\/lebaostore\/mac\/mac-mini\/mac-mini-i3-2020-ram-8-gb-ssd-256-gb\/","title":{"rendered":"Mac mini i3 2020 RAM 8 GB &#8211; SSD 256 GB"},"content":{"rendered":"<h3><strong>N\u1ed9i dung v\u1ec1 t\u00ednh n\u0103ng\u00a0<\/strong><\/h3>\n<p>Mac mini g\u00f3i g\u1ecdn hi\u1ec7u su\u1ea5t kh\u1ee7ng trong m\u1ed9t thi\u1ebft k\u1ebf nh\u1ecf g\u1ecdn. B\u1ed9 x\u1eed l\u00fd 4 l\u00f5i th\u1ebf h\u1ec7 th\u1ee9 8. B\u1ed9 nh\u1edb DDR4 2666 MHz\u00a0t\u1ed1c \u0111\u1ed9 cao. Nhi\u1ec1u c\u1ed5ng k\u1ebft n\u1ed1i nh\u01b0 Thunderbolt 3, HDMI 2.0 v\u00e0 Ethernet 10 Gb.* V\u1edbi b\u1ed9 l\u01b0u tr\u1eef flash si\u00eau nhanh, b\u1ea1n\u00a0c\u00f3 th\u1ec3 t\u1ea3i nh\u1eefng t\u1eadp tin l\u1edbn v\u00e0 kh\u1edfi ch\u1ea1y c\u00e1c \u1ee9ng d\u1ee5ng ch\u1ec9 trong t\u00edch t\u1eafc. V\u00ec l\u1ebd \u0111\u00f3, Mac mini l\u00e0 m\u1ed9t chi\u1ebfc m\u00e1y t\u00ednh\u00a0b\u00e0n ho\u00e0n h\u1ea3o v\u00e0 h\u01a1n th\u1ebf n\u1eefa.<\/p>\n<h3><strong>T\u00ednh n\u0103ng n\u1ed5i b\u1eadt<\/strong><\/h3>\n<p>\u2022\u00a0B\u1ed9 x\u1eed l\u00fd Intel Core i3 b\u1ed1n l\u00f5i th\u1ebf h\u1ec7 th\u1ee9 8<\/p>\n<p>\u2022\u00a0Intel UHD Graphics 630<\/p>\n<p>\u2022\u00a0DDR4 2666 MHz 8GB<\/p>\n<p>\u2022\u00a0L\u01b0u tr\u1eef SSD si\u00eau nhanh<\/p>\n<p>\u2022\u00a0B\u1ed1n c\u1ed5ng Thunderbolt 3 (USB-C), m\u1ed9t c\u1ed5ng HDMI 2.0 v\u00e0 hai c\u1ed5ng USB 3<\/p>\n<p>\u2022\u00a0Gigabit Ethernet v\u00e0 Wi-Fi 802.11ac*<\/p>\n<p>\u2022\u00a0macOS s\u1edf h\u1eefu thi\u1ebft k\u1ebf \u1ea5n t\u01b0\u1ee3ng, d\u1ec5 s\u1eed d\u1ee5ng v\u00e0 ph\u1ed1i h\u1ee3p m\u01b0\u1ee3t m\u00e0 v\u1edbi iPhone<\/p>\n<h3><strong>Ph\u00e1p l\u00fd<\/strong><\/h3>\n<p>Hi\u1ec7n c\u00f3 s\u1eb5n c\u00e1c l\u1ef1a ch\u1ecdn \u0111\u1ec3 n\u00e2ng c\u1ea5p.<\/p>\n<p>*C\u00f3 s\u1eb5n Ethernet 10 Gb nh\u01b0 m\u1ed9t l\u1ef1a ch\u1ecdn n\u00e2ng c\u1ea5p.<\/p>\n","protected":false},"excerpt":{"rendered":"<p>N\u1ed9i dung v\u1ec1 t\u00ednh n\u0103ng\u00a0 Mac mini g\u00f3i g\u1ecdn hi\u1ec7u su\u1ea5t kh\u1ee7ng trong m\u1ed9t thi\u1ebft k\u1ebf nh\u1ecf g\u1ecdn. B\u1ed9 x\u1eed l\u00fd 4 l\u00f5i th\u1ebf h\u1ec7 th\u1ee9 8. B\u1ed9 nh\u1edb DDR4 2666 MHz\u00a0t\u1ed1c \u0111\u1ed9 cao. Nhi\u1ec1u c\u1ed5ng k\u1ebft n\u1ed1i nh\u01b0 Thunderbolt 3, HDMI 2.0 v\u00e0 Ethernet 10 Gb.* V\u1edbi b\u1ed9 l\u01b0u tr\u1eef flash si\u00eau nhanh, b\u1ea1n\u00a0c\u00f3 &#8230; <a title=\"Mac mini i3 2020 RAM 8 GB &#8211; SSD 256 GB\" class=\"read-more\" href=\"https:\/\/demo8.thuythu.com\/lebaostore\/mac\/mac-mini\/mac-mini-i3-2020-ram-8-gb-ssd-256-gb\/\" aria-label=\"More on Mac mini i3 2020 RAM 8 GB &#8211; SSD 256 GB\">Read more<\/a><\/p>\n","protected":false},"featured_media":986,"template":"","meta":[],"product_cat":[96,20],"product_tag":[],"_links":{"self":[{"href":"https:\/\/demo8.thuythu.com\/lebaostore\/wp-json\/wp\/v2\/product\/2715"}],"collection":[{"href":"https:\/\/demo8.thuythu.com\/lebaostore\/wp-json\/wp\/v2\/product"}],"about":[{"href":"https:\/\/demo8.thuythu.com\/lebaostore\/wp-json\/wp\/v2\/types\/product"}],"wp:featuredmedia":[{"embeddable":true,"href":"https:\/\/demo8.thuythu.com\/lebaostore\/wp-json\/wp\/v2\/media\/986"}],"wp:attachment":[{"href":"https:\/\/demo8.thuythu.com\/lebaostore\/wp-json\/wp\/v2\/media?parent=2715"}],"wp:term":[{"taxonomy":"product_cat","embeddable":true,"href":"https:\/\/demo8.thuythu.com\/lebaostore\/wp-json\/wp\/v2\/product_cat?post=2715"},{"taxonomy":"product_tag","embeddable":true,"href":"https:\/\/demo8.thuythu.com\/lebaostore\/wp-json\/wp\/v2\/product_tag?post=2715"}],"curies":[{"name":"wp","href":"https:\/\/api.w.org\/{rel}","templated":true}]}}