{"id":2741,"date":"2022-01-21T11:50:02","date_gmt":"2022-01-21T04:50:02","guid":{"rendered":"https:\/\/demo8.thuythu.com\/lebaostore\/product\/tai-nghe-true-wireless-beats-studio-buds\/"},"modified":"2022-01-21T11:50:23","modified_gmt":"2022-01-21T04:50:23","slug":"tai-nghe-true-wireless-beats-studio-buds","status":"publish","type":"product","link":"https:\/\/demo8.thuythu.com\/lebaostore\/am-thanh\/beats\/tai-nghe-true-wireless-beats-studio-buds\/","title":{"rendered":"Tai nghe True Wireless Beats Studio Buds"},"content":{"rendered":"<h3><strong>Thi\u1ebft k\u1ebf tr\u1ebb trung, phong c\u00e1ch v\u1edbi k\u00edch th\u01b0\u1edbc nh\u1ecf g\u1ecdn, d\u00f9ng linh \u0111\u1ed9ng<\/strong><\/h3>\n<p>Phi\u00ean b\u1ea3n Beats Studio Buds MJ503 m\u00e0u \u0111\u1ecf c\u1ef1c b\u1eaft m\u1eaft v\u1edbi h\u1ed9p s\u1ea1c ki\u1ec3u d\u00e1ng m\u1ec1m m\u1ea1i, m\u1edbi l\u1ea1, r\u1ea5t tr\u1ebb trung cho ng\u01b0\u1eddi tr\u1ebb n\u0103ng \u0111\u1ed9ng. V\u1ecf ngo\u00e0i h\u1ed9p s\u1ea1c v\u00e0 tai nghe d\u00f9ng ch\u1ea5t li\u1ec7u <strong>nh\u1ef1a nh\u00e1m<\/strong> sang tr\u1ecdng, ch\u1ed1ng tr\u1ea7y, ti\u1ec7n l\u1ee3i cho b\u1ea1n mang theo \u0111\u1ebfn m\u1ecdi n\u01a1i nh\u1edd k\u00edch th\u01b0\u1edbc g\u1ecdn nh\u1eb9.<\/p>\n<p>Thi\u1ebft k\u1ebf tai nghe c\u0169ng c\u00e1ch t\u00e2n v\u1edbi housing l\u1ea1 m\u1eaft h\u01a1n, kh\u00f4ng k\u00e9m ph\u1ea7n sang tr\u1ecdng m\u00e0 c\u1ea7m r\u1ea5t ch\u1eafc tay, s\u1eed d\u1ee5ng v\u1eeba v\u1eb7n \u00eam \u00e1i c\u00f9ng h\u1ed1c tai ng\u01b0\u1eddi d\u00f9ng.<\/p>\n<p><img alt=\"Nh\u1ecf g\u1ecdn, tr\u1ebb trung - Beats Studio Buds MJ503 \u0110\u1ecf\" data-src=\"https:\/\/demo8.thuythu.com\/lebaostore\/wp-content\/uploads\/2022\/01\/bluetooth-true-wireless-beats-studio-buds-mj503-do-1-1.jpg\" class=\" lazyloaded\" title=\"Nh\u1ecf g\u1ecdn, tr\u1ebb trung - Beats Studio Buds MJ503 \u0110\u1ecf\" src=\"https:\/\/demo8.thuythu.com\/lebaostore\/wp-content\/uploads\/2022\/01\/bluetooth-true-wireless-beats-studio-buds-mj503-do-1-1.jpg\"><\/p>\n<p>\u0110i k\u00e8m theo thi\u1ebft b\u1ecb c\u00f3 <strong>3 c\u1eb7p \u0111\u1ec7m tai<\/strong> c\u1ee1 S-M-L t\u01b0\u01a1ng th\u00edch cho m\u1ecdi \u0111\u1ed1i t\u01b0\u1ee3ng ng\u01b0\u1eddi d\u00f9ng.<\/p>\n<p><img alt=\"\u0110\u1ec7m tai \u00eam \u00e1i - Beats Studio Buds MJ503 \u0110\u1ecf\" data-src=\"https:\/\/demo8.thuythu.com\/lebaostore\/wp-content\/uploads\/2022\/01\/bluetooth-true-wireless-beats-studio-buds-mj503-do-2-1.jpg\" class=\" ls-is-cached lazyloaded\" title=\"\u0110\u1ec7m tai \u00eam \u00e1i - Beats Studio Buds MJ503 \u0110\u1ecf\" src=\"https:\/\/demo8.thuythu.com\/lebaostore\/wp-content\/uploads\/2022\/01\/bluetooth-true-wireless-beats-studio-buds-mj503-do-2-1.jpg\"><\/p>\n<h3><strong>Th\u1ecfa m\u00e3n th\u00ednh gi\u00e1c c\u00f9ng ch\u1ea5t \u00e2m \u0111\u1ec9nh cao c\u1ee7a tai nghe Beats<\/strong><\/h3>\n<p>N\u1ed5i ti\u1ebfng v\u1ec1 ch\u1ea5t l\u01b0\u1ee3ng \u00e2m thanh, Beats l\u1ea1i c\u00e0ng t\u1eadp trung c\u1ea3i thi\u1ec7n ch\u1ea5t \u00e2m h\u01a1n n\u1eefa tr\u00ean tai nghe Beats Studio Buds MJ503, trang b\u1ecb m\u1ed7i b\u00ean tai nghe v\u1edbi <strong>driver k\u00e9p \u0111\u1ed9c quy\u1ec1n<\/strong>&nbsp;gi\u00fap truy\u1ec1n ph\u00e1t \u00e2m thanh m\u1ea1nh m\u1ebd, lan t\u1ecfa, \u00e2m bass ch\u1eafc ch\u1eafn, \u00e2m cao trong tr\u1ebbo, th\u1ec3 hi\u1ec7n tr\u1ecdn v\u1eb9n c\u1ea3m x\u00fac truy\u1ec1n t\u1ea3i qua m\u1ed7i b\u1ea1n nh\u1ea1c, th\u1ec3 lo\u1ea1i nh\u1ea1c b\u1ea1n \u0111ang nghe.<\/p>\n<p><img alt=\"\u00c2m thanh c\u1ef1c \u0111\u1ec9nh - Beats Studio Buds MJ503 \u0110\u1ecf\" data-src=\"https:\/\/demo8.thuythu.com\/lebaostore\/wp-content\/uploads\/2022\/01\/bluetooth-true-wireless-beats-studio-buds-mj503-do-4-1.jpg\" class=\"lazyload\" title=\"\u00c2m thanh c\u1ef1c \u0111\u1ec9nh - Beats Studio Buds MJ503 \u0110\u1ecf\"><\/p>\n<h3><strong>\u0110\u01b0\u1eddng truy\u1ec1n k\u1ebft n\u1ed1i nhanh nh\u1ea1y, \u1ed5n \u0111\u1ecbnh qua Bluetooth 5.0 Class-1<\/strong><\/h3>\n<p>K\u1ebft n\u1ed1i tai nghe Bluetooth c\u1ee7a b\u1ea1n th\u1eadt d\u1ec5 d\u00e0ng v\u1edbi \u0111i\u1ec7n tho\u1ea1i,&nbsp;m\u00e1y t\u00ednh b\u1ea3ng,&nbsp;laptop qua chu\u1ea9n k\u1ebft n\u1ed1i kh\u00f4ng d\u00e2y <strong>Bluetooth 5.0 Class-1<\/strong>, lu\u00f4n \u0111\u1ea3m b\u1ea3o s\u1ef1 \u1ed5n \u0111\u1ecbnh c\u1ee7a \u0111\u01b0\u1eddng truy\u1ec1n trong ph\u1ea1m vi \u0111\u1ebfn <strong>10 m<\/strong>, th\u1ecfa s\u1ee9c gi\u1ea3i tr\u00ed m\u00e0 kh\u00f4ng lo \u0111\u1ee9t \u0111o\u1ea1n t\u00edn hi\u1ec7u tr\u00ean tai nghe.<\/p>\n<p><img alt=\"K\u1ebft n\u1ed1i Bluetooth - Beats Studio Buds MJ503 \u0110\u1ecf\" data-src=\"https:\/\/demo8.thuythu.com\/lebaostore\/wp-content\/uploads\/2022\/01\/bluetooth-true-wireless-beats-studio-buds-mj503-do-3-1.jpg\" class=\"lazyload\" title=\"K\u1ebft n\u1ed1i Bluetooth - Beats Studio Buds MJ503 \u0110\u1ecf\"><\/p>\n<h3><strong>T\u01b0\u01a1ng th\u00edch cho c\u1ea3 thi\u1ebft b\u1ecb iOS v\u00e0 Android<\/strong><\/h3>\n<p>M\u1eb7c d\u00f9 Beats l\u00e0 c\u1ee7a Apple, nh\u01b0ng v\u1edbi phi\u00ean b\u1ea3n n\u00e0y, b\u1ea1n c\u00f2n c\u00f3 th\u1ec3 d\u00f9ng n\u00f3 c\u00f9ng c\u00e1c thi\u1ebft b\u1ecb ch\u1ea1y h\u1ec7 \u0111i\u1ec1u h\u00e0nh Android qua h\u1ed7 tr\u1ee3 <strong>Fast Pair<\/strong>, k\u1ebft n\u1ed1i v\u1edbi v\u1edbi&nbsp;<strong>IOS 14.6 tr\u1edf l\u00ean\/Android 6.0<\/strong>.<\/p>\n<p>S\u1eed d\u1ee5ng <strong>setting IOS<\/strong>&nbsp;ho\u1eb7c&nbsp;<strong>\u1ee9ng d\u1ee5ng Beats cho Androids<\/strong> \u0111\u1ec3 th\u1ef1c hi\u1ec7n c\u00e1c c\u00e0i \u0111\u1eb7t t\u00ednh n\u0103ng cho tai nghe c\u1ee7a b\u1ea1n.<\/p>\n<p><img alt=\"Gh\u00e9p n\u1ed1i - Beats Studio Buds MJ503 \u0110\u1ecf\" data-src=\"https:\/\/demo8.thuythu.com\/lebaostore\/wp-content\/uploads\/2022\/01\/bluetooth-true-wireless-beats-studio-buds-mj503-do-6-1.jpg\" class=\"lazyload\" title=\"Gh\u00e9p n\u1ed1i - Beats Studio Buds MJ503 \u0110\u1ecf\"><\/p>\n<h3><strong>Ho\u00e0n ch\u1ec9nh kh\u00f4ng gian \u00e2m thanh ri\u00eang bi\u1ec7t v\u1edbi c\u00f4ng ngh\u1ec7 ch\u1ed1ng \u1ed3n ch\u1ee7 \u0111\u1ed9ng ANC<\/strong><\/h3>\n<p>Tai nghe True Wireless&nbsp;Beats Studio Buds MJ503 trang b\u1ecb <strong>ch\u1ed1ng \u1ed3n ANC<\/strong> t\u1ea1o kh\u00f4ng gian \u00e2m thanh ri\u00eang t\u01b0 tuy\u1ec7t \u0111\u1ed1i d\u00e0nh cho b\u1ea1n, kh\u00f4ng \u0111\u1ec3 nh\u1eefng t\u1ea1p \u00e2m m\u00f4i tr\u01b0\u1eddng t\u00e1c \u0111\u1ed9ng v\u00e0o c\u1ea3m x\u00fac \u00e2m thanh \u0111ang \u0111\u01b0\u1ee3c c\u1ea3m th\u1ee5, cho b\u1ea1n ho\u00e0n to\u00e0n h\u00f2a m\u00ecnh v\u00e0o kh\u00f4ng gian \u00e2m nh\u1ea1c ri\u00eang.<\/p>\n<p>Khi c\u1ea7n ti\u1ebfp nh\u1eadn th\u00f4ng tin t\u1eeb m\u00f4i tr\u01b0\u1eddng ngo\u00e0i c\u00f9ng l\u00fac v\u1edbi s\u1eed d\u1ee5ng tai nghe, b\u1ea1n chuy\u1ec3n sang ch\u1ebf \u0111\u1ed9 <strong>Transparency mode (Xuy\u00ean \u00e2m)<\/strong> \u0111\u1ec3 th\u01b0\u1edfng th\u1ee9c t\u1ed1t \u00e2m nh\u1ea1c y\u00eau th\u00edch m\u00e0 kh\u00f4ng b\u1ecf l\u1ee1 c\u00e1c \u00e2m thanh th\u00f4ng b\u00e1o, giao ti\u1ebfp t\u1eeb m\u00f4i tr\u01b0\u1eddng xung quanh.<\/p>\n<p><img alt=\"Ch\u1ed1ng \u1ed3n - Beats Studio Buds MJ503 \u0110\u1ecf\" data-src=\"https:\/\/demo8.thuythu.com\/lebaostore\/wp-content\/uploads\/2022\/01\/bluetooth-true-wireless-beats-studio-buds-mj503-do-5-1.jpg\" class=\"lazyload\" title=\"Ch\u1ed1ng \u1ed3n - Beats Studio Buds MJ503 \u0110\u1ecf\"><\/p>\n<h3><strong>\u0110i\u1ec1u khi\u1ec3n \u0111\u01a1n gi\u1ea3n qua ph\u00edm b\u1ea5m v\u1eadt l\u00fd<\/strong><\/h3>\n<p>Ph\u00edm v\u1eadt l\u00fd \u0111a t\u00e1c v\u1ee5 t\u00edch h\u1ee3p tr\u00ean v\u1ecb tr\u00ed logo Beats \u1edf tai nghe cho ph\u00e9p nh\u1eadn cu\u1ed9c g\u1ecdi, t\u1ea1m d\u1eebng ph\u00e1t nh\u1ea1c, chuy\u1ec3n l\u00f9i b\u00e0i, chuy\u1ec3n ch\u1ebf \u0111\u1ed9 ANC v\u00e0 xuy\u00ean \u00e2m, g\u1ecdi tr\u1ee3 l\u00fd \u1ea3o, c\u00f3 th\u1ec3 th\u1ef1c hi\u1ec7n c\u00e0i \u0111\u1eb7t tr\u00ean <strong>setting iOS<\/strong>, <strong>\u1ee9ng d\u1ee5ng Beats cho Androids<\/strong>.<\/p>\n<p><img alt=\"\u0110i\u1ec1u khi\u1ec3n - Beats Studio Buds MJ503 \u0110\u1ecf\" data-src=\"https:\/\/demo8.thuythu.com\/lebaostore\/wp-content\/uploads\/2022\/01\/bluetooth-true-wireless-beats-studio-buds-mj503-do-7-1.jpg\" class=\"lazyload\" title=\"\u0110i\u1ec1u khi\u1ec3n - Beats Studio Buds MJ503 \u0110\u1ecf\"><\/p>\n<h3><strong>K\u00edch ho\u1ea1t Siri \u0111\u1ec3 s\u1eb5n s\u00e0ng \u0111i\u1ec1u khi\u1ec3n tai nghe b\u1eb1ng kh\u1ea9u l\u1ec7nh<\/strong><\/h3>\n<p>V\u1edbi thi\u1ebft b\u1ecb iOS, b\u1ea1n s\u1eed d\u1ee5ng kh\u1ea9u l\u1ec7nh \u201c<strong>Hey Siri<\/strong>\u201d \u0111\u1ec3 th\u1ef1c hi\u1ec7n \u0111i\u1ec1u khi\u1ec3n, t\u00ecm ki\u1ebfm nhanh tr\u00ean tai nghe. C\u00e1c thi\u1ebft b\u1ecb Androids t\u1ea3i&nbsp;\u1ee9ng d\u1ee5ng Beats&nbsp;\u0111\u1ec3 m\u1edf t\u00ednh n\u0103ng g\u1ecdi tr\u1ee3 l\u00fd \u1ea3o.<\/p>\n<p>Tai nghe Beats&nbsp;h\u1ed7 tr\u1ee3 \u0111\u00e0m tho\u1ea1i 2 chi\u1ec1u v\u1edbi ch\u1ea5t \u00e2m t\u1ed1t nh\u1edd micro l\u1ecdc gi\u00f3, gi\u1eef \u00e2m thanh r\u00f5 r\u00e0ng c\u1ea3 \u1edf kh\u00f4ng gian \u1ed3n hay khi b\u1ea1n \u0111ang di chuy\u1ec3n.<\/p>\n<p><img alt=\"Siri - Beats Studio Buds MJ503 \u0110\u1ecf\" data-src=\"https:\/\/demo8.thuythu.com\/lebaostore\/wp-content\/uploads\/2022\/01\/bluetooth-true-wireless-beats-studio-buds-mj503-do-8.jpg\" class=\"lazyload\" title=\"Siri - Beats Studio Buds MJ503 \u0110\u1ecf\"><\/p>\n<h3><strong>Trang b\u1ecb chu\u1ea9n ch\u1ed1ng n\u01b0\u1edbc v\u00e0 m\u1ed3 h\u00f4i IPX4<\/strong><\/h3>\n<p>An t\u00e2m \u0111\u1ec3 s\u1eed d\u1ee5ng tai nghe Beats l\u00fac luy\u1ec7n t\u00e2m th\u1ec3 thao m\u00e0 kh\u00f4ng lo l\u1ed7i h\u1ecfng do \u0111\u1ed9 \u1ea9m.<\/p>\n<p><img alt=\"Ch\u1ed1ng n\u01b0\u1edbc IPX4 - Beats Studio Buds MJ503 \u0110\u1ecf\" data-src=\"https:\/\/demo8.thuythu.com\/lebaostore\/wp-content\/uploads\/2022\/01\/bluetooth-true-wireless-beats-studio-buds-mj503-do-9.jpg\" class=\"lazyload\" title=\"Ch\u1ed1ng n\u01b0\u1edbc IPX4 - Beats Studio Buds MJ503 \u0110\u1ecf\"><\/p>\n<h3><strong>Thi\u1ebft b\u1ecb d\u00f9ng pin s\u1ea1c, t\u1ed5ng th\u1eddi l\u01b0\u1ee3ng s\u1eed d\u1ee5ng \u0111\u1ebfn 24 gi\u1edd, h\u1ed7 tr\u1ee3 s\u1ea1c nhanh 5 ph\u00fat d\u00f9ng th\u00eam 60 ph\u00fat<\/strong><\/h3>\n<p>Tai nghe c\u00f3 <strong>8 gi\u1edd<\/strong> dung l\u01b0\u1ee3ng pin khi s\u1ea1c \u0111\u1ea7y, th\u00eam <strong>16 gi\u1edd<\/strong> c\u00f9ng h\u1ed9p s\u1ea1c khi kh\u00f4ng s\u1eed d\u1ee5ng ch\u1ed1ng \u1ed3n. K\u00edch ho\u1ea1t ANC dung l\u01b0\u1ee3ng pin s\u1eed d\u1ee5ng l\u00e0 <strong>5 gi\u1edd<\/strong> tr\u00ean tai nghe v\u00e0 <strong>10 gi\u1edd<\/strong> tr\u00ean h\u1ed9p s\u1ea1c.<\/p>\n<p>S\u1ea1c nhanh Fast Fuel&nbsp;cho ph\u00e9p s\u1ea1c tai nghe trong 5 ph\u00fat \u0111\u1ec3 d\u00f9ng th\u00eam \u0111\u1ebfn 60 ph\u00fat khi c\u1ea7n.<\/p>\n<p>S\u1eed d\u1ee5ng c\u00e1p s\u1ea1c t\u01b0\u01a1ng th\u00edch \u0111\u1ec3 s\u1ea1c l\u1ea1i pin cho thi\u1ebft b\u1ecb qua c\u1ed5ng <strong>Type-C<\/strong>.<\/p>\n<p><img alt=\"Pin s\u1ea1c - Beats Studio Buds MJ503 \u0110\u1ecf\" data-src=\"https:\/\/demo8.thuythu.com\/lebaostore\/wp-content\/uploads\/2022\/01\/bluetooth-true-wireless-beats-studio-buds-mj503-do-10.jpg\" class=\"lazyload\" title=\"Pin s\u1ea1c - Beats Studio Buds MJ503 \u0110\u1ecf\"><\/p>\n<p>Tai nghe Bluetooth True Wireless Beats Studio Buds MJ503 \u0110\u1ecf&nbsp;v\u1edbi nh\u1eefng \u01b0u \u0111i\u1ec3m m\u00e0 n\u00f3 s\u1edf h\u1eefu ch\u1eafc ch\u1eafn s\u1ebd mang l\u1ea1i s\u1ef1 th\u00edch th\u00fa v\u00e0 h\u00e0i l\u00f2ng cho ng\u01b0\u1eddi d\u00f9ng khi \u0111\u01b0\u1ee3c s\u1edf h\u1eefu v\u00e0 tr\u1ea3i nghi\u1ec7m n\u00f3.<\/p>\n<p>&nbsp;<\/p>\n<div class=\"bg-article\"><\/div>\n<p> <a href=\"javascript:;\" class=\"btn-detail\" onclick=\"$(this).remove();$('.bg-article').remove();$('.text-detail').addClass('expand')\"><span>Xem th\u00eam<\/span><\/a><\/p>\n","protected":false},"excerpt":{"rendered":"<p>Thi\u1ebft k\u1ebf tr\u1ebb trung, phong c\u00e1ch v\u1edbi k\u00edch th\u01b0\u1edbc nh\u1ecf g\u1ecdn, d\u00f9ng linh \u0111\u1ed9ng Phi\u00ean b\u1ea3n Beats Studio Buds MJ503 m\u00e0u \u0111\u1ecf c\u1ef1c b\u1eaft m\u1eaft v\u1edbi h\u1ed9p s\u1ea1c ki\u1ec3u d\u00e1ng m\u1ec1m m\u1ea1i, m\u1edbi l\u1ea1, r\u1ea5t tr\u1ebb trung cho ng\u01b0\u1eddi tr\u1ebb n\u0103ng \u0111\u1ed9ng. V\u1ecf ngo\u00e0i h\u1ed9p s\u1ea1c v\u00e0 tai nghe d\u00f9ng ch\u1ea5t li\u1ec7u nh\u1ef1a nh\u00e1m sang &#8230; <a title=\"Tai nghe True Wireless Beats Studio Buds\" class=\"read-more\" href=\"https:\/\/demo8.thuythu.com\/lebaostore\/am-thanh\/beats\/tai-nghe-true-wireless-beats-studio-buds\/\" aria-label=\"More on Tai nghe True Wireless Beats Studio Buds\">Read more<\/a><\/p>\n","protected":false},"featured_media":1071,"template":"","meta":[],"product_cat":[101,21],"product_tag":[],"_links":{"self":[{"href":"https:\/\/demo8.thuythu.com\/lebaostore\/wp-json\/wp\/v2\/product\/2741"}],"collection":[{"href":"https:\/\/demo8.thuythu.com\/lebaostore\/wp-json\/wp\/v2\/product"}],"about":[{"href":"https:\/\/demo8.thuythu.com\/lebaostore\/wp-json\/wp\/v2\/types\/product"}],"wp:featuredmedia":[{"embeddable":true,"href":"https:\/\/demo8.thuythu.com\/lebaostore\/wp-json\/wp\/v2\/media\/1071"}],"wp:attachment":[{"href":"https:\/\/demo8.thuythu.com\/lebaostore\/wp-json\/wp\/v2\/media?parent=2741"}],"wp:term":[{"taxonomy":"product_cat","embeddable":true,"href":"https:\/\/demo8.thuythu.com\/lebaostore\/wp-json\/wp\/v2\/product_cat?post=2741"},{"taxonomy":"product_tag","embeddable":true,"href":"https:\/\/demo8.thuythu.com\/lebaostore\/wp-json\/wp\/v2\/product_tag?post=2741"}],"curies":[{"name":"wp","href":"https:\/\/api.w.org\/{rel}","templated":true}]}}