{"id":2954,"date":"2022-01-21T11:51:22","date_gmt":"2022-01-21T04:51:22","guid":{"rendered":"https:\/\/demo8.thuythu.com\/lebaostore\/product\/adapter-chuyen-doi-type-c-sang-hdmi-type-c-usb\/"},"modified":"2022-02-26T20:52:36","modified_gmt":"2022-02-26T13:52:36","slug":"adapter-chuyen-doi-type-c-sang-hdmi-type-c-usb","status":"publish","type":"product","link":"https:\/\/demo8.thuythu.com\/lebaostore\/phu-kien\/adapter-chuyen-doi-type-c-sang-hdmi-type-c-usb\/","title":{"rendered":"Adapter chuy\u1ec3n \u0111\u1ed5i Type C sang HDMI\/Type C\/USB"},"content":{"rendered":"<div class=\"text-detail expand\">\n<p>Adapter \u0111a c\u1ed5ng USB-C Digital AV cho ph\u00e9p b\u1ea1n k\u1ebft n\u1ed1i m\u00e1y Mac ho\u1eb7c iPad h\u1ed7 tr\u1ee3 USB-C v\u1edbi m\u00e0n h\u00ecnh HDMI, \u0111\u1ed3ng th\u1eddi k\u1ebft n\u1ed1i thi\u1ebft b\u1ecb USB ti\u00eau chu\u1ea9n v\u00e0 c\u00e1p s\u1ea1c USB-C.<br \/>\nB\u1ea1n ch\u1ec9 c\u1ea7n k\u1ebft n\u1ed1i b\u1ed9 chuy\u1ec3n \u0111\u1ed5i v\u1edbi c\u1ed5ng USB-C ho\u1eb7c Thunderbolt 3 (USB-C) tr\u00ean m\u00e1y Mac ho\u1eb7c iPad c\u1ee7a b\u1ea1n v\u00e0 sau \u0111\u00f3 v\u1edbi TV ho\u1eb7c m\u00e1y chi\u1ebfu c\u1ee7a b\u1ea1n qua c\u00e1p HDMI.<\/p>\n<p>B\u1ea1n c\u00f3 th\u1ec3 s\u1eed d\u1ee5ng c\u1ed5ng USB ti\u00eau chu\u1ea9n \u0111\u1ec3 k\u1ebft n\u1ed1i c\u00e1c thi\u1ebft b\u1ecb nh\u01b0 \u1ed5 \u0111\u0129a flash, m\u00e1y \u1ea3nh ho\u1eb7c d\u00f9ng c\u00e1p USB \u0111\u1ec3 s\u1ea1c v\u00e0 \u0111\u1ed3ng b\u1ed9 h\u00f3a c\u00e1c thi\u1ebft b\u1ecb iOS c\u1ee7a b\u1ea1n. B\u1ea1n c\u0169ng c\u00f3 th\u1ec3 k\u1ebft n\u1ed1i c\u00e1p s\u1ea1c v\u1edbi c\u1ed5ng USB-C \u0111\u1ec3 s\u1ea1c Macbook ho\u1eb7c iPad.<\/p>\n<\/div>\n","protected":false},"excerpt":{"rendered":"<p>Adapter \u0111a c\u1ed5ng USB-C Digital AV cho ph\u00e9p b\u1ea1n k\u1ebft n\u1ed1i m\u00e1y Mac ho\u1eb7c iPad h\u1ed7 tr\u1ee3 USB-C v\u1edbi m\u00e0n h\u00ecnh HDMI, \u0111\u1ed3ng th\u1eddi k\u1ebft n\u1ed1i thi\u1ebft b\u1ecb USB ti\u00eau chu\u1ea9n v\u00e0 c\u00e1p s\u1ea1c USB-C. B\u1ea1n ch\u1ec9 c\u1ea7n k\u1ebft n\u1ed1i b\u1ed9 chuy\u1ec3n \u0111\u1ed5i v\u1edbi c\u1ed5ng USB-C ho\u1eb7c Thunderbolt 3 (USB-C) tr\u00ean m\u00e1y Mac ho\u1eb7c iPad &#8230; <a title=\"Adapter chuy\u1ec3n \u0111\u1ed5i Type C sang HDMI\/Type C\/USB\" class=\"read-more\" href=\"https:\/\/demo8.thuythu.com\/lebaostore\/phu-kien\/adapter-chuyen-doi-type-c-sang-hdmi-type-c-usb\/\" aria-label=\"More on Adapter chuy\u1ec3n \u0111\u1ed5i Type C sang HDMI\/Type C\/USB\">Read more<\/a><\/p>\n","protected":false},"featured_media":1339,"template":"","meta":[],"product_cat":[23],"product_tag":[],"_links":{"self":[{"href":"https:\/\/demo8.thuythu.com\/lebaostore\/wp-json\/wp\/v2\/product\/2954"}],"collection":[{"href":"https:\/\/demo8.thuythu.com\/lebaostore\/wp-json\/wp\/v2\/product"}],"about":[{"href":"https:\/\/demo8.thuythu.com\/lebaostore\/wp-json\/wp\/v2\/types\/product"}],"wp:featuredmedia":[{"embeddable":true,"href":"https:\/\/demo8.thuythu.com\/lebaostore\/wp-json\/wp\/v2\/media\/1339"}],"wp:attachment":[{"href":"https:\/\/demo8.thuythu.com\/lebaostore\/wp-json\/wp\/v2\/media?parent=2954"}],"wp:term":[{"taxonomy":"product_cat","embeddable":true,"href":"https:\/\/demo8.thuythu.com\/lebaostore\/wp-json\/wp\/v2\/product_cat?post=2954"},{"taxonomy":"product_tag","embeddable":true,"href":"https:\/\/demo8.thuythu.com\/lebaostore\/wp-json\/wp\/v2\/product_tag?post=2954"}],"curies":[{"name":"wp","href":"https:\/\/api.w.org\/{rel}","templated":true}]}}