{"id":2992,"date":"2022-01-21T11:51:31","date_gmt":"2022-01-21T04:51:31","guid":{"rendered":"https:\/\/demo8.thuythu.com\/lebaostore\/product\/adapter-chuyen-doi-type-c-sang-usb\/"},"modified":"2022-01-21T11:51:33","modified_gmt":"2022-01-21T04:51:33","slug":"adapter-chuyen-doi-type-c-sang-usb","status":"publish","type":"product","link":"https:\/\/demo8.thuythu.com\/lebaostore\/phu-kien\/adapter-chuyen-doi-type-c-sang-usb\/","title":{"rendered":"Adapter chuy\u1ec3n \u0111\u1ed5i Type C sang USB"},"content":{"rendered":"<div class=\"text-detail expand\">\n<p>C\u00e1p Chuy\u1ec3n \u0110\u1ed5i USB sang USB-C cho ph\u00e9p b\u1ea1n k\u1ebft n\u1ed1i thi\u1ebft b\u1ecb iOS v\u00e0 iPadOS c\u0169ng nh\u01b0 nhi\u1ec1u ph\u1ee5 ki\u1ec7n USB ti\u00eau chu\u1ea9n v\u1edbi m\u00e1y Mac c\u00f3 c\u1ed5ng USB-C ho\u1eb7c Thunderbolt 3 (USB-C).<\/p>\n<p>C\u1eafm \u0111\u1ea7u USB-C c\u1ee7a thi\u1ebft b\u1ecb chuy\u1ec3n \u0111\u1ed5i v\u00e0o c\u1ed5ng USB-C ho\u1eb7c Thunderbolt 3 (USB-C) tr\u00ean m\u00e1y Mac, v\u00e0 sau \u0111\u00f3 k\u1ebft n\u1ed1i \u1ed5 \u0111\u0129a flash, camera ho\u1eb7c thi\u1ebft b\u1ecb USB ti\u00eau chu\u1ea9n kh\u00e1c. B\u1ea1n c\u0169ng c\u00f3 th\u1ec3 k\u1ebft n\u1ed1i v\u1edbi c\u00e1p Lightning sang USB \u0111\u1ec3 \u0111\u1ed3ng b\u1ed9 h\u00f3a v\u00e0 s\u1ea1c iPhone, iPad ho\u1eb7c iPod.<\/p>\n<\/p><\/div>\n","protected":false},"excerpt":{"rendered":"<p>C\u00e1p Chuy\u1ec3n \u0110\u1ed5i USB sang USB-C cho ph\u00e9p b\u1ea1n k\u1ebft n\u1ed1i thi\u1ebft b\u1ecb iOS v\u00e0 iPadOS c\u0169ng nh\u01b0 nhi\u1ec1u ph\u1ee5 ki\u1ec7n USB ti\u00eau chu\u1ea9n v\u1edbi m\u00e1y Mac c\u00f3 c\u1ed5ng USB-C ho\u1eb7c Thunderbolt 3 (USB-C). C\u1eafm \u0111\u1ea7u USB-C c\u1ee7a thi\u1ebft b\u1ecb chuy\u1ec3n \u0111\u1ed5i v\u00e0o c\u1ed5ng USB-C ho\u1eb7c Thunderbolt 3 (USB-C) tr\u00ean m\u00e1y Mac, v\u00e0 sau \u0111\u00f3 &#8230; <a title=\"Adapter chuy\u1ec3n \u0111\u1ed5i Type C sang USB\" class=\"read-more\" href=\"https:\/\/demo8.thuythu.com\/lebaostore\/phu-kien\/adapter-chuyen-doi-type-c-sang-usb\/\" aria-label=\"More on Adapter chuy\u1ec3n \u0111\u1ed5i Type C sang USB\">Read more<\/a><\/p>\n","protected":false},"featured_media":1412,"template":"","meta":[],"product_cat":[23],"product_tag":[],"_links":{"self":[{"href":"https:\/\/demo8.thuythu.com\/lebaostore\/wp-json\/wp\/v2\/product\/2992"}],"collection":[{"href":"https:\/\/demo8.thuythu.com\/lebaostore\/wp-json\/wp\/v2\/product"}],"about":[{"href":"https:\/\/demo8.thuythu.com\/lebaostore\/wp-json\/wp\/v2\/types\/product"}],"wp:featuredmedia":[{"embeddable":true,"href":"https:\/\/demo8.thuythu.com\/lebaostore\/wp-json\/wp\/v2\/media\/1412"}],"wp:attachment":[{"href":"https:\/\/demo8.thuythu.com\/lebaostore\/wp-json\/wp\/v2\/media?parent=2992"}],"wp:term":[{"taxonomy":"product_cat","embeddable":true,"href":"https:\/\/demo8.thuythu.com\/lebaostore\/wp-json\/wp\/v2\/product_cat?post=2992"},{"taxonomy":"product_tag","embeddable":true,"href":"https:\/\/demo8.thuythu.com\/lebaostore\/wp-json\/wp\/v2\/product_tag?post=2992"}],"curies":[{"name":"wp","href":"https:\/\/api.w.org\/{rel}","templated":true}]}}