{"id":2994,"date":"2022-01-21T11:51:31","date_gmt":"2022-01-21T04:51:31","guid":{"rendered":"https:\/\/demo8.thuythu.com\/lebaostore\/product\/adapter-sac-magsafe-45w-cho-macbook-air\/"},"modified":"2022-01-21T11:51:33","modified_gmt":"2022-01-21T04:51:33","slug":"adapter-sac-magsafe-45w-cho-macbook-air","status":"publish","type":"product","link":"https:\/\/demo8.thuythu.com\/lebaostore\/phu-kien\/adapter-sac-magsafe-45w-cho-macbook-air\/","title":{"rendered":"Adapter s\u1ea1c MagSafe 45W cho MacBook Air"},"content":{"rendered":"<div class=\"text-detail \">\n<p>B\u1ed9 S\u1ea1c MagSafe 45-Watt d\u00e0nh cho MacBook Air s\u1edf h\u1eefu \u0111\u1ea7u n\u1ed1i DC t\u1eeb t\u00ednh, \u0111\u1ea3m b\u1ea3o d\u00e2y s\u1ea1c s\u1ebd ng\u1eaft k\u1ebft n\u1ed1i n\u1ebfu v\u00f4 t\u00ecnh b\u1ecb k\u00e9o c\u0103ng v\u00e0 gi\u00fap d\u00e2y tr\u00e1nh b\u1ecb x\u01b0\u1edbc ho\u1eb7c y\u1ebfu qua th\u1eddi gian s\u1eed d\u1ee5ng. Ngo\u00e0i ra, DC t\u1eeb t\u00ednh c\u00f2n gi\u00fap c\u1eafm d\u00e2y v\u00e0o m\u00e1y t\u00ednh m\u1ed9t c\u00e1ch nhanh ch\u00f3ng v\u00e0 an to\u00e0n.<\/p>\n<p>Khi \u0111\u00e3 k\u1ebft n\u1ed1i ch\u1eafc ch\u1eafn, \u0111\u00e8n LED \u1edf ph\u00eda \u0111\u1ea7u c\u1ee7a \u0111\u1ea7u n\u1ed1i DC s\u1ebd s\u00e1ng l\u00ean; \u0111\u00e8n v\u00e0ng b\u00e1o hi\u1ec7u cho b\u1ea1n bi\u1ebft m\u00e1y t\u00ednh \u0111ang \u0111\u01b0\u1ee3c s\u1ea1c, c\u00f2n \u0111\u00e8n xanh l\u00e1 b\u00e1o hi\u1ec7u cho b\u1ea1n bi\u1ebft m\u00e1y \u0111\u00e3 \u0111\u01b0\u1ee3c s\u1ea1c \u0111\u1ea7y. D\u00e2y AC \u0111\u01b0\u1ee3c cung c\u1ea5p k\u00e8m theo b\u1ed9 s\u1ea1c \u0111\u1ec3 c\u00f3 chi\u1ec1u d\u00e0i t\u1ed1i \u0111a, trong khi \u0111\u1ea7u s\u1ea1c g\u1eafn t\u01b0\u1eddng AC (k\u00e8m theo s\u1ea3n ph\u1ea9m) gi\u00fap b\u1ea1n di chuy\u1ec3n d\u1ec5 d\u00e0ng v\u00e0 g\u1ecdn nh\u1eb9 h\u01a1n.<\/p>\n<p>\u0110\u01b0\u1ee3c thi\u1ebft k\u1ebf l\u1ea1i \u0111\u1eb7c bi\u1ec7t d\u00e0nh cho MacBook Air, b\u1ed9 s\u1ea1c n\u00e0y l\u00e0 ng\u01b0\u1eddi b\u1ea1n \u0111\u1ed3ng h\u00e0nh ho\u00e0n h\u1ea3o khi di chuy\u1ec3n. Ph\u1ee5 ki\u1ec7n n\u00e0y c\u00f3 thi\u1ebft k\u1ebf th\u00f4ng minh, gi\u00fap b\u1ea1n c\u00f3 th\u1ec3 cu\u1ed9n l\u1ea1i c\u00e1p DC m\u1ed9t c\u00e1ch g\u1ecdn g\u00e0ng \u0111\u1ec3 c\u1ea5t d\u1ec5 d\u00e0ng.<br \/>B\u1ed9 s\u1ea1c n\u00e0y s\u1ea1c l\u1ea1i pin lithium polymer trong khi m\u00e1y t\u00ednh \u0111ang t\u1eaft, b\u1eadt ho\u1eb7c \u1edf ch\u1ebf \u0111\u1ed9 ng\u1ee7. Ph\u1ee5 ki\u1ec7n c\u0169ng cung c\u1ea5p \u0111i\u1ec7n cho m\u00e1y t\u00ednh n\u1ebfu b\u1ea1n ch\u1ecdn ch\u1ebf \u0111\u1ed9 kh\u00f4ng s\u1eed d\u1ee5ng pin khi ho\u1ea1t \u0111\u1ed9ng.&nbsp;&nbsp;<\/p>\n<p>Ch\u1ec9 t\u01b0\u01a1ng th\u00edch v\u1edbi MacBook Air c\u00f3 C\u1ed5ng S\u1ea1c MagSafe.<\/p>\n<div class=\"bg-article\"><\/div>\n<p> <a href=\"javascript:;\" class=\"btn-detail\" onclick=\"$(this).remove();$('.bg-article').remove();$('.text-detail').addClass('expand')\"><span>Xem th\u00eam<\/span><\/a> <\/div>\n","protected":false},"excerpt":{"rendered":"<p>B\u1ed9 S\u1ea1c MagSafe 45-Watt d\u00e0nh cho MacBook Air s\u1edf h\u1eefu \u0111\u1ea7u n\u1ed1i DC t\u1eeb t\u00ednh, \u0111\u1ea3m b\u1ea3o d\u00e2y s\u1ea1c s\u1ebd ng\u1eaft k\u1ebft n\u1ed1i n\u1ebfu v\u00f4 t\u00ecnh b\u1ecb k\u00e9o c\u0103ng v\u00e0 gi\u00fap d\u00e2y tr\u00e1nh b\u1ecb x\u01b0\u1edbc ho\u1eb7c y\u1ebfu qua th\u1eddi gian s\u1eed d\u1ee5ng. Ngo\u00e0i ra, DC t\u1eeb t\u00ednh c\u00f2n gi\u00fap c\u1eafm d\u00e2y v\u00e0o m\u00e1y t\u00ednh m\u1ed9t &#8230; <a title=\"Adapter s\u1ea1c MagSafe 45W cho MacBook Air\" class=\"read-more\" href=\"https:\/\/demo8.thuythu.com\/lebaostore\/phu-kien\/adapter-sac-magsafe-45w-cho-macbook-air\/\" aria-label=\"More on Adapter s\u1ea1c MagSafe 45W cho MacBook Air\">Read more<\/a><\/p>\n","protected":false},"featured_media":1416,"template":"","meta":[],"product_cat":[23],"product_tag":[],"_links":{"self":[{"href":"https:\/\/demo8.thuythu.com\/lebaostore\/wp-json\/wp\/v2\/product\/2994"}],"collection":[{"href":"https:\/\/demo8.thuythu.com\/lebaostore\/wp-json\/wp\/v2\/product"}],"about":[{"href":"https:\/\/demo8.thuythu.com\/lebaostore\/wp-json\/wp\/v2\/types\/product"}],"wp:featuredmedia":[{"embeddable":true,"href":"https:\/\/demo8.thuythu.com\/lebaostore\/wp-json\/wp\/v2\/media\/1416"}],"wp:attachment":[{"href":"https:\/\/demo8.thuythu.com\/lebaostore\/wp-json\/wp\/v2\/media?parent=2994"}],"wp:term":[{"taxonomy":"product_cat","embeddable":true,"href":"https:\/\/demo8.thuythu.com\/lebaostore\/wp-json\/wp\/v2\/product_cat?post=2994"},{"taxonomy":"product_tag","embeddable":true,"href":"https:\/\/demo8.thuythu.com\/lebaostore\/wp-json\/wp\/v2\/product_tag?post=2994"}],"curies":[{"name":"wp","href":"https:\/\/api.w.org\/{rel}","templated":true}]}}