{"id":3041,"date":"2022-01-21T11:51:40","date_gmt":"2022-01-21T04:51:40","guid":{"rendered":"https:\/\/demo8.thuythu.com\/lebaostore\/product\/cap-chuyen-doi-thunderbolt-sang-gigabit-ethernet\/"},"modified":"2022-01-21T11:51:43","modified_gmt":"2022-01-21T04:51:43","slug":"cap-chuyen-doi-thunderbolt-sang-gigabit-ethernet","status":"publish","type":"product","link":"https:\/\/demo8.thuythu.com\/lebaostore\/phu-kien\/cap-chuyen-doi-thunderbolt-sang-gigabit-ethernet\/","title":{"rendered":"C\u00e1p chuy\u1ec3n \u0111\u1ed5i Thunderbolt sang Gigabit Ethernet"},"content":{"rendered":"<div class=\"text-detail expand\">\n<p>C\u00e1p Chuy\u1ec3n \u0110\u1ed5i Thunderbolt sang Gigabit Ethernet c\u1ee7a Apple cho ph\u00e9p b\u1ea1n d\u1ec5 d\u00e0ng k\u1ebft n\u1ed1i v\u1edbi m\u1ea1ng Gigabit Ethernet hi\u1ec7u n\u0103ng cao. C\u00e1p chuy\u1ec3n \u0111\u1ed5i nh\u1ecf g\u1ecdn n\u00e0y k\u1ebft n\u1ed1i v\u1edbi c\u1ed5ng Thunderbolt tr\u00ean m\u00e1y Mac v\u00e0 cung c\u1ea5p c\u1ed5ng RJ-45 h\u1ed7 tr\u1ee3 m\u1ea1ng 10\/100\/1000BASE-T.<\/p>\n<p>T\u01b0\u01a1ng th\u00edch: OS X v10.7.4 ho\u1eb7c c\u00e1c b\u1ea3n c\u1eadp nh\u1eadt cao h\u01a1n v\u00e0&nbsp;m\u00e1y Mac \u0111\u01b0\u1ee3c trang b\u1ecb Thunderbolt.<\/p>\n<p>&nbsp;<\/p>\n<p>&nbsp;<\/p>\n<\/p><\/div>\n","protected":false},"excerpt":{"rendered":"<p>C\u00e1p Chuy\u1ec3n \u0110\u1ed5i Thunderbolt sang Gigabit Ethernet c\u1ee7a Apple cho ph\u00e9p b\u1ea1n d\u1ec5 d\u00e0ng k\u1ebft n\u1ed1i v\u1edbi m\u1ea1ng Gigabit Ethernet hi\u1ec7u n\u0103ng cao. C\u00e1p chuy\u1ec3n \u0111\u1ed5i nh\u1ecf g\u1ecdn n\u00e0y k\u1ebft n\u1ed1i v\u1edbi c\u1ed5ng Thunderbolt tr\u00ean m\u00e1y Mac v\u00e0 cung c\u1ea5p c\u1ed5ng RJ-45 h\u1ed7 tr\u1ee3 m\u1ea1ng 10\/100\/1000BASE-T. T\u01b0\u01a1ng th\u00edch: OS X v10.7.4 ho\u1eb7c c\u00e1c b\u1ea3n c\u1eadp &#8230; <a title=\"C\u00e1p chuy\u1ec3n \u0111\u1ed5i Thunderbolt sang Gigabit Ethernet\" class=\"read-more\" href=\"https:\/\/demo8.thuythu.com\/lebaostore\/phu-kien\/cap-chuyen-doi-thunderbolt-sang-gigabit-ethernet\/\" aria-label=\"More on C\u00e1p chuy\u1ec3n \u0111\u1ed5i Thunderbolt sang Gigabit Ethernet\">Read more<\/a><\/p>\n","protected":false},"featured_media":1522,"template":"","meta":[],"product_cat":[23],"product_tag":[],"_links":{"self":[{"href":"https:\/\/demo8.thuythu.com\/lebaostore\/wp-json\/wp\/v2\/product\/3041"}],"collection":[{"href":"https:\/\/demo8.thuythu.com\/lebaostore\/wp-json\/wp\/v2\/product"}],"about":[{"href":"https:\/\/demo8.thuythu.com\/lebaostore\/wp-json\/wp\/v2\/types\/product"}],"wp:featuredmedia":[{"embeddable":true,"href":"https:\/\/demo8.thuythu.com\/lebaostore\/wp-json\/wp\/v2\/media\/1522"}],"wp:attachment":[{"href":"https:\/\/demo8.thuythu.com\/lebaostore\/wp-json\/wp\/v2\/media?parent=3041"}],"wp:term":[{"taxonomy":"product_cat","embeddable":true,"href":"https:\/\/demo8.thuythu.com\/lebaostore\/wp-json\/wp\/v2\/product_cat?post=3041"},{"taxonomy":"product_tag","embeddable":true,"href":"https:\/\/demo8.thuythu.com\/lebaostore\/wp-json\/wp\/v2\/product_tag?post=3041"}],"curies":[{"name":"wp","href":"https:\/\/api.w.org\/{rel}","templated":true}]}}