{"id":3094,"date":"2022-01-21T11:51:48","date_gmt":"2022-01-21T04:51:48","guid":{"rendered":"https:\/\/demo8.thuythu.com\/lebaostore\/product\/magic-keyboard-voi-touch-id-va-numeric-keypad\/"},"modified":"2022-01-21T11:51:55","modified_gmt":"2022-01-21T04:51:55","slug":"magic-keyboard-voi-touch-id-va-numeric-keypad","status":"publish","type":"product","link":"https:\/\/demo8.thuythu.com\/lebaostore\/phu-kien\/magic-keyboard-voi-touch-id-va-numeric-keypad\/","title":{"rendered":"Magic Keyboard v\u1edbi Touch ID v\u00e0 Numeric Keypad"},"content":{"rendered":"<div class=\"text-detail \">\n<p>Magic Keyboard nay c\u00f3 Touch ID, gi\u00fap x\u00e1c th\u1ef1c nhanh ch\u00f3ng, d\u1ec5 d\u00e0ng v\u00e0 b\u1ea3o m\u1eadt m\u1ed7i l\u1ea7n \u0111\u0103ng nh\u1eadp v\u00e0 mua h\u00e0ng. Magic Keyboard v\u1edbi Touch ID v\u00e0 Numeric Keypad \u0111em l\u1ea1i tr\u1ea3i nghi\u1ec7m g\u00f5 ph\u00edm tho\u1ea3i m\u00e1i v\u00e0 ch\u00ednh x\u00e1c \u1ea5n t\u01b0\u1ee3ng. B\u00e0n ph\u00edm \u0111\u1eb7c bi\u1ec7t c\u00f3 c\u00e1ch b\u1ed1 tr\u00ed m\u1edf r\u1ed9ng, v\u1edbi c\u00e1c n\u00fat \u0111i\u1ec1u khi\u1ec3n \u0111i\u1ec1u h\u01b0\u1edbng t\u00e0i li\u1ec7u \u0111\u1ec3 k\u00e9o nhanh v\u00e0 c\u00e1c ph\u00edm m\u0169i t\u00ean k\u00edch th\u01b0\u1edbc chu\u1ea9n, c\u1ef1c k\u1ef3 ph\u00f9 h\u1ee3p \u0111\u1ec3 ch\u01a1i game. Numeric Keypad c\u0169ng r\u1ea5t h\u1eefu d\u1ee5ng khi th\u1ef1c hi\u1ec7n c\u00e1c b\u1ea3ng t\u00ednh v\u00e0 s\u1eed d\u1ee5ng nh\u1eefng \u1ee9ng d\u1ee5ng t\u00e0i ch\u00ednh. B\u00e0n ph\u00edm c\u00f2n c\u00f3 th\u1ec3 k\u1ebft n\u1ed1i kh\u00f4ng d\u00e2y v\u00e0 s\u1ea1c l\u1ea1i \u0111\u01b0\u1ee3c, v\u1edbi th\u1eddi l\u01b0\u1ee3ng pin d\u00e0i v\u00e0 b\u00e0n ph\u00edm ho\u1ea1t \u0111\u1ed9ng trong m\u1ed9t th\u00e1ng ho\u1eb7c l\u00e2u h\u01a1n sau m\u1ed7i l\u1ea7n s\u1ea1c.<sup>1<\/sup> B\u00e0n ph\u00edm t\u1ef1 \u0111\u1ed9ng k\u1ebft n\u1ed1i v\u1edbi Mac, \u0111\u1ec3 b\u1ea1n c\u00f3 th\u1ec3 l\u00e0m vi\u1ec7c ngay l\u1eadp t\u1ee9c. Ngo\u00e0i ra, b\u00e0n ph\u00edm c\u00f2n c\u00f3 c\u00e1p b\u1ec7n chuy\u1ec3n \u0111\u1ed5i t\u1eeb USB-C sang Lightning \u0111\u1ec3 b\u1ea1n k\u1ebft n\u1ed1i v\u1edbi c\u1ed5ng USB-C tr\u00ean Mac \u0111\u1ec3 s\u1ea1c.<\/p>\n<p><sup>1<\/sup>Th\u1eed nghi\u1ec7m \u0111\u01b0\u1ee3c Apple th\u1ef1c hi\u1ec7n trong th\u00e1ng 3 v\u00e0 th\u00e1ng 4 n\u0103m 2021 b\u1eb1ng thi\u1ebft b\u1ecb, ch\u01b0\u01a1ng tr\u00ecnh v\u00e0 ph\u1ea7n m\u1ec1m Magic Keyboard v\u1edbi Touch ID v\u00e0 Numeric Keypad ti\u1ec1n s\u1ea3n xu\u1ea5t k\u1ebft n\u1ed1i v\u1edbi c\u00e1c h\u1ec7 th\u1ed1ng iMac 24 inch trang b\u1ecb chip Apple M1 ti\u1ec1n s\u1ea3n xu\u1ea5t. Th\u1eed nghi\u1ec7m \u0111\u01b0\u1ee3c th\u1ef1c hi\u1ec7n b\u1eb1ng c\u00e1ch x\u1ea3 to\u00e0n b\u1ed9 pin khi gh\u00e9p thi\u1ebft b\u1ecb tr\u00ean m\u1ed9t m\u00e1y iMac \u0111\u01b0\u1ee3c gh\u00e9p n\u1ed1i s\u1eed d\u1ee5ng thi\u1ebft b\u1ecb t\u1ef1 \u0111\u1ed9ng h\u00f3a. Th\u1eddi l\u01b0\u1ee3ng pin ph\u1ee5 thu\u1ed9c v\u00e0o c\u00e0i \u0111\u1eb7t thi\u1ebft b\u1ecb, c\u00e1ch s\u1eed d\u1ee5ng v\u00e0 nhi\u1ec1u y\u1ebfu t\u1ed1 kh\u00e1c.<\/p>\n<p>&nbsp;<\/p>\n<div class=\"bg-article\"><\/div>\n<p> <a href=\"javascript:;\" class=\"btn-detail\" onclick=\"$(this).remove();$('.bg-article').remove();$('.text-detail').addClass('expand')\"><span>Xem th\u00eam<\/span><\/a> <\/div>\n","protected":false},"excerpt":{"rendered":"<p>Magic Keyboard nay c\u00f3 Touch ID, gi\u00fap x\u00e1c th\u1ef1c nhanh ch\u00f3ng, d\u1ec5 d\u00e0ng v\u00e0 b\u1ea3o m\u1eadt m\u1ed7i l\u1ea7n \u0111\u0103ng nh\u1eadp v\u00e0 mua h\u00e0ng. Magic Keyboard v\u1edbi Touch ID v\u00e0 Numeric Keypad \u0111em l\u1ea1i tr\u1ea3i nghi\u1ec7m g\u00f5 ph\u00edm tho\u1ea3i m\u00e1i v\u00e0 ch\u00ednh x\u00e1c \u1ea5n t\u01b0\u1ee3ng. B\u00e0n ph\u00edm \u0111\u1eb7c bi\u1ec7t c\u00f3 c\u00e1ch b\u1ed1 tr\u00ed m\u1edf r\u1ed9ng, v\u1edbi &#8230; <a title=\"Magic Keyboard v\u1edbi Touch ID v\u00e0 Numeric Keypad\" class=\"read-more\" href=\"https:\/\/demo8.thuythu.com\/lebaostore\/phu-kien\/magic-keyboard-voi-touch-id-va-numeric-keypad\/\" aria-label=\"More on Magic Keyboard v\u1edbi Touch ID v\u00e0 Numeric Keypad\">Read more<\/a><\/p>\n","protected":false},"featured_media":1657,"template":"","meta":[],"product_cat":[23],"product_tag":[],"_links":{"self":[{"href":"https:\/\/demo8.thuythu.com\/lebaostore\/wp-json\/wp\/v2\/product\/3094"}],"collection":[{"href":"https:\/\/demo8.thuythu.com\/lebaostore\/wp-json\/wp\/v2\/product"}],"about":[{"href":"https:\/\/demo8.thuythu.com\/lebaostore\/wp-json\/wp\/v2\/types\/product"}],"wp:featuredmedia":[{"embeddable":true,"href":"https:\/\/demo8.thuythu.com\/lebaostore\/wp-json\/wp\/v2\/media\/1657"}],"wp:attachment":[{"href":"https:\/\/demo8.thuythu.com\/lebaostore\/wp-json\/wp\/v2\/media?parent=3094"}],"wp:term":[{"taxonomy":"product_cat","embeddable":true,"href":"https:\/\/demo8.thuythu.com\/lebaostore\/wp-json\/wp\/v2\/product_cat?post=3094"},{"taxonomy":"product_tag","embeddable":true,"href":"https:\/\/demo8.thuythu.com\/lebaostore\/wp-json\/wp\/v2\/product_tag?post=3094"}],"curies":[{"name":"wp","href":"https:\/\/api.w.org\/{rel}","templated":true}]}}