{"id":43,"date":"2021-12-23T04:57:03","date_gmt":"2021-12-23T04:57:03","guid":{"rendered":"https:\/\/demo8.thuythu.com\/meizanclv\/?page_id=43"},"modified":"2022-04-28T03:37:18","modified_gmt":"2022-04-28T03:37:18","slug":"chung-toi-la-ai","status":"publish","type":"page","link":"https:\/\/demo8.thuythu.com\/meizanclv\/chung-toi-la-ai\/","title":{"rendered":"Ch\u00fang t\u00f4i l\u00e0 ai"},"content":{"rendered":"<p>C\u00f4ng ty TNHH Meizan CLV (MCC) l\u00e0 c\u00f4ng ty 100% v\u1ed1n \u0111\u1ea7u t\u01b0 n\u01b0\u1edbc ngo\u00e0i, li\u00ean doanh gi\u1eefa Glowland Limited thu\u1ed9c t\u1eadp \u0111o\u00e0n FFM Berhad (Malaysia) v\u00e0 Siteki Investments Pte Ltd thu\u1ed9c t\u1eadp \u0111o\u00e0n Wilmar International Limited (Singapore).<\/p>\n<p>MCC \u0111\u01b0\u1ee3c th\u00e0nh l\u1eadp v\u00e0o ng\u00e0y 05\/05\/2015, c\u00f3 tr\u1ee5 s\u1edf ch\u00ednh t\u1ea1i L\u00f4 C20a-1, \u0110\u01b0\u1eddng s\u1ed1 14, Khu C\u00f4ng Nghi\u1ec7p Hi\u1ec7p Ph\u01b0\u1edbc, X\u00e3 Hi\u1ec7p Ph\u01b0\u1edbc, Huy\u1ec7n Nh\u00e0 B\u00e8, TP. H\u1ed3 Ch\u00ed Minh. Ng\u00e0nh ngh\u1ec1 kinh doanh ch\u00ednh c\u1ee7a c\u00f4ng ty l\u00e0 s\u1ea3n xu\u1ea5t c\u00e1c lo\u1ea1i th\u1ef1c ph\u1ea9m gi\u00e1 tr\u1ecb gia t\u0103ng t\u1eeb ng\u0169 c\u1ed1c nh\u01b0 m\u00ec, nui v\u00e0 b\u1ed9t tr\u1ed9n.<\/p>\n","protected":false},"excerpt":{"rendered":"<p>C\u00f4ng ty TNHH Meizan CLV (MCC) l\u00e0 c\u00f4ng ty 100% v\u1ed1n \u0111\u1ea7u t\u01b0 n\u01b0\u1edbc ngo\u00e0i, li\u00ean doanh gi\u1eefa Glowland Limited thu\u1ed9c t\u1eadp \u0111o\u00e0n FFM Berhad (Malaysia) v\u00e0 Siteki Investments Pte Ltd thu\u1ed9c t\u1eadp \u0111o\u00e0n Wilmar International Limited (Singapore). MCC \u0111\u01b0\u1ee3c th\u00e0nh l\u1eadp v\u00e0o ng\u00e0y 05\/05\/2015, c\u00f3 tr\u1ee5 s\u1edf ch\u00ednh t\u1ea1i L\u00f4 C20a-1, \u0110\u01b0\u1eddng s\u1ed1 14, &#8230; <a title=\"Ch\u00fang t\u00f4i l\u00e0 ai\" class=\"read-more\" href=\"https:\/\/demo8.thuythu.com\/meizanclv\/chung-toi-la-ai\/\" aria-label=\"More on Ch\u00fang t\u00f4i l\u00e0 ai\">Read more<\/a><\/p>\n","protected":false},"author":1,"featured_media":0,"parent":0,"menu_order":0,"comment_status":"closed","ping_status":"closed","template":"templates\/about.php","meta":[],"_links":{"self":[{"href":"https:\/\/demo8.thuythu.com\/meizanclv\/wp-json\/wp\/v2\/pages\/43"}],"collection":[{"href":"https:\/\/demo8.thuythu.com\/meizanclv\/wp-json\/wp\/v2\/pages"}],"about":[{"href":"https:\/\/demo8.thuythu.com\/meizanclv\/wp-json\/wp\/v2\/types\/page"}],"author":[{"embeddable":true,"href":"https:\/\/demo8.thuythu.com\/meizanclv\/wp-json\/wp\/v2\/users\/1"}],"replies":[{"embeddable":true,"href":"https:\/\/demo8.thuythu.com\/meizanclv\/wp-json\/wp\/v2\/comments?post=43"}],"version-history":[{"count":33,"href":"https:\/\/demo8.thuythu.com\/meizanclv\/wp-json\/wp\/v2\/pages\/43\/revisions"}],"predecessor-version":[{"id":1419,"href":"https:\/\/demo8.thuythu.com\/meizanclv\/wp-json\/wp\/v2\/pages\/43\/revisions\/1419"}],"wp:attachment":[{"href":"https:\/\/demo8.thuythu.com\/meizanclv\/wp-json\/wp\/v2\/media?parent=43"}],"curies":[{"name":"wp","href":"https:\/\/api.w.org\/{rel}","templated":true}]}}