{"id":220,"date":"2021-09-15T04:04:42","date_gmt":"2021-09-14T21:04:42","guid":{"rendered":"https:\/\/demo8.thuythu.com\/misu\/?post_type=product&#038;p=220"},"modified":"2021-09-15T04:04:42","modified_gmt":"2021-09-14T21:04:42","slug":"ao-blazer-ke-caro-be-gai-a116","status":"publish","type":"product","link":"https:\/\/demo8.thuythu.com\/misu\/san-pham\/ao-blazer-ke-caro-be-gai-a116\/","title":{"rendered":"\u00c1o Blazer k\u1ebb car\u00f4 b\u00e9 g\u00e1i A116"},"content":{"rendered":"","protected":false},"excerpt":{"rendered":"","protected":false},"featured_media":216,"comment_status":"open","ping_status":"closed","template":"","meta":[],"product_cat":[25],"product_tag":[],"acf":[],"_links":{"self":[{"href":"https:\/\/demo8.thuythu.com\/misu\/wp-json\/wp\/v2\/product\/220"}],"collection":[{"href":"https:\/\/demo8.thuythu.com\/misu\/wp-json\/wp\/v2\/product"}],"about":[{"href":"https:\/\/demo8.thuythu.com\/misu\/wp-json\/wp\/v2\/types\/product"}],"replies":[{"embeddable":true,"href":"https:\/\/demo8.thuythu.com\/misu\/wp-json\/wp\/v2\/comments?post=220"}],"wp:featuredmedia":[{"embeddable":true,"href":"https:\/\/demo8.thuythu.com\/misu\/wp-json\/wp\/v2\/media\/216"}],"wp:attachment":[{"href":"https:\/\/demo8.thuythu.com\/misu\/wp-json\/wp\/v2\/media?parent=220"}],"wp:term":[{"taxonomy":"product_cat","embeddable":true,"href":"https:\/\/demo8.thuythu.com\/misu\/wp-json\/wp\/v2\/product_cat?post=220"},{"taxonomy":"product_tag","embeddable":true,"href":"https:\/\/demo8.thuythu.com\/misu\/wp-json\/wp\/v2\/product_tag?post=220"}],"curies":[{"name":"wp","href":"https:\/\/api.w.org\/{rel}","templated":true}]}}