{"id":193,"date":"2023-02-17T16:03:03","date_gmt":"2023-02-17T16:03:03","guid":{"rendered":"https:\/\/namthanhland.com.vn\/?page_id=193"},"modified":"2023-08-26T16:10:44","modified_gmt":"2023-08-26T16:10:44","slug":"linh-vuc-hoat-dong","status":"publish","type":"page","link":"https:\/\/demo8.thuythu.com\/namthanhland\/linh-vuc-hoat-dong\/","title":{"rendered":"L\u0129nh v\u1ef1c ho\u1ea1t \u0111\u1ed9ng"},"content":{"rendered":"<p>Nam Th\u00e0nh Land kh\u00f4ng ch\u1ec9 cung c\u1ea5p th\u00f4ng tin chi ti\u1ebft v\u1ec1 c\u00e1c d\u1ecbch v\u1ee5 t\u01b0 v\u1ea5n, \u0111\u1ea7u t\u01b0 v\u00e0 ph\u00e1t tri\u1ec3n c\u1ee7a c\u00f4ng ty, m\u00e0 c\u00f2n \u0111\u1ea3m b\u1ea3o r\u1eb1ng kh\u00e1ch h\u00e0ng nh\u1eadn \u0111\u01b0\u1ee3c s\u1ef1 t\u01b0 v\u1ea5n chuy\u00ean nghi\u1ec7p v\u00e0 h\u1ed7 tr\u1ee3 to\u00e0n di\u1ec7n. \u0110\u1ed9i ng\u0169 chuy\u00ean gia gi\u00e0u kinh nghi\u1ec7m c\u1ee7a c\u00f4ng ty s\u1ebd s\u1eb5n s\u00e0ng gi\u1ea3i \u0111\u00e1p c\u00e1c c\u00e2u h\u1ecfi v\u00e0 cung c\u1ea5p th\u00f4ng tin chi ti\u1ebft \u0111\u1ec3 kh\u00e1ch h\u00e0ng c\u00f3 th\u1ec3 \u0111\u01b0a ra quy\u1ebft \u0111\u1ecbnh \u0111\u1ea7u t\u01b0 th\u00f4ng minh v\u00e0 hi\u1ec7u qu\u1ea3.<\/p>\n","protected":false},"excerpt":{"rendered":"<p>Nam Th\u00e0nh Land kh\u00f4ng ch\u1ec9 cung c\u1ea5p th\u00f4ng tin chi ti\u1ebft v\u1ec1 c\u00e1c d\u1ecbch v\u1ee5 t\u01b0 v\u1ea5n, \u0111\u1ea7u t\u01b0 v\u00e0 ph\u00e1t tri\u1ec3n c\u1ee7a c\u00f4ng ty, m\u00e0 c\u00f2n \u0111\u1ea3m b\u1ea3o r\u1eb1ng kh\u00e1ch h\u00e0ng nh\u1eadn \u0111\u01b0\u1ee3c s\u1ef1 t\u01b0 v\u1ea5n chuy\u00ean nghi\u1ec7p v\u00e0 h\u1ed7 tr\u1ee3 to\u00e0n di\u1ec7n. \u0110\u1ed9i ng\u0169 chuy\u00ean gia gi\u00e0u kinh nghi\u1ec7m c\u1ee7a c\u00f4ng ty s\u1ebd &#8230; <a title=\"L\u0129nh v\u1ef1c ho\u1ea1t \u0111\u1ed9ng\" class=\"read-more\" href=\"https:\/\/demo8.thuythu.com\/namthanhland\/linh-vuc-hoat-dong\/\" aria-label=\"More on L\u0129nh v\u1ef1c ho\u1ea1t \u0111\u1ed9ng\">Read more<\/a><\/p>\n","protected":false},"author":1,"featured_media":1089,"parent":0,"menu_order":0,"comment_status":"closed","ping_status":"closed","template":"templates\/linh-vuc.php","meta":{"inline_featured_image":false},"acf":[],"_links":{"self":[{"href":"https:\/\/demo8.thuythu.com\/namthanhland\/wp-json\/wp\/v2\/pages\/193"}],"collection":[{"href":"https:\/\/demo8.thuythu.com\/namthanhland\/wp-json\/wp\/v2\/pages"}],"about":[{"href":"https:\/\/demo8.thuythu.com\/namthanhland\/wp-json\/wp\/v2\/types\/page"}],"author":[{"embeddable":true,"href":"https:\/\/demo8.thuythu.com\/namthanhland\/wp-json\/wp\/v2\/users\/1"}],"replies":[{"embeddable":true,"href":"https:\/\/demo8.thuythu.com\/namthanhland\/wp-json\/wp\/v2\/comments?post=193"}],"version-history":[{"count":0,"href":"https:\/\/demo8.thuythu.com\/namthanhland\/wp-json\/wp\/v2\/pages\/193\/revisions"}],"wp:featuredmedia":[{"embeddable":true,"href":"https:\/\/demo8.thuythu.com\/namthanhland\/wp-json\/wp\/v2\/media\/1089"}],"wp:attachment":[{"href":"https:\/\/demo8.thuythu.com\/namthanhland\/wp-json\/wp\/v2\/media?parent=193"}],"curies":[{"name":"wp","href":"https:\/\/api.w.org\/{rel}","templated":true}]}}