{"id":381,"date":"2021-03-17T04:37:51","date_gmt":"2021-03-17T04:37:51","guid":{"rendered":"https:\/\/demo8.thuythu.com\/plasticshanoi\/?page_id=381"},"modified":"2022-05-06T03:24:48","modified_gmt":"2022-05-06T03:24:48","slug":"ly-do-trung-bay","status":"publish","type":"page","link":"https:\/\/demo8.thuythu.com\/plasticshanoi\/ly-do-trung-bay\/","title":{"rendered":"L\u00fd do tr\u01b0ng b\u00e0y"},"content":{"rendered":"","protected":false},"excerpt":{"rendered":"","protected":false},"author":1,"featured_media":3249,"parent":0,"menu_order":0,"comment_status":"closed","ping_status":"closed","template":"templates\/whyexhbit.php","meta":[],"yoast_head":"<!-- This site is optimized with the Yoast SEO plugin v15.9 - https:\/\/yoast.com\/wordpress\/plugins\/seo\/ -->\n<title>L\u00fd do tr\u01b0ng b\u00e0y - CREATIVE<\/title>\n<meta name=\"description\" content=\"Tr\u01b0ng b\u00e0y t\u1ea1i Vietwater 2022 \u0111\u1ec3 ti\u1ebfp c\u1eadn kh\u00e1ch h\u00e0ng m\u1ee5c ti\u00eau v\u00e0 ph\u00e1t tri\u1ec3n kinh doanh t\u1ea1i Vi\u1ec7t Nam. \u0110\u0103ng k\u00fd gian h\u00e0ng ngay!\" \/>\n<meta name=\"robots\" content=\"noindex, follow, max-snippet:-1, max-image-preview:large, max-video-preview:-1\" \/>\n<meta property=\"og:locale\" content=\"vi_VN\" \/>\n<meta property=\"og:type\" content=\"article\" \/>\n<meta property=\"og:title\" content=\"L\u00fd do tr\u01b0ng b\u00e0y - CREATIVE\" \/>\n<meta property=\"og:description\" content=\"Tr\u01b0ng b\u00e0y t\u1ea1i Vietwater 2022 \u0111\u1ec3 ti\u1ebfp c\u1eadn kh\u00e1ch h\u00e0ng m\u1ee5c ti\u00eau v\u00e0 ph\u00e1t tri\u1ec3n kinh doanh t\u1ea1i Vi\u1ec7t Nam. \u0110\u0103ng k\u00fd gian h\u00e0ng ngay!\" \/>\n<meta property=\"og:url\" content=\"https:\/\/demo8.thuythu.com\/plasticshanoi\/ly-do-trung-bay\/\" \/>\n<meta property=\"og:site_name\" content=\"CREATIVE\" \/>\n<meta property=\"article:modified_time\" content=\"2022-05-06T03:24:48+00:00\" \/>\n<meta property=\"og:image\" content=\"https:\/\/demo8.thuythu.com\/plasticshanoi\/wp-content\/uploads\/2022\/04\/imgpsh_fullsize_anim-4.png\" \/>\n\t<meta property=\"og:image:width\" content=\"4001\" \/>\n\t<meta property=\"og:image:height\" content=\"4001\" \/>\n<meta name=\"twitter:card\" content=\"summary_large_image\" \/>\n<script type=\"application\/ld+json\" class=\"yoast-schema-graph\">{\"@context\":\"https:\/\/schema.org\",\"@graph\":[{\"@type\":\"WebSite\",\"@id\":\"https:\/\/demo8.thuythu.com\/plasticshanoi\/#website\",\"url\":\"https:\/\/demo8.thuythu.com\/plasticshanoi\/\",\"name\":\"CREATIVE\",\"description\":\"\",\"potentialAction\":[{\"@type\":\"SearchAction\",\"target\":\"https:\/\/demo8.thuythu.com\/plasticshanoi\/?s={search_term_string}\",\"query-input\":\"required name=search_term_string\"}],\"inLanguage\":\"vi\"},{\"@type\":\"ImageObject\",\"@id\":\"https:\/\/demo8.thuythu.com\/plasticshanoi\/ly-do-trung-bay\/#primaryimage\",\"inLanguage\":\"vi\",\"url\":\"https:\/\/demo8.thuythu.com\/plasticshanoi\/wp-content\/uploads\/2022\/04\/imgpsh_fullsize_anim-4.png\",\"width\":4001,\"height\":4001},{\"@type\":\"WebPage\",\"@id\":\"https:\/\/demo8.thuythu.com\/plasticshanoi\/ly-do-trung-bay\/#webpage\",\"url\":\"https:\/\/demo8.thuythu.com\/plasticshanoi\/ly-do-trung-bay\/\",\"name\":\"L\\u00fd do tr\\u01b0ng b\\u00e0y - CREATIVE\",\"isPartOf\":{\"@id\":\"https:\/\/demo8.thuythu.com\/plasticshanoi\/#website\"},\"primaryImageOfPage\":{\"@id\":\"https:\/\/demo8.thuythu.com\/plasticshanoi\/ly-do-trung-bay\/#primaryimage\"},\"datePublished\":\"2021-03-17T04:37:51+00:00\",\"dateModified\":\"2022-05-06T03:24:48+00:00\",\"description\":\"Tr\\u01b0ng b\\u00e0y t\\u1ea1i Vietwater 2022 \\u0111\\u1ec3 ti\\u1ebfp c\\u1eadn kh\\u00e1ch h\\u00e0ng m\\u1ee5c ti\\u00eau v\\u00e0 ph\\u00e1t tri\\u1ec3n kinh doanh t\\u1ea1i Vi\\u1ec7t Nam. \\u0110\\u0103ng k\\u00fd gian h\\u00e0ng ngay!\",\"breadcrumb\":{\"@id\":\"https:\/\/demo8.thuythu.com\/plasticshanoi\/ly-do-trung-bay\/#breadcrumb\"},\"inLanguage\":\"vi\",\"potentialAction\":[{\"@type\":\"ReadAction\",\"target\":[\"https:\/\/demo8.thuythu.com\/plasticshanoi\/ly-do-trung-bay\/\"]}]},{\"@type\":\"BreadcrumbList\",\"@id\":\"https:\/\/demo8.thuythu.com\/plasticshanoi\/ly-do-trung-bay\/#breadcrumb\",\"itemListElement\":[{\"@type\":\"ListItem\",\"position\":1,\"item\":{\"@type\":\"WebPage\",\"@id\":\"https:\/\/demo8.thuythu.com\/plasticshanoi\/\",\"url\":\"https:\/\/demo8.thuythu.com\/plasticshanoi\/\",\"name\":\"Trang ch\\u1ee7\"}},{\"@type\":\"ListItem\",\"position\":2,\"item\":{\"@type\":\"WebPage\",\"@id\":\"https:\/\/demo8.thuythu.com\/plasticshanoi\/ly-do-trung-bay\/\",\"url\":\"https:\/\/demo8.thuythu.com\/plasticshanoi\/ly-do-trung-bay\/\",\"name\":\"L\\u00fd do tr\\u01b0ng b\\u00e0y\"}}]}]}<\/script>\n<!-- \/ Yoast SEO plugin. -->","_links":{"self":[{"href":"https:\/\/demo8.thuythu.com\/plasticshanoi\/wp-json\/wp\/v2\/pages\/381"}],"collection":[{"href":"https:\/\/demo8.thuythu.com\/plasticshanoi\/wp-json\/wp\/v2\/pages"}],"about":[{"href":"https:\/\/demo8.thuythu.com\/plasticshanoi\/wp-json\/wp\/v2\/types\/page"}],"author":[{"embeddable":true,"href":"https:\/\/demo8.thuythu.com\/plasticshanoi\/wp-json\/wp\/v2\/users\/1"}],"replies":[{"embeddable":true,"href":"https:\/\/demo8.thuythu.com\/plasticshanoi\/wp-json\/wp\/v2\/comments?post=381"}],"version-history":[{"count":51,"href":"https:\/\/demo8.thuythu.com\/plasticshanoi\/wp-json\/wp\/v2\/pages\/381\/revisions"}],"predecessor-version":[{"id":3646,"href":"https:\/\/demo8.thuythu.com\/plasticshanoi\/wp-json\/wp\/v2\/pages\/381\/revisions\/3646"}],"wp:featuredmedia":[{"embeddable":true,"href":"https:\/\/demo8.thuythu.com\/plasticshanoi\/wp-json\/wp\/v2\/media\/3249"}],"wp:attachment":[{"href":"https:\/\/demo8.thuythu.com\/plasticshanoi\/wp-json\/wp\/v2\/media?parent=381"}],"curies":[{"name":"wp","href":"https:\/\/api.w.org\/{rel}","templated":true}]}}