{"id":645,"date":"2021-03-22T04:59:47","date_gmt":"2021-03-22T04:59:47","guid":{"rendered":"https:\/\/demo8.thuythu.com\/plasticshanoi\/?page_id=645"},"modified":"2023-02-20T17:10:23","modified_gmt":"2023-02-20T17:10:23","slug":"dang-ky-nhan-ban-tin","status":"publish","type":"page","link":"https:\/\/demo8.thuythu.com\/plasticshanoi\/dang-ky-nhan-ban-tin\/","title":{"rendered":"\u0110\u0103ng k\u00fd nh\u1eadn b\u1ea3n tin"},"content":{"rendered":"","protected":false},"excerpt":{"rendered":"","protected":false},"author":1,"featured_media":0,"parent":0,"menu_order":0,"comment_status":"closed","ping_status":"closed","template":"templates\/dang-ky-nhan-tin.php","meta":[],"yoast_head":"<!-- This site is optimized with the Yoast SEO plugin v15.9 - https:\/\/yoast.com\/wordpress\/plugins\/seo\/ -->\n<title>\u0110\u0103ng k\u00fd nh\u1eadn b\u1ea3n tin - CREATIVE<\/title>\n<meta name=\"robots\" content=\"noindex, follow, max-snippet:-1, max-image-preview:large, max-video-preview:-1\" \/>\n<meta property=\"og:locale\" content=\"vi_VN\" \/>\n<meta property=\"og:type\" content=\"article\" \/>\n<meta property=\"og:title\" content=\"\u0110\u0103ng k\u00fd nh\u1eadn b\u1ea3n tin - CREATIVE\" \/>\n<meta property=\"og:url\" content=\"https:\/\/demo8.thuythu.com\/plasticshanoi\/dang-ky-nhan-ban-tin\/\" \/>\n<meta property=\"og:site_name\" content=\"CREATIVE\" \/>\n<meta property=\"article:modified_time\" content=\"2023-02-20T17:10:23+00:00\" \/>\n<meta name=\"twitter:card\" content=\"summary_large_image\" \/>\n<script type=\"application\/ld+json\" class=\"yoast-schema-graph\">{\"@context\":\"https:\/\/schema.org\",\"@graph\":[{\"@type\":\"WebSite\",\"@id\":\"https:\/\/demo8.thuythu.com\/plasticshanoi\/#website\",\"url\":\"https:\/\/demo8.thuythu.com\/plasticshanoi\/\",\"name\":\"CREATIVE\",\"description\":\"\",\"potentialAction\":[{\"@type\":\"SearchAction\",\"target\":\"https:\/\/demo8.thuythu.com\/plasticshanoi\/?s={search_term_string}\",\"query-input\":\"required name=search_term_string\"}],\"inLanguage\":\"vi\"},{\"@type\":\"WebPage\",\"@id\":\"https:\/\/demo8.thuythu.com\/plasticshanoi\/dang-ky-nhan-ban-tin\/#webpage\",\"url\":\"https:\/\/demo8.thuythu.com\/plasticshanoi\/dang-ky-nhan-ban-tin\/\",\"name\":\"\\u0110\\u0103ng k\\u00fd nh\\u1eadn b\\u1ea3n tin - CREATIVE\",\"isPartOf\":{\"@id\":\"https:\/\/demo8.thuythu.com\/plasticshanoi\/#website\"},\"datePublished\":\"2021-03-22T04:59:47+00:00\",\"dateModified\":\"2023-02-20T17:10:23+00:00\",\"breadcrumb\":{\"@id\":\"https:\/\/demo8.thuythu.com\/plasticshanoi\/dang-ky-nhan-ban-tin\/#breadcrumb\"},\"inLanguage\":\"vi\",\"potentialAction\":[{\"@type\":\"ReadAction\",\"target\":[\"https:\/\/demo8.thuythu.com\/plasticshanoi\/dang-ky-nhan-ban-tin\/\"]}]},{\"@type\":\"BreadcrumbList\",\"@id\":\"https:\/\/demo8.thuythu.com\/plasticshanoi\/dang-ky-nhan-ban-tin\/#breadcrumb\",\"itemListElement\":[{\"@type\":\"ListItem\",\"position\":1,\"item\":{\"@type\":\"WebPage\",\"@id\":\"https:\/\/demo8.thuythu.com\/plasticshanoi\/\",\"url\":\"https:\/\/demo8.thuythu.com\/plasticshanoi\/\",\"name\":\"Trang ch\\u1ee7\"}},{\"@type\":\"ListItem\",\"position\":2,\"item\":{\"@type\":\"WebPage\",\"@id\":\"https:\/\/demo8.thuythu.com\/plasticshanoi\/dang-ky-nhan-ban-tin\/\",\"url\":\"https:\/\/demo8.thuythu.com\/plasticshanoi\/dang-ky-nhan-ban-tin\/\",\"name\":\"\\u0110\\u0103ng k\\u00fd nh\\u1eadn b\\u1ea3n tin\"}}]}]}<\/script>\n<!-- \/ Yoast SEO plugin. -->","_links":{"self":[{"href":"https:\/\/demo8.thuythu.com\/plasticshanoi\/wp-json\/wp\/v2\/pages\/645"}],"collection":[{"href":"https:\/\/demo8.thuythu.com\/plasticshanoi\/wp-json\/wp\/v2\/pages"}],"about":[{"href":"https:\/\/demo8.thuythu.com\/plasticshanoi\/wp-json\/wp\/v2\/types\/page"}],"author":[{"embeddable":true,"href":"https:\/\/demo8.thuythu.com\/plasticshanoi\/wp-json\/wp\/v2\/users\/1"}],"replies":[{"embeddable":true,"href":"https:\/\/demo8.thuythu.com\/plasticshanoi\/wp-json\/wp\/v2\/comments?post=645"}],"version-history":[{"count":6,"href":"https:\/\/demo8.thuythu.com\/plasticshanoi\/wp-json\/wp\/v2\/pages\/645\/revisions"}],"predecessor-version":[{"id":3678,"href":"https:\/\/demo8.thuythu.com\/plasticshanoi\/wp-json\/wp\/v2\/pages\/645\/revisions\/3678"}],"wp:attachment":[{"href":"https:\/\/demo8.thuythu.com\/plasticshanoi\/wp-json\/wp\/v2\/media?parent=645"}],"curies":[{"name":"wp","href":"https:\/\/api.w.org\/{rel}","templated":true}]}}