{"id":590,"date":"2022-12-06T19:42:52","date_gmt":"2022-12-06T19:42:52","guid":{"rendered":"https:\/\/demo8.thuythu.com\/santex\/?post_type=product&#038;p=590"},"modified":"2022-12-22T08:48:52","modified_gmt":"2022-12-22T08:48:52","slug":"bo-o-cam-chong-chay-no-atx-france","status":"publish","type":"product","link":"https:\/\/demo8.thuythu.com\/santex\/product\/bo-o-cam-chong-chay-no-atx-france\/","title":{"rendered":"B\u1ed9 \u1ed5 c\u1eafm ch\u1ed1ng ch\u00e1y n\u1ed5  ATX\/France"},"content":{"rendered":"<p><span style=\"color: #000000;\"><strong>B\u1ed8 \u1ed4 C\u1eaeM CH\u1ed0NG CH\u00c1Y N\u1ed4 PRE 125A SERIES<br \/>\n<img loading=\"lazy\" decoding=\"async\" class=\"size-medium wp-image-866 aligncenter\" src=\"https:\/\/demo8.thuythu.com\/santex\/wp-content\/uploads\/2022\/12\/o_cam_chong_chay_no_125A_pre-300x170.jpg\" alt=\"\" width=\"300\" height=\"170\" srcset=\"https:\/\/demo8.thuythu.com\/santex\/wp-content\/uploads\/2022\/12\/o_cam_chong_chay_no_125A_pre-300x170.jpg 300w, https:\/\/demo8.thuythu.com\/santex\/wp-content\/uploads\/2022\/12\/o_cam_chong_chay_no_125A_pre-1024x581.jpg 1024w, https:\/\/demo8.thuythu.com\/santex\/wp-content\/uploads\/2022\/12\/o_cam_chong_chay_no_125A_pre-768x436.jpg 768w, https:\/\/demo8.thuythu.com\/santex\/wp-content\/uploads\/2022\/12\/o_cam_chong_chay_no_125A_pre-770x437.jpg 770w, https:\/\/demo8.thuythu.com\/santex\/wp-content\/uploads\/2022\/12\/o_cam_chong_chay_no_125A_pre-600x340.jpg 600w, https:\/\/demo8.thuythu.com\/santex\/wp-content\/uploads\/2022\/12\/o_cam_chong_chay_no_125A_pre.jpg 1433w\" sizes=\"(max-width: 300px) 100vw, 300px\" \/><br \/>\nT\u00cdNH N\u0102NG B\u1ed8 \u1ed4 C\u1eaeM CH\u1ed0NG CH\u00c1Y N\u1ed4 PRE 125A SERIES<\/strong> <\/span><br \/>\n<span style=\"color: #000000;\">Ph\u00e2n c\u1ef1c d\u01b0\u01a1ng: ch\u1ec9 c\u00e1c ph\u00edch c\u1eafm ATX c\u00f3 c\u00f9ng ki\u1ec3u d\u00e1ng, s\u1ed1 c\u1ef1c v\u00e0 \u0111\u1ecbnh m\u1ee9c ampe m\u1edbi c\u00f3 th\u1ec3 \u0111\u01b0\u1ee3c s\u1eed d\u1ee5ng v\u1edbi c\u00e1c \u1ed5 c\u1eafm n\u00e0y.<\/span><br \/>\n<span style=\"color: #000000;\">C\u00f4ng t\u1eafc ng\u1eaft k\u1ebft n\u1ed1i tr\u00ean t\u1ea3i 3 c\u1ef1c ho\u1eb7c 4 c\u1ef1c Ex \u0111\u01b0\u1ee3c n\u1ed1i li\u1ec1n v\u1edbi nhau, v\u1edbi ti\u1ebfp \u0111i\u1ec3m ng\u1eaft s\u1edbm ph\u1ee5 tr\u1ee3 &#8211; c\u00f4ng su\u1ea5t t\u1ed1i \u0111a 2,5 mm2.<\/span><br \/>\n<span style=\"color: #000000;\">Ph\u00edch c\u1eafm \u0111\u01b0\u1ee3c thi\u1ebft k\u1ebf kh\u00f3a c\u01a1 h\u1ecdc trong \u1ed5 c\u1eafm khi c\u00f4ng t\u1eafc B\u1eacT.<\/span><br \/>\n<span style=\"color: #000000;\">Tay c\u1ea7m v\u1eadn h\u00e0nh c\u00f4ng t\u1eafc c\u00f3 th\u1ec3 \u0111\u01b0\u1ee3c kh\u00f3a \u1edf v\u1ecb tr\u00ed T\u1eaeT (t\u1ed1i \u0111a 4 kh\u00f3a m\u00f3c).<\/span><br \/>\n<span style=\"color: #000000;\">Kh\u00f4ng th\u1ec3 c\u1eafm ho\u1eb7c th\u00e1o ph\u00edch c\u1eafm tr\u1eeb khi c\u00f4ng t\u1eafc \u1edf v\u1ecb tr\u00ed T\u1eaeT.<\/span><br \/>\n<strong><span style=\"color: #000000;\">TI\u00caU CHU\u1ea8N V\u1eacT LI\u1ec6U B\u1ed8 \u1ed4 C\u1eaeM CH\u1ed0NG CH\u00c1Y N\u1ed4 PRE 125A SERIES <\/span><\/strong><br \/>\n<span style=\"color: #000000;\">\u1ed4 c\u1eafm: th\u00e9p kh\u00f4ng g\u1ec9 316L;<\/span><br \/>\n<span style=\"color: #000000;\">N\u1eafp \u0111\u1eady v\u00e0 ph\u00edch c\u1eafm: polyamide.<\/span><br \/>\n<strong><span style=\"color: #000000;\">ATEX\/IECEx CERTIFICATIONS &amp; COMPLIANCES<\/span><\/strong><br \/>\n<span style=\"color: #000000;\">ATEX\/IECEx Certification<\/span><br \/>\n<span style=\"color: #000000;\">\u2022 Certification Type PC125X<\/span><br \/>\n<span style=\"color: #000000;\">\u2014 Gas: Zones 1 and 2<\/span><br \/>\n<span style=\"color: #000000;\">\u2013 Conforming to ATEX 94\/9\/CE: II 2 G<\/span><br \/>\n<span style=\"color: #000000;\">\u2013 Type of Protection: Ex de IIC<\/span><br \/>\n<span style=\"color: #000000;\">\u2013 Temperature class: T6 for Ta \u2264 +40 \u00b0C and T5 for +55 \u00b0C<\/span><br \/>\n<span style=\"color: #000000;\">\u2014 Dust: Zones 21 and 22<\/span><br \/>\n<span style=\"color: #000000;\">\u2013 Conforming to ATEX 94\/9\/CE: II 2 D<\/span><br \/>\n<span style=\"color: #000000;\">\u2013 Type of Protection: Ex tD A21<\/span><br \/>\n<span style=\"color: #000000;\">\u2013 Surface Temperature: T90 \u00b0C<\/span><br \/>\n<span style=\"color: #000000;\">\u2014 Ambient Temperature: -30 \u00b0C to +55 \u00b0C<\/span><br \/>\n<span style=\"color: #000000;\">\u2014 Index of Protection according EN\/IEC 60529: IP66<\/span><br \/>\n<span style=\"color: #000000;\">\u2014 Impact Resistance (shock): IK10<\/span><br \/>\n<span style=\"color: #000000;\">\u2014 CE Declaration of Conformity: 50218<\/span><br \/>\n<span style=\"color: #000000;\">\u2014 ATEX Certificate: LCIE 99 ATEX 6031 <\/span><br \/>\n<strong><span style=\"color: #000000;\">EURASEC Certification<\/span><\/strong><br \/>\n<span style=\"color: #000000;\">\u2014 EURASEC N\u00b0 TC RU C-FR.-05.B.00910 <\/span><br \/>\n<strong><span style=\"color: #000000;\">Others Certification<\/span><\/strong><br \/>\n<span style=\"color: #000000;\">\u2014 INMETRO Certificate: BVC11.0596<\/span><br \/>\n<strong><span style=\"color: #000000;\">QUY C\u00c1CH B\u1ed8 \u1ed4 C\u1eaeM CH\u1ed0NG CH\u00c1Y N\u1ed4 PRE 125A SERIES<br \/>\n<img loading=\"lazy\" decoding=\"async\" class=\"alignnone size-large wp-image-864\" src=\"https:\/\/demo8.thuythu.com\/santex\/wp-content\/uploads\/2022\/12\/quy_cach_o_cam_chong_chay_no_125A_pre-1024x543.jpg\" alt=\"\" width=\"847\" height=\"449\" srcset=\"https:\/\/demo8.thuythu.com\/santex\/wp-content\/uploads\/2022\/12\/quy_cach_o_cam_chong_chay_no_125A_pre-1024x543.jpg 1024w, https:\/\/demo8.thuythu.com\/santex\/wp-content\/uploads\/2022\/12\/quy_cach_o_cam_chong_chay_no_125A_pre-300x159.jpg 300w, https:\/\/demo8.thuythu.com\/santex\/wp-content\/uploads\/2022\/12\/quy_cach_o_cam_chong_chay_no_125A_pre-768x407.jpg 768w, https:\/\/demo8.thuythu.com\/santex\/wp-content\/uploads\/2022\/12\/quy_cach_o_cam_chong_chay_no_125A_pre-770x408.jpg 770w, https:\/\/demo8.thuythu.com\/santex\/wp-content\/uploads\/2022\/12\/quy_cach_o_cam_chong_chay_no_125A_pre-600x318.jpg 600w, https:\/\/demo8.thuythu.com\/santex\/wp-content\/uploads\/2022\/12\/quy_cach_o_cam_chong_chay_no_125A_pre.jpg 1188w\" sizes=\"(max-width: 847px) 100vw, 847px\" \/><br \/>\n<\/span><\/strong><\/p>\n<p><span style=\"font-weight: 400; color: #000000;\">\u0110\u1ec3 bi\u1ebft r\u00f5 h\u01a1n ho\u1eb7c c\u1ea7n t\u01b0 v\u1ea5n v\u1ec1\u00a0<\/span><a href=\"http:\/\/makgil.com\/products\/alloy-industry-co-ltd-have-grown-and-prospered-alongside-thailand-s-expeditious-industrial-expansion-for-more-than-40-years-alloy-industry-co-ltd-initially-manufactured-the-lighting-fixtures-junction-boxes-and-co\"><i><span style=\"font-weight: 400;\">thi\u1ebft b\u1ecb \u0111i\u1ec7n &amp; ph\u1ee5 ki\u1ec7n ch\u1ed1ng ch\u00e1y n\u1ed5<\/span><\/i><\/a><span style=\"color: #000000;\"><i><span style=\"font-weight: 400;\"> h\u00e3ng ATX\/France<\/span><\/i><\/span><span style=\"font-weight: 400;\"><span style=\"color: #000000;\">, Qu\u00fd kh\u00e1ch h\u00e0ng vui l\u00f2ng li\u00ean h\u1ec7 theo th\u00f4ng tin d\u01b0\u1edbi \u0111\u00e2y<\/span>:<br \/>\n<\/span><span style=\"text-decoration: underline;\"><span style=\"color: #3366ff;\"><b>C\u00d4NG TY TNHH SANTEX<br \/>\n<\/b><\/span><\/span><span style=\"font-weight: 400; color: #000000;\">\u0110\u1ecba ch\u1ec9: 18\/21 Nguy\u1ec5n V\u0103n Dung, P.6, Q. G\u00f2 V\u1ea5p, TP. H\u1ed3 Ch\u00ed Minh<br \/>\n<\/span><span style=\"font-weight: 400;\"><span style=\"color: #000000;\">\u0110i\u1ec7n tho\u1ea1i: 02866857882\u00a0 Website:<\/span>\u00a0<\/span><a href=\"http:\/\/santex.com.vn\/\"><span style=\"font-weight: 400;\">http:\/\/santex.com.vn\/<\/span><\/a><span style=\"font-weight: 400;\">\u00a0 \u00a0 \u00a0<span style=\"color: #000000;\">Email<\/span>: <\/span><a href=\"mailto:info@santex.com\"><span style=\"font-weight: 400;\">info@santex.com<\/span><\/a><span style=\"font-weight: 400;\">.vn<\/span><\/p>\n<p>&nbsp;<\/p>\n","protected":false},"excerpt":{"rendered":"<p><span style=\"color: #000000;\">Ph\u00edch c\u1eafm v\u00e0 \u1ed5 c\u1eafm \u0111\u01b0\u1ee3c s\u1eed d\u1ee5ng v\u1edbi c\u00e1c thi\u1ebft b\u1ecb \u0111i\u1ec7n c\u1ea7m tay ho\u1eb7c h\u1ec7 th\u1ed1ng thi\u1ebft b\u1ecb nh\u01b0:<\/span><br \/>\n<span style=\"color: #000000;\">&#8211; Thi\u1ebft b\u1ecb h\u00e0n c\u1eaft;<\/span><br \/>\n<span style=\"color: #000000;\">&#8211; H\u1ec7 th\u1ed1ng chi\u1ebfu s\u00e1ng;<\/span><br \/>\n<span style=\"color: #000000;\">&#8211; H\u1ec7 th\u1ed1ng b\u0103ng t\u1ea3i;<\/span><br \/>\n<span style=\"color: #000000;\">&#8211; H\u1ec7 th\u1ed1ng m\u00e1y s\u01b0\u1edfi;<\/span><br \/>\n<span style=\"color: #000000;\">&#8211; B\u1ed9 m\u00e1y ph\u00e1t \u0111\u1ed9ng c\u01a1;<\/span><br \/>\n<span style=\"color: #000000;\">&#8211; H\u1ec7 th\u1ed1ng m\u00e1y l\u1ea1nh;<\/span><br \/>\n<span style=\"color: #000000;\">&#8211; H\u1ec7 th\u1ed1ng m\u00e1y n\u00e9n kh\u00ed;<\/span><br \/>\n<span style=\"color: #000000;\">&#8211; H\u1ec7 th\u1ed1ng m\u00e1y b\u01a1m. <\/span><br \/>\n<span style=\"color: #000000;\">\u0110\u1ec3 s\u1eed d\u1ee5ng trong m\u00f4i tr\u01b0\u1eddng \u0103n m\u00f2n v\u00e0 c\u00e1c c\u00f4ng tr\u00ecnh l\u1eafp \u0111\u1eb7t thu\u1ed9c khu v\u1ef1c nguy hi\u1ec3m zone 1&amp;2; zone 21&amp;22 c\u1ee7a ng\u00e0nh d\u1ea7u kh\u00ed nh\u01b0:<\/span><br \/>\n<span style=\"color: #000000;\">&#8211; Nh\u00e0 m\u00e1y l\u1ecdc d\u1ea7u;<\/span><br \/>\n<span style=\"color: #000000;\">&#8211; Nh\u00e0 m\u00e1y h\u00f3a ch\u1ea5t v\u00e0 h\u00f3a d\u1ea7u;<\/span><br \/>\n<span style=\"color: #000000;\">&#8211; \u0110\u01b0\u1eddng \u1ed1ng;<\/span><br \/>\n<span style=\"color: #000000;\">&#8211; D\u00e0n khoan tr\u00ean b\u1edd v\u00e0 ngo\u00e0i kh\u01a1i.<\/span><br \/>\n<span style=\"color: #000000;\">&#8211; T\u00e0u LNG;<\/span><br \/>\n<span style=\"color: #000000;\">&#8211; Tr\u1ea1m m\u00e1y n\u00e9n kh\u00ed.<\/span><\/p>\n","protected":false},"featured_media":868,"comment_status":"open","ping_status":"closed","template":"","meta":[],"product_cat":[68],"product_tag":[],"acf":[],"_links":{"self":[{"href":"https:\/\/demo8.thuythu.com\/santex\/wp-json\/wp\/v2\/product\/590"}],"collection":[{"href":"https:\/\/demo8.thuythu.com\/santex\/wp-json\/wp\/v2\/product"}],"about":[{"href":"https:\/\/demo8.thuythu.com\/santex\/wp-json\/wp\/v2\/types\/product"}],"replies":[{"embeddable":true,"href":"https:\/\/demo8.thuythu.com\/santex\/wp-json\/wp\/v2\/comments?post=590"}],"wp:featuredmedia":[{"embeddable":true,"href":"https:\/\/demo8.thuythu.com\/santex\/wp-json\/wp\/v2\/media\/868"}],"wp:attachment":[{"href":"https:\/\/demo8.thuythu.com\/santex\/wp-json\/wp\/v2\/media?parent=590"}],"wp:term":[{"taxonomy":"product_cat","embeddable":true,"href":"https:\/\/demo8.thuythu.com\/santex\/wp-json\/wp\/v2\/product_cat?post=590"},{"taxonomy":"product_tag","embeddable":true,"href":"https:\/\/demo8.thuythu.com\/santex\/wp-json\/wp\/v2\/product_tag?post=590"}],"curies":[{"name":"wp","href":"https:\/\/api.w.org\/{rel}","templated":true}]}}